{"id":176,"date":"2017-12-04T16:24:38","date_gmt":"2017-12-04T15:24:38","guid":{"rendered":"http:\/\/blog.uclm.es\/grupohidrogeo\/?page_id=176"},"modified":"2017-11-22T14:51:35","modified_gmt":"2017-11-22T13:51:35","slug":"area-de-tecnicas-de-cromatografia-ionica-y-de-gasesmasas","status":"publish","type":"page","link":"https:\/\/blog.uclm.es\/grupohidrogeo\/equipamiento\/area-de-tecnicas-de-cromatografia-ionica-y-de-gasesmasas\/","title":{"rendered":"\u00c1rea de Qu\u00edmica Anal\u00edtica"},"content":{"rendered":"<p style=\"text-align: center\"><img loading=\"lazy\" decoding=\"async\" class=\"alignnone wp-image-1291 size-large\" src=\"https:\/\/blog.uclm.es\/grupohidrogeo\/wp-content\/uploads\/sites\/59\/2018\/02\/IMG_0210-1024x683.jpg\" alt=\"\" width=\"525\" height=\"350\" srcset=\"https:\/\/blog.uclm.es\/grupohidrogeo\/wp-content\/uploads\/sites\/59\/2018\/02\/IMG_0210-1024x683.jpg 1024w, https:\/\/blog.uclm.es\/grupohidrogeo\/wp-content\/uploads\/sites\/59\/2018\/02\/IMG_0210-300x200.jpg 300w, https:\/\/blog.uclm.es\/grupohidrogeo\/wp-content\/uploads\/sites\/59\/2018\/02\/IMG_0210-768x512.jpg 768w, https:\/\/blog.uclm.es\/grupohidrogeo\/wp-content\/uploads\/sites\/59\/2018\/02\/IMG_0210-1536x1024.jpg 1536w, https:\/\/blog.uclm.es\/grupohidrogeo\/wp-content\/uploads\/sites\/59\/2018\/02\/IMG_0210-2048x1365.jpg 2048w\" sizes=\"auto, (max-width: 525px) 100vw, 525px\" \/><\/p>\n<ul>\n<li>Valorador modelo 855 Robotic Titrosampler con m\u00f3dulo de conductividad 856 (Metrohm).<\/li>\n<li>Cromat\u00f3grafo i\u00f3nico modelo 930 Compact IC Flex con Detector 944 Professional 856 (Metrohm). UV\/VIS Vario y Detector 943 Professional Thermostat\/Reactor Vario (Metrohm).<\/li>\n<li>Cromat\u00f3grafo de gases 7890B con Detector de masas 5977A (Agilent)<\/li>\n<li>Analizador de Carbono Org\u00e1nico Total modelo TOC-L CSH (Shimadzu)<\/li>\n<li>HPLC Agilent\/HP 1100 Series (Hewlett Packard)<\/li>\n<li>Cromat\u00f3grafo de gases (Perkin Elmer)<\/li>\n<\/ul>\n<p><img loading=\"lazy\" decoding=\"async\" class=\"alignnone wp-image-1293 size-large\" src=\"https:\/\/blog.uclm.es\/grupohidrogeo\/wp-content\/uploads\/sites\/59\/2018\/02\/IMG_0204-1024x683.jpg\" alt=\"\" width=\"525\" height=\"350\" srcset=\"https:\/\/blog.uclm.es\/grupohidrogeo\/wp-content\/uploads\/sites\/59\/2018\/02\/IMG_0204-1024x683.jpg 1024w, https:\/\/blog.uclm.es\/grupohidrogeo\/wp-content\/uploads\/sites\/59\/2018\/02\/IMG_0204-300x200.jpg 300w, https:\/\/blog.uclm.es\/grupohidrogeo\/wp-content\/uploads\/sites\/59\/2018\/02\/IMG_0204-768x512.jpg 768w, https:\/\/blog.uclm.es\/grupohidrogeo\/wp-content\/uploads\/sites\/59\/2018\/02\/IMG_0204-1536x1024.jpg 1536w, https:\/\/blog.uclm.es\/grupohidrogeo\/wp-content\/uploads\/sites\/59\/2018\/02\/IMG_0204-2048x1365.jpg 2048w\" sizes=\"auto, (max-width: 525px) 100vw, 525px\" \/><\/p>\n","protected":false},"excerpt":{"rendered":"<p>Valorador modelo 855 Robotic Titrosampler con m\u00f3dulo de conductividad 856 (Metrohm). Cromat\u00f3grafo i\u00f3nico modelo 930 Compact IC Flex con Detector 944 Professional 856 (Metrohm). UV\/VIS Vario y Detector 943 Professional Thermostat\/Reactor Vario (Metrohm). Cromat\u00f3grafo de gases 7890B con Detector de masas 5977A (Agilent) Analizador de Carbono Org\u00e1nico Total modelo TOC-L CSH (Shimadzu) HPLC Agilent\/HP 1100 &hellip; <a href=\"https:\/\/blog.uclm.es\/grupohidrogeo\/equipamiento\/area-de-tecnicas-de-cromatografia-ionica-y-de-gasesmasas\/\" class=\"more-link\">Seguir leyendo <span class=\"screen-reader-text\">\u00c1rea de Qu\u00edmica Anal\u00edtica<\/span> <span class=\"meta-nav\">&rarr;<\/span><\/a><\/p>\n","protected":false},"author":201,"featured_media":0,"parent":33,"menu_order":4,"comment_status":"closed","ping_status":"closed","template":"","meta":{"footnotes":""},"class_list":["post-176","page","type-page","status-publish","hentry"],"_links":{"self":[{"href":"https:\/\/blog.uclm.es\/grupohidrogeo\/wp-json\/wp\/v2\/pages\/176","targetHints":{"allow":["GET"]}}],"collection":[{"href":"https:\/\/blog.uclm.es\/grupohidrogeo\/wp-json\/wp\/v2\/pages"}],"about":[{"href":"https:\/\/blog.uclm.es\/grupohidrogeo\/wp-json\/wp\/v2\/types\/page"}],"author":[{"embeddable":true,"href":"https:\/\/blog.uclm.es\/grupohidrogeo\/wp-json\/wp\/v2\/users\/201"}],"replies":[{"embeddable":true,"href":"https:\/\/blog.uclm.es\/grupohidrogeo\/wp-json\/wp\/v2\/comments?post=176"}],"version-history":[{"count":0,"href":"https:\/\/blog.uclm.es\/grupohidrogeo\/wp-json\/wp\/v2\/pages\/176\/revisions"}],"up":[{"embeddable":true,"href":"https:\/\/blog.uclm.es\/grupohidrogeo\/wp-json\/wp\/v2\/pages\/33"}],"wp:attachment":[{"href":"https:\/\/blog.uclm.es\/grupohidrogeo\/wp-json\/wp\/v2\/media?parent=176"}],"curies":[{"name":"wp","href":"https:\/\/api.w.org\/{rel}","templated":true}]}}