{"id":169,"date":"2017-11-22T14:49:34","date_gmt":"2017-11-22T13:49:34","guid":{"rendered":"http:\/\/blog.uclm.es\/grupohidrogeo\/?page_id=169"},"modified":"2017-11-22T14:49:34","modified_gmt":"2017-11-22T13:49:34","slug":"area-de-preparacion-y-manipulacion-de-muestras","status":"publish","type":"page","link":"https:\/\/blog.uclm.es\/grupohidrogeo\/equipamiento\/area-de-preparacion-y-manipulacion-de-muestras\/","title":{"rendered":"\u00c1rea de Preparaci\u00f3n y Manipulaci\u00f3n de muestras"},"content":{"rendered":"<p style=\"text-align: center\">\u00a0<img loading=\"lazy\" decoding=\"async\" class=\"aligncenter wp-image-1285 size-large\" src=\"https:\/\/blog.uclm.es\/grupohidrogeo\/wp-content\/uploads\/sites\/59\/2018\/02\/IMG_7259-1024x683.jpg\" alt=\"\" width=\"525\" height=\"350\" srcset=\"https:\/\/blog.uclm.es\/grupohidrogeo\/wp-content\/uploads\/sites\/59\/2018\/02\/IMG_7259-1024x683.jpg 1024w, https:\/\/blog.uclm.es\/grupohidrogeo\/wp-content\/uploads\/sites\/59\/2018\/02\/IMG_7259-300x200.jpg 300w, https:\/\/blog.uclm.es\/grupohidrogeo\/wp-content\/uploads\/sites\/59\/2018\/02\/IMG_7259-768x512.jpg 768w, https:\/\/blog.uclm.es\/grupohidrogeo\/wp-content\/uploads\/sites\/59\/2018\/02\/IMG_7259-1536x1024.jpg 1536w, https:\/\/blog.uclm.es\/grupohidrogeo\/wp-content\/uploads\/sites\/59\/2018\/02\/IMG_7259-2048x1365.jpg 2048w\" sizes=\"auto, (max-width: 525px) 100vw, 525px\" \/><\/p>\n<ul>\n<li>Sistemas de agua corriente potable.<\/li>\n<li>Sistemas de agua tipo I (Milli-Q) y tipo II (Elix).<\/li>\n<li>Microcentr\u00edfuga (Biofuge Heraeus), centr\u00edfugas refrigeradas de mesa (Sigma 2K15, GyroVap L) y centr\u00edfuga Beckman Coulter Avanti J-ECabinas de flujo laminar<\/li>\n<li>Ba\u00f1o termostatizado con agitaci\u00f3n New Brunswick Scientific G76D<\/li>\n<li>Estufas, agitadores orbitales y autoclaves<\/li>\n<li>Bomba de vac\u00edo y liofilizador Telstar Cryodos<\/li>\n<li>Ba\u00f1o de ultrasonidos Selecta Ultrasons<\/li>\n<li>Bomba perist\u00e1ltica Heidolph 5001<\/li>\n<li>Rotavapor Steroglass<\/li>\n<\/ul>\n","protected":false},"excerpt":{"rendered":"<p>\u00a0 Sistemas de agua corriente potable. Sistemas de agua tipo I (Milli-Q) y tipo II (Elix). Microcentr\u00edfuga (Biofuge Heraeus), centr\u00edfugas refrigeradas de mesa (Sigma 2K15, GyroVap L) y centr\u00edfuga Beckman Coulter Avanti J-ECabinas de flujo laminar Ba\u00f1o termostatizado con agitaci\u00f3n New Brunswick Scientific G76D Estufas, agitadores orbitales y autoclaves Bomba de vac\u00edo y liofilizador Telstar &hellip; <a href=\"https:\/\/blog.uclm.es\/grupohidrogeo\/equipamiento\/area-de-preparacion-y-manipulacion-de-muestras\/\" class=\"more-link\">Seguir leyendo <span class=\"screen-reader-text\">\u00c1rea de Preparaci\u00f3n y Manipulaci\u00f3n de muestras<\/span> <span class=\"meta-nav\">&rarr;<\/span><\/a><\/p>\n","protected":false},"author":201,"featured_media":0,"parent":33,"menu_order":1,"comment_status":"closed","ping_status":"closed","template":"","meta":{"footnotes":""},"class_list":["post-169","page","type-page","status-publish","hentry"],"_links":{"self":[{"href":"https:\/\/blog.uclm.es\/grupohidrogeo\/wp-json\/wp\/v2\/pages\/169","targetHints":{"allow":["GET"]}}],"collection":[{"href":"https:\/\/blog.uclm.es\/grupohidrogeo\/wp-json\/wp\/v2\/pages"}],"about":[{"href":"https:\/\/blog.uclm.es\/grupohidrogeo\/wp-json\/wp\/v2\/types\/page"}],"author":[{"embeddable":true,"href":"https:\/\/blog.uclm.es\/grupohidrogeo\/wp-json\/wp\/v2\/users\/201"}],"replies":[{"embeddable":true,"href":"https:\/\/blog.uclm.es\/grupohidrogeo\/wp-json\/wp\/v2\/comments?post=169"}],"version-history":[{"count":0,"href":"https:\/\/blog.uclm.es\/grupohidrogeo\/wp-json\/wp\/v2\/pages\/169\/revisions"}],"up":[{"embeddable":true,"href":"https:\/\/blog.uclm.es\/grupohidrogeo\/wp-json\/wp\/v2\/pages\/33"}],"wp:attachment":[{"href":"https:\/\/blog.uclm.es\/grupohidrogeo\/wp-json\/wp\/v2\/media?parent=169"}],"curies":[{"name":"wp","href":"https:\/\/api.w.org\/{rel}","templated":true}]}}