{"id":1688,"date":"2017-02-10T10:22:44","date_gmt":"2017-02-10T09:22:44","guid":{"rendered":"http:\/\/blog.uclm.es\/grupohidrogeo\/?page_id=2"},"modified":"2017-02-10T10:22:44","modified_gmt":"2017-02-10T09:22:44","slug":"pagina-ejemplo-2","status":"publish","type":"page","link":"https:\/\/blog.uclm.es\/grupohidrogeo\/quienes-somos\/pagina-ejemplo-2\/","title":{"rendered":"Investigadores"},"content":{"rendered":"<p>Juan Jos\u00e9 G\u00f3mez Alday. Director. Hidrogeoqu\u00edmica. TU<\/p>\n<p>Jos\u00e9 Antonio Fern\u00e1ndez P\u00e9rez. Gen\u00e9tica. CU<\/p>\n<p>David Sanz Mart\u00ednez. Hidrogeolog\u00eda. TU<\/p>\n<p>Yolanda Esp\u00edn Montoro. Ingeniera. Becaria Predoctoral.<\/p>\n<p>Iordanka Dountcheva. Ingeniera. Contratado Proyecto.<\/p>\n<p>Diego Salcedo Celada. M\u00e1ster. Contratado Proyecto.<\/p>\n<p>Gustavo Mart\u00ednez Couque. T\u00e9cnico Laboratorio. Contratado Proyecto.<\/p>\n<p>Zaira Castellanos Mart\u00ednez. T\u00e9cnico Laboratorio. Contratado Proyecto.<\/p>\n<p>Beatriz Toledo Galindo. T\u00e9cnico Laboratorio FEDER.<\/p>\n","protected":false},"excerpt":{"rendered":"<p>Juan Jos\u00e9 G\u00f3mez Alday. Director. Hidrogeoqu\u00edmica. TU Jos\u00e9 Antonio Fern\u00e1ndez P\u00e9rez. Gen\u00e9tica. CU David Sanz Mart\u00ednez. Hidrogeolog\u00eda. TU Yolanda Esp\u00edn Montoro. Ingeniera. Becaria Predoctoral. Iordanka Dountcheva. Ingeniera. Contratado Proyecto. Diego Salcedo Celada. M\u00e1ster. Contratado Proyecto. Gustavo Mart\u00ednez Couque. T\u00e9cnico Laboratorio. Contratado Proyecto. Zaira Castellanos Mart\u00ednez. T\u00e9cnico Laboratorio. Contratado Proyecto. Beatriz Toledo Galindo. T\u00e9cnico Laboratorio FEDER.<\/p>\n","protected":false},"author":201,"featured_media":0,"parent":293,"menu_order":1,"comment_status":"closed","ping_status":"closed","template":"","meta":{"footnotes":""},"class_list":["post-1688","page","type-page","status-publish","hentry"],"_links":{"self":[{"href":"https:\/\/blog.uclm.es\/grupohidrogeo\/wp-json\/wp\/v2\/pages\/1688","targetHints":{"allow":["GET"]}}],"collection":[{"href":"https:\/\/blog.uclm.es\/grupohidrogeo\/wp-json\/wp\/v2\/pages"}],"about":[{"href":"https:\/\/blog.uclm.es\/grupohidrogeo\/wp-json\/wp\/v2\/types\/page"}],"author":[{"embeddable":true,"href":"https:\/\/blog.uclm.es\/grupohidrogeo\/wp-json\/wp\/v2\/users\/201"}],"replies":[{"embeddable":true,"href":"https:\/\/blog.uclm.es\/grupohidrogeo\/wp-json\/wp\/v2\/comments?post=1688"}],"version-history":[{"count":0,"href":"https:\/\/blog.uclm.es\/grupohidrogeo\/wp-json\/wp\/v2\/pages\/1688\/revisions"}],"up":[{"embeddable":true,"href":"https:\/\/blog.uclm.es\/grupohidrogeo\/wp-json\/wp\/v2\/pages\/293"}],"wp:attachment":[{"href":"https:\/\/blog.uclm.es\/grupohidrogeo\/wp-json\/wp\/v2\/media?parent=1688"}],"curies":[{"name":"wp","href":"https:\/\/api.w.org\/{rel}","templated":true}]}}