{"id":164,"date":"2017-11-22T14:48:26","date_gmt":"2017-11-22T13:48:26","guid":{"rendered":"http:\/\/blog.uclm.es\/grupohidrogeo\/?page_id=164"},"modified":"2017-11-22T14:48:26","modified_gmt":"2017-11-22T13:48:26","slug":"tesis-doctorales","status":"publish","type":"page","link":"https:\/\/blog.uclm.es\/grupohidrogeo\/what-are-we-working-on\/dissemination-of-results\/tesis-doctorales\/","title":{"rendered":"Tesis Doctorales"},"content":{"rendered":"<p>Moratalla, A. (2010) <span style=\"color: #ff9900\">Evoluci\u00f3n de los contenidos en nitrato en el Sistema Mancha Oriental (SEspa\u00f1ol) como consecuencia de los cambios en el uso del suelo. Periodo <\/span><br \/>\n<span style=\"color: #ff9900\">1998-2004.<span style=\"color: #000000\">303 pp.<\/span><\/span><\/p>\n<p><img loading=\"lazy\" decoding=\"async\" class=\" wp-image-259\" src=\"https:\/\/blog.uclm.es\/grupohidrogeo\/wp-content\/uploads\/sites\/59\/2017\/11\/Minaya-141207-Residuales-042-300x225.jpg\" alt=\"\" width=\"126\" height=\"96\" srcset=\"https:\/\/blog.uclm.es\/grupohidrogeo\/wp-content\/uploads\/sites\/59\/2017\/11\/Minaya-141207-Residuales-042-300x225.jpg 300w, https:\/\/blog.uclm.es\/grupohidrogeo\/wp-content\/uploads\/sites\/59\/2017\/11\/Minaya-141207-Residuales-042-1024x768.jpg 1024w, https:\/\/blog.uclm.es\/grupohidrogeo\/wp-content\/uploads\/sites\/59\/2017\/11\/Minaya-141207-Residuales-042-768x576.jpg 768w, https:\/\/blog.uclm.es\/grupohidrogeo\/wp-content\/uploads\/sites\/59\/2017\/11\/Minaya-141207-Residuales-042-1536x1152.jpg 1536w, https:\/\/blog.uclm.es\/grupohidrogeo\/wp-content\/uploads\/sites\/59\/2017\/11\/Minaya-141207-Residuales-042-2048x1536.jpg 2048w\" sizes=\"auto, (max-width: 126px) 100vw, 126px\" \/><\/p>\n<div>Sanz-Mart\u00ednez, D. (2005). <a href=\"http:\/\/biblioteca.ucm.es\/tesis\/geo\/ucm-t28173.pdf\"><span style=\"color: #ff9900\">Contribuci\u00f3n a la caracterizaci\u00f3n geom\u00e9trica de las Unidades Hidrogeol\u00f3gicas que integran el sistema de acu\u00edferos de la Mancha oriental<\/span><\/a>. Universidad Complutense de Madrid, 224 p.<\/div>\n<div><\/div>\n","protected":false},"excerpt":{"rendered":"<p>Moratalla, A. (2010) Evoluci\u00f3n de los contenidos en nitrato en el Sistema Mancha Oriental (SEspa\u00f1ol) como consecuencia de los cambios en el uso del suelo. Periodo 1998-2004.303 pp. Sanz-Mart\u00ednez, D. (2005). Contribuci\u00f3n a la caracterizaci\u00f3n geom\u00e9trica de las Unidades Hidrogeol\u00f3gicas que integran el sistema de acu\u00edferos de la Mancha oriental. Universidad Complutense de Madrid, 224 &hellip; <a href=\"https:\/\/blog.uclm.es\/grupohidrogeo\/what-are-we-working-on\/dissemination-of-results\/tesis-doctorales\/\" class=\"more-link\">Seguir leyendo <span class=\"screen-reader-text\">Tesis Doctorales<\/span> <span class=\"meta-nav\">&rarr;<\/span><\/a><\/p>\n","protected":false},"author":201,"featured_media":0,"parent":995,"menu_order":3,"comment_status":"closed","ping_status":"closed","template":"","meta":{"footnotes":""},"class_list":["post-164","page","type-page","status-publish","hentry"],"_links":{"self":[{"href":"https:\/\/blog.uclm.es\/grupohidrogeo\/wp-json\/wp\/v2\/pages\/164","targetHints":{"allow":["GET"]}}],"collection":[{"href":"https:\/\/blog.uclm.es\/grupohidrogeo\/wp-json\/wp\/v2\/pages"}],"about":[{"href":"https:\/\/blog.uclm.es\/grupohidrogeo\/wp-json\/wp\/v2\/types\/page"}],"author":[{"embeddable":true,"href":"https:\/\/blog.uclm.es\/grupohidrogeo\/wp-json\/wp\/v2\/users\/201"}],"replies":[{"embeddable":true,"href":"https:\/\/blog.uclm.es\/grupohidrogeo\/wp-json\/wp\/v2\/comments?post=164"}],"version-history":[{"count":0,"href":"https:\/\/blog.uclm.es\/grupohidrogeo\/wp-json\/wp\/v2\/pages\/164\/revisions"}],"up":[{"embeddable":true,"href":"https:\/\/blog.uclm.es\/grupohidrogeo\/wp-json\/wp\/v2\/pages\/995"}],"wp:attachment":[{"href":"https:\/\/blog.uclm.es\/grupohidrogeo\/wp-json\/wp\/v2\/media?parent=164"}],"curies":[{"name":"wp","href":"https:\/\/api.w.org\/{rel}","templated":true}]}}