{"id":1047,"date":"2017-12-04T16:25:43","date_gmt":"2017-12-04T15:25:43","guid":{"rendered":"http:\/\/blog.uclm.es\/grupohidrogeo\/?page_id=1047&#038;lang=en"},"modified":"2023-03-03T13:37:33","modified_gmt":"2023-03-03T12:37:33","slug":"microbiology-and-molecular-biology-area","status":"publish","type":"page","link":"https:\/\/blog.uclm.es\/grupohidrogeo\/which-are-our-equipment\/microbiology-and-molecular-biology-area\/?lang=en","title":{"rendered":"Microbiology and Molecular Biology Area"},"content":{"rendered":"<ul>\n<li>Equipos de electroforesis de \u00e1cidos nucleicos y prote\u00ednas, con sistema de fotograf\u00eda y analizador de im\u00e1genes (National Electronics)<\/li>\n<li>Hornos de hibridaci\u00f3n de \u00e1cidos nucleicos<\/li>\n<li>Termociclador Perkin-Elmer<\/li>\n<li>Termociclador MJ Research<\/li>\n<li>Termocicladores Biorad y Minicycler<\/li>\n<li>Termociclador RT-PCR Applied Biosystems 7500-FAST<\/li>\n<li>Incubadora para cultivo de c\u00e9lulas con CO2<\/li>\n<li>Equipo de Biol\u00edstica (BioRad PDS-1000 Biolistic)<\/li>\n<li>Secuenciador autom\u00e1tico de ADN (Perkin Elmer Abi Prism 310)<\/li>\n<li>Laboratorio de Bioinform\u00e1tica<\/li>\n<li>Celda y fuente de alimentaci\u00f3n para electroforesis.<\/li>\n<\/ul>\n","protected":false},"excerpt":{"rendered":"<p>Equipos de electroforesis de \u00e1cidos nucleicos y prote\u00ednas, con sistema de fotograf\u00eda y analizador de im\u00e1genes (National Electronics) Hornos de hibridaci\u00f3n de \u00e1cidos nucleicos Termociclador Perkin-Elmer Termociclador MJ Research Termocicladores Biorad y Minicycler Termociclador RT-PCR Applied Biosystems 7500-FAST Incubadora para cultivo de c\u00e9lulas con CO2 Equipo de Biol\u00edstica (BioRad PDS-1000 Biolistic) Secuenciador autom\u00e1tico de ADN &hellip; <a href=\"https:\/\/blog.uclm.es\/grupohidrogeo\/which-are-our-equipment\/microbiology-and-molecular-biology-area\/?lang=en\" class=\"more-link\">Seguir leyendo <span class=\"screen-reader-text\">Microbiology and Molecular Biology Area<\/span> <span class=\"meta-nav\">&rarr;<\/span><\/a><\/p>\n","protected":false},"author":201,"featured_media":0,"parent":1010,"menu_order":5,"comment_status":"closed","ping_status":"closed","template":"","meta":{"footnotes":""},"class_list":["post-1047","page","type-page","status-publish","hentry"],"_links":{"self":[{"href":"https:\/\/blog.uclm.es\/grupohidrogeo\/wp-json\/wp\/v2\/pages\/1047","targetHints":{"allow":["GET"]}}],"collection":[{"href":"https:\/\/blog.uclm.es\/grupohidrogeo\/wp-json\/wp\/v2\/pages"}],"about":[{"href":"https:\/\/blog.uclm.es\/grupohidrogeo\/wp-json\/wp\/v2\/types\/page"}],"author":[{"embeddable":true,"href":"https:\/\/blog.uclm.es\/grupohidrogeo\/wp-json\/wp\/v2\/users\/201"}],"replies":[{"embeddable":true,"href":"https:\/\/blog.uclm.es\/grupohidrogeo\/wp-json\/wp\/v2\/comments?post=1047"}],"version-history":[{"count":1,"href":"https:\/\/blog.uclm.es\/grupohidrogeo\/wp-json\/wp\/v2\/pages\/1047\/revisions"}],"predecessor-version":[{"id":1844,"href":"https:\/\/blog.uclm.es\/grupohidrogeo\/wp-json\/wp\/v2\/pages\/1047\/revisions\/1844"}],"up":[{"embeddable":true,"href":"https:\/\/blog.uclm.es\/grupohidrogeo\/wp-json\/wp\/v2\/pages\/1010"}],"wp:attachment":[{"href":"https:\/\/blog.uclm.es\/grupohidrogeo\/wp-json\/wp\/v2\/media?parent=1047"}],"curies":[{"name":"wp","href":"https:\/\/api.w.org\/{rel}","templated":true}]}}