{"id":67,"date":"2018-10-26T13:04:00","date_gmt":"2018-10-26T12:04:00","guid":{"rendered":"http:\/\/blog.uclm.es\/grupogresam\/?page_id=67"},"modified":"2018-10-26T13:04:00","modified_gmt":"2018-10-26T12:04:00","slug":"actividades-2017","status":"publish","type":"page","link":"https:\/\/blog.uclm.es\/grupogresam\/actividades-2017\/","title":{"rendered":"Actividades 2017"},"content":{"rendered":"<p><strong>DICIEMBRE<\/strong><\/p>\n<p>Seminario de Investigaci\u00f3n <i>La\u00a0pol\u00edtica espa\u00f1ola hacia el Mediterr\u00e1neo tras la\u00a0Primavera \u00e1rabe<\/i>\u00a0organizado por el GRESAM en el marco del proyecto I+D+I\u00a0 \u201cLa dimensi\u00f3n internacional de las transformaciones pol\u00edticas en el mundo arabo-isl\u00e1mico\u201d(CSO2014-52998-C3-3-P). Ministerio de Econom\u00eda y Competitividad y Fondos Feder.\u00a0El seminario tendr\u00e1 lugar los pr\u00f3ximos d\u00edas 14 y 15 de diciembre de 2017 en la Facultad de Humanidades de Toledo.<\/p>\n<p><a href=\"https:\/\/blog.uclm.es\/grupogresam\/wp-content\/uploads\/sites\/194\/2018\/12\/Seminario-Investigacion-La-politica-espanola-hacia-el-Mediterraneo-tras-la-Primavera-Arabe.pdf\">Seminario Investigaci\u00f3n La pol\u00edtica espa\u00f1ola hacia el Mediterr\u00e1neo tras la Primavera \u00c1rabe<\/a><\/p>\n<p><strong>NOVIEMBRE<\/strong><\/p>\n<p>Investigadores del GRESAM participan en el Foro sobre Investigadores del Mundo \u00c1rabe y Musulm\u00e1n que se celebrar\u00e1 en la sede Casa \u00c1rabe en Madrid los pr\u00f3ximos d\u00edas 23 y 24 de noviembre de 2017.<\/p>\n<p><a href=\"http:\/\/www.casaarabe.es\/eventos-arabes\/show\/xx-encuentro-de-fimam-en-casa-arabe-2\">Programa FIMAM 2017<\/a><\/p>\n<p>Conferencia de la profesora Isis Guerrero de la Universidad Aut\u00f3noma Metropolitana, Azcapotzalco (M\u00e9xico), impartir\u00e1 la conferencia \u00abAl-\u00c1ndalus. La (re)construcci\u00f3n de un concepto historiogr\u00e1fico\u00bb el pr\u00f3ximo martes 21 de noviembre de 2017 a las 13:00h en la Facultad de Humanidades de Toledo.<\/p>\n<p><a href=\"https:\/\/blog.uclm.es\/grupogresam\/wp-content\/uploads\/sites\/194\/2018\/12\/Cartel-Conferencia-Al-Andalus.-La-reconstruccion-de-un-concepto-historiografico.pdf\">Cartel Conferencia Al-\u00c1ndalus. La (re)construcci\u00f3n de un concepto historiogr\u00e1fico<\/a><\/p>\n<p><strong>SEPTIEMBRE<\/strong><\/p>\n<p>El profesor Gilberto Conde del Colegio de M\u00e9xico impartir\u00e1 la conferencia \u00abHacia un mapa de las minor\u00edas religiosas y culturales en Oriente Medio\u00bb el pr\u00f3ximo martes 19 de septiembre de 2017 a las 12:30h en el aula 0.1. de la Facultad de Humanidades de Toledo.<\/p>\n<p><a href=\"https:\/\/blog.uclm.es\/grupogresam\/wp-content\/uploads\/sites\/194\/2018\/12\/Cartel-Conferencia-Hacia-un-mapa-de-las-minorias-religiosas.pdf\">Cartel Conferencia Hacia un mapa de las minorias religiosas\u00a0<\/a><\/p>\n<p><strong>JUNIO<\/strong><\/p>\n<p>Miembros del GRESAM participan en el seminario\u00a0<em>Intereses energ\u00e9ticos y conformaci\u00f3n de fronteras en Oriente Medio. E<\/em>l seminario tendr\u00e1 lugar el 29 de junio de 2017 en el aula \u00a0Adam Smith, de la Facultat d\u2019Economia i Empresa, Universidad de Barcelona.\u00a0El Seminario se inserta en el marco del proyecto de investigaci\u00f3n I+D+i \u201cLa dimensi\u00f3n internacional de las transformaciones pol\u00edticas en el mundo \u00e1rabe\u201d (CSO2014-52998-C3-3-P), con la colaboraci\u00f3n del proyecto I+D+i \u201cConstruction of Identities, Gender and Artistic Creation in the Margins of the Arabness\u201d (FFI2014-58487-P).<\/p>\n<p><a href=\"https:\/\/blog.uclm.es\/grupogresam\/wp-content\/uploads\/sites\/194\/2018\/12\/Seminario-Intereses-energeticos-y-conformacion-de-fronteras-en-Oriente-Medio.pdf\">Seminario Intereses energ\u00e9ticos y conformaci\u00f3n de fronteras en Oriente Medio<\/a><\/p>\n<p><strong>MAYO<\/strong><\/p>\n<p>Miembros del GRESAM participan en el\u00a0<em>Congreso\u00a0<\/em><i>Hitos y Metodolog\u00eda de la historia de las relaciones internacionales\u00a0<\/i>con la ponencia \u00abLa base de datos integrada sobre pol\u00edtica exterior: una herramienta para el estudio de la pol\u00edtica exterior espa\u00f1ola hacia el mundo \u00e1rabe y musulm\u00e1n\u00bb, los d\u00edas 25 y 26 de mayo de 2017 en la Universidad Rey Juan Carlos de Madrid.<\/p>\n<p>Miembros del \u00a0GRESAM participan en el\u00a0<a href=\"https:\/\/ciea2017cadiz.wordpress.com\"><em>Congreso\u00a0<\/em><\/a><i><a href=\"https:\/\/ciea2017cadiz.wordpress.com\">internacional: La Espa\u00f1a actual. Cuarenta a\u00f1os de historia (1976-2016)<\/a>\u00a0<\/i>con las ponencias\u00a0<span style=\"font-size: 1rem\">\u201cLa respuesta de la pol\u00edtica exterior espa\u00f1ola a las revueltas antiautoritarias \u00e1rabes\u201d y\u00a0<\/span><span style=\"font-size: 1rem\">\u00abLa pol\u00edtica exterior espa\u00f1ola hacia Oriente Medio: el caso del Egipto post-Mubarak (2011-2015\u00bb, los d\u00edas 10, 11 y 12 \u00a0de mayo de 2017 en la Universidad de C\u00e1diz. El Congreso est\u00e1 organizado en colaboraci\u00f3n entre la Asociaci\u00f3n de Historia Actual, la Asociaci\u00f3n de Historiadores del Presente y el Grupo de Estudios de Historia Actual de la Universidad de C\u00e1diz.<\/span><\/p>\n<p><strong>ABRIL<\/strong><\/p>\n<p>Investigadores del GRESAM participan en el Seminario de Primavera <em>Cambio religioso y secularizaci\u00f3n en Espa\u00f1a entre los siglos XX y XXI<\/em> que se celebrar\u00e1 en la Facultad de Humanidades de Toledo (UCLM) del 4 al 6 de abril de 2017.<\/p>\n<p><a href=\"https:\/\/blog.uclm.es\/grupogresam\/wp-content\/uploads\/sites\/194\/2018\/12\/Seminario-Cambio_religioso.pdf\">Seminario Cambio_religioso\u00a0<\/a><\/p>\n<p>Investigadores del GRESAM participan en el Seminario de Estudios Internacionales\u00a0<i>Marruecos: Encrucijada entre el Atl\u00e1ntico y el Mediterr\u00e1neo (Siglos XV-XXI) organizado por el Profesor Porfirio Sanz en la Facultad de Letras de Ciudad Real (UCLM) el\u00a0<\/i>\u00a04 \u00a0y 5 de abril de 2017.<\/p>\n<p><strong>MARZO<\/strong><\/p>\n<p>Investigadores del GRESAM participan en el 48th Annual Meeting de la <a href=\"https:\/\/asphs.net\/wp-content\/uploads\/2017\/06\/2017-ASPHS-Program.pdf\">Association for Spanish and Portuguese Historical Studies<\/a> con el panel \u00abRepresentando la religi\u00f3n en la Espa\u00f1a Contempor\u00e1nea\u00bb. El encuentro se desarrollar\u00e1 del 16 al 18 de marzo de 2017 en la New York University (EEUU).<\/p>\n","protected":false},"excerpt":{"rendered":"<p>DICIEMBRE Seminario de Investigaci\u00f3n La\u00a0pol\u00edtica espa\u00f1ola hacia el Mediterr\u00e1neo tras la\u00a0Primavera \u00e1rabe\u00a0organizado por el GRESAM en el marco del proyecto I+D+I\u00a0 \u201cLa dimensi\u00f3n internacional de las transformaciones pol\u00edticas en el mundo arabo-isl\u00e1mico\u201d(CSO2014-52998-C3-3-P). Ministerio de Econom\u00eda y Competitividad y Fondos Feder.\u00a0El seminario tendr\u00e1 lugar los pr\u00f3ximos d\u00edas 14 y 15 de diciembre de 2017 en la &hellip; <\/p>\n<p class=\"link-more\"><a href=\"https:\/\/blog.uclm.es\/grupogresam\/actividades-2017\/\" class=\"more-link\">Continuar leyendo<span class=\"screen-reader-text\"> \u00abActividades 2017\u00bb<\/span><\/a><\/p>\n","protected":false},"author":284,"featured_media":0,"parent":0,"menu_order":0,"comment_status":"closed","ping_status":"closed","template":"","meta":{"footnotes":""},"class_list":["post-67","page","type-page","status-publish","hentry"],"_links":{"self":[{"href":"https:\/\/blog.uclm.es\/grupogresam\/wp-json\/wp\/v2\/pages\/67","targetHints":{"allow":["GET"]}}],"collection":[{"href":"https:\/\/blog.uclm.es\/grupogresam\/wp-json\/wp\/v2\/pages"}],"about":[{"href":"https:\/\/blog.uclm.es\/grupogresam\/wp-json\/wp\/v2\/types\/page"}],"author":[{"embeddable":true,"href":"https:\/\/blog.uclm.es\/grupogresam\/wp-json\/wp\/v2\/users\/284"}],"replies":[{"embeddable":true,"href":"https:\/\/blog.uclm.es\/grupogresam\/wp-json\/wp\/v2\/comments?post=67"}],"version-history":[{"count":0,"href":"https:\/\/blog.uclm.es\/grupogresam\/wp-json\/wp\/v2\/pages\/67\/revisions"}],"wp:attachment":[{"href":"https:\/\/blog.uclm.es\/grupogresam\/wp-json\/wp\/v2\/media?parent=67"}],"curies":[{"name":"wp","href":"https:\/\/api.w.org\/{rel}","templated":true}]}}