{"id":65,"date":"2018-10-26T13:03:49","date_gmt":"2018-10-26T12:03:49","guid":{"rendered":"http:\/\/blog.uclm.es\/grupogresam\/?page_id=65"},"modified":"2018-10-26T13:03:49","modified_gmt":"2018-10-26T12:03:49","slug":"actividades-2018","status":"publish","type":"page","link":"https:\/\/blog.uclm.es\/grupogresam\/actividades-2018\/","title":{"rendered":"Actividades 2018"},"content":{"rendered":"<p><strong>NOVIEMBRE<\/strong><\/p>\n<p>El GRESAM organiza en la Facultad de Humanidades de Toledo la conferencia \u00abLa caricatura en el mundo arabo-isl\u00e1mico: la otra cara de la sociedad\u00bb impartida por la investigadora Salud Flores Borjabad (Grupo de investigaci\u00f3n Ixbilia\/Universidad de Sevilla).&nbsp;La conferencia tendr\u00e1 lugar el pr\u00f3ximo d\u00eda 13 de noviembre 2018, a las 12:30 horas en el Aula 1.0.<\/p>\n<p><a href=\"https:\/\/blog.uclm.es\/grupogresam\/wp-content\/uploads\/sites\/194\/2018\/11\/Cartel-Caricatura-en-el-Mundo-Arabe.pdf\">Cartel Caricatura en el Mundo \u00c1rabe<\/a><\/p>\n<p>&nbsp;<\/p>\n<p><strong>OCTUBRE<\/strong><\/p>\n<p>Investigadores del GRESAM participan en el XXI Foro de Investigadores sobre Mundo \u00c1rabe y Musulm\u00e1n organizado por el IESA-CISC\/Casa \u00c1rabe en la ciudad de C\u00f3rdoba los d\u00edas 25 y 26 de octubre de 2018.<\/p>\n<p>&nbsp;<\/p>\n<p><strong>JULIO<\/strong><\/p>\n<p>Investigadores del GRESAM participar\u00e1n en el World Congress for Middle Eastern Studies (WOCMES). El Congreso Mundial tendr\u00e1 lugar en Sevilla entre el 14 y 20 de julio de 2018.<\/p>\n<p><a href=\"http:\/\/wocmes2018seville.org\/web\/images\/doc\/programme\/WOCMES_program.pdf\">Programa WOCMES 2018<\/a><\/p>\n<p>&nbsp;<\/p>\n<p><strong>MAYO<\/strong><\/p>\n<p>Miembros del GRESAM y del equipo de investigaci\u00f3n <i>Crisis y procesos de cambio regional en el Norte de \u00c1frica. Sus implicaciones para Espa\u00f1a<\/i>&nbsp;es un proyecto de investigaci\u00f3n financiado por&nbsp;Ministerio de Econom\u00eda y Competitividad durante el periodo 2017-2021 (CSO2017-84949-C3-3-P) participan en T\u00fanez como observadores en las elecciones &nbsp;del 6 de mayo de 2018.<\/p>\n<p>&nbsp;<\/p>\n<p><strong>ABRIL<\/strong><\/p>\n<p>El profesor Youssef Akmir de la Universidad Ibn Zohr de A\u00f1adir (Marruecos) impartir\u00e1 la conferencia \u00abEspa\u00f1a y la cuesti\u00f3n de Marruecos\u00bb el pr\u00f3ximo martes 10 de abril de 2018 a las 10:30 en el Aula 0.1. de la Facultad de Humanidades de Toledo.<\/p>\n<p><a href=\"https:\/\/blog.uclm.es\/grupogresam\/wp-content\/uploads\/sites\/194\/2018\/04\/Cartel-Conferencia-Espana-y-la-cuestion-de-Marruecos-1860-1912.pdf\">Cartel Conferencia Espa\u00f1a y la cuesti\u00f3n de Marruecos 1860 1912<\/a><br \/>\nEsta conferencia se inserta dentro del ciclo <em>Relaciones Hispano-Magreb\u00edes<\/em><\/p>\n<p>&nbsp;<\/p>\n<p><strong>MARZO<\/strong><\/p>\n<p>El pr\u00f3ximo martes 13 de marzo de 2018 tendr\u00e1 lugar la conferencia <em>Relaciones hispano-argelinas: un recibo hist\u00f3rico<\/em> a cargo del profesor Salah Eddine Salhi de la Universidad de Tlemecen (Argelia), en el aula 0.1. de la Facultad de Humanidades.<br \/>\nEsta conferencia se inserta dentro del ciclo <em>Relaciones Hispano-Magreb\u00edes<\/em><\/p>\n<p><a href=\"https:\/\/blog.uclm.es\/grupogresam\/wp-content\/uploads\/sites\/194\/2018\/10\/Cartel-conferencia-Relaciones-Hispano-Agelinas.-Un-recorrido-historico.pdf\">Cartel conferencia Relaciones Hispano-Agelinas. Un recorrido hist\u00f3rico<\/a><\/p>\n","protected":false},"excerpt":{"rendered":"<p>NOVIEMBRE El GRESAM organiza en la Facultad de Humanidades de Toledo la conferencia \u00abLa caricatura en el mundo arabo-isl\u00e1mico: la otra cara de la sociedad\u00bb impartida por la investigadora Salud Flores Borjabad (Grupo de investigaci\u00f3n Ixbilia\/Universidad de Sevilla).&nbsp;La conferencia tendr\u00e1 lugar el pr\u00f3ximo d\u00eda 13 de noviembre 2018, a las 12:30 horas en el Aula &hellip; <\/p>\n<p class=\"link-more\"><a href=\"https:\/\/blog.uclm.es\/grupogresam\/actividades-2018\/\" class=\"more-link\">Continuar leyendo<span class=\"screen-reader-text\"> \u00abActividades 2018\u00bb<\/span><\/a><\/p>\n","protected":false},"author":284,"featured_media":0,"parent":0,"menu_order":0,"comment_status":"closed","ping_status":"closed","template":"","meta":{"footnotes":""},"class_list":["post-65","page","type-page","status-publish","hentry"],"_links":{"self":[{"href":"https:\/\/blog.uclm.es\/grupogresam\/wp-json\/wp\/v2\/pages\/65","targetHints":{"allow":["GET"]}}],"collection":[{"href":"https:\/\/blog.uclm.es\/grupogresam\/wp-json\/wp\/v2\/pages"}],"about":[{"href":"https:\/\/blog.uclm.es\/grupogresam\/wp-json\/wp\/v2\/types\/page"}],"author":[{"embeddable":true,"href":"https:\/\/blog.uclm.es\/grupogresam\/wp-json\/wp\/v2\/users\/284"}],"replies":[{"embeddable":true,"href":"https:\/\/blog.uclm.es\/grupogresam\/wp-json\/wp\/v2\/comments?post=65"}],"version-history":[{"count":0,"href":"https:\/\/blog.uclm.es\/grupogresam\/wp-json\/wp\/v2\/pages\/65\/revisions"}],"wp:attachment":[{"href":"https:\/\/blog.uclm.es\/grupogresam\/wp-json\/wp\/v2\/media?parent=65"}],"curies":[{"name":"wp","href":"https:\/\/api.w.org\/{rel}","templated":true}]}}