{"id":288,"date":"2010-02-05T09:59:23","date_gmt":"2010-02-05T08:59:23","guid":{"rendered":"http:\/\/blog.uclm.es\/grupogresam\/?page_id=288"},"modified":"2010-02-05T09:59:23","modified_gmt":"2010-02-05T08:59:23","slug":"actividades-2010","status":"publish","type":"page","link":"https:\/\/blog.uclm.es\/grupogresam\/actividades-2010\/","title":{"rendered":"Actividades 2010"},"content":{"rendered":"<p><strong>NOVIEMBRE<\/strong><\/p>\n<p>El profesor Fernando Bravo L\u00f3pez impartir\u00e1 la conferencia \u00abIslamofobia. El prejuicio anti-musulm\u00e1n en la l<em>ongue dur\u00e9e<\/em>\u00bb el pr\u00f3ximo martes 23 de noviembre de 2010 a las 12:30h en el Aula 1.1. de la Facultad de Humanidades de Toledo.<\/p>\n<p><a href=\"https:\/\/blog.uclm.es\/grupogresam\/wp-content\/uploads\/sites\/194\/2018\/12\/Conferencia-Islamofobia.pdf\">Conferencia Islamofobia\u00a0<\/a><\/p>\n<p><strong>JUNIO<\/strong><\/p>\n<p>El VIII Simposio Hispano-Ruso. Alianza de Civilizaciones: Ruisa y Espa\u00f1a y sus retos de vencidas tendr\u00e1 lugar el 17 y 18 de junio de 2010 en la sala de Prensa, Edificio de San Pedro Martir, Toledo, Universidad de Castilla-La Mancha.<\/p>\n<p><strong>MARZO<\/strong><\/p>\n<header class=\"entry-header\"><\/header>\n<p><span style=\"color: #ffffff\"><strong>MARZO<\/strong><\/span><\/p>\n<p>El profesor Tilman \u00a0L\u00fcdke de la University of Fribourg impartir\u00e1 la conferencia \u00abThe Caliphate in World War I Contested between Turks and Arabs?\u00bb el pr\u00f3ximo lunes 22 de marzo de 2010 en el aula 2.0. de la Facultad de Humanidades de Toledo.<\/p>\n<p><a href=\"https:\/\/blog.uclm.es\/grupogresam\/wp-content\/uploads\/sites\/194\/2018\/12\/Conferencia-The-Califate-in-Wold-War-I.pdf\">Conferencia The Califate in Wold War I\u00a0<\/a><\/p>\n<p>Del 22 al 25 de marzo se celebrar\u00e1 el <em>Seminario: Religiones y laicidad. Debates para el siglo XXI \u00a0en el Sal\u00f3n de Actos de la Facultad de Humanidades de Toledo<\/em><\/p>\n<p><a href=\"http:\/\/blog.uclm.es\/grupogresam\/?s=laicidad\">Seminario: Religi\u00f3n y laicidad\u00a0<\/a><\/p>\n<p><strong>FEBRERO<\/strong><\/p>\n<p>La investigadora \u00a0\u00c1ngela Su\u00e1rez del Taller de Estudios Internacionales del Mediterr\u00e1neo de la Universidad Aut\u00f3noma de Madrid impartir\u00e1 la conferencia \u00abMovimientos \u00e9tnicos frente al modelo del Estado-Naci\u00f3n: Ber\u00e9rebes en Marruecos y Kurdos en Turqu\u00eda\u00bb el pr\u00f3ximo 16 de febrero de 2010 en el aula 2.0 de la Facultad de Humanidades de Toledo a las 16:00h.<\/p>\n","protected":false},"excerpt":{"rendered":"<p>NOVIEMBRE El profesor Fernando Bravo L\u00f3pez impartir\u00e1 la conferencia \u00abIslamofobia. El prejuicio anti-musulm\u00e1n en la longue dur\u00e9e\u00bb el pr\u00f3ximo martes 23 de noviembre de 2010 a las 12:30h en el Aula 1.1. de la Facultad de Humanidades de Toledo. Conferencia Islamofobia\u00a0 JUNIO El VIII Simposio Hispano-Ruso. Alianza de Civilizaciones: Ruisa y Espa\u00f1a y sus retos &hellip; <\/p>\n<p class=\"link-more\"><a href=\"https:\/\/blog.uclm.es\/grupogresam\/actividades-2010\/\" class=\"more-link\">Continuar leyendo<span class=\"screen-reader-text\"> \u00abActividades 2010\u00bb<\/span><\/a><\/p>\n","protected":false},"author":284,"featured_media":0,"parent":0,"menu_order":0,"comment_status":"closed","ping_status":"closed","template":"","meta":{"footnotes":""},"class_list":["post-288","page","type-page","status-publish","hentry"],"_links":{"self":[{"href":"https:\/\/blog.uclm.es\/grupogresam\/wp-json\/wp\/v2\/pages\/288","targetHints":{"allow":["GET"]}}],"collection":[{"href":"https:\/\/blog.uclm.es\/grupogresam\/wp-json\/wp\/v2\/pages"}],"about":[{"href":"https:\/\/blog.uclm.es\/grupogresam\/wp-json\/wp\/v2\/types\/page"}],"author":[{"embeddable":true,"href":"https:\/\/blog.uclm.es\/grupogresam\/wp-json\/wp\/v2\/users\/284"}],"replies":[{"embeddable":true,"href":"https:\/\/blog.uclm.es\/grupogresam\/wp-json\/wp\/v2\/comments?post=288"}],"version-history":[{"count":0,"href":"https:\/\/blog.uclm.es\/grupogresam\/wp-json\/wp\/v2\/pages\/288\/revisions"}],"wp:attachment":[{"href":"https:\/\/blog.uclm.es\/grupogresam\/wp-json\/wp\/v2\/media?parent=288"}],"curies":[{"name":"wp","href":"https:\/\/api.w.org\/{rel}","templated":true}]}}