{"id":1721,"date":"2024-03-14T16:48:37","date_gmt":"2024-03-14T16:48:37","guid":{"rendered":"https:\/\/blog.uclm.es\/grupogresam\/?page_id=1721"},"modified":"2024-03-15T10:08:36","modified_gmt":"2024-03-15T10:08:36","slug":"proyecto-el-vinculo-entre-lo-domestico-y-lo-internacional-en-el-norte-de-africa","status":"publish","type":"page","link":"https:\/\/blog.uclm.es\/grupogresam\/proyecto-el-vinculo-entre-lo-domestico-y-lo-internacional-en-el-norte-de-africa\/","title":{"rendered":"Proyecto: El v\u00ednculo entre lo dom\u00e9stico y lo internacional en el norte de \u00c1frica"},"content":{"rendered":"\n<p><em>El v\u00ednculo entre lo dom\u00e9stico y lo internacional en el norte de \u00c1frica: reg\u00edmenes pol\u00edticos, din\u00e1micas socioecon\u00f3micas y relaciones exteriores<\/em> (2022-GRIN-34233), est\u00e1 financiado por el Plan Propio de Investigaci\u00f3n de la Universidad de Castilla-La Mancha y cofinanciado por el Fondo Europeo de Desarrollo Regional (FEDER).<\/p>\n\n\n\n<p><strong>Actividades organizadas <\/strong><\/p>\n\n\n\n<p>2024, 7 de  marzo. <a href=\"http:\/\/blog.uclm.es\/grupogresam\/2024\/02\/27\/seminario-investigacion-el-norte-de-africa-y-la-cuestion-palestina-dinamicas-sociales-y-politicas\/\">Seminario de investigaci\u00f3n El norte de \u00c1frica y la cuesti\u00f3n Palestina. Din\u00e1micas sociales y pol\u00edticas<\/a>. <\/p>\n\n\n\n<p>2023, 24 de noviembre. <a href=\"http:\/\/blog.uclm.es\/grupogresam\/2023\/11\/14\/seminario-el-norte-de-africa-crisis-retos-y-posicion-internacional-el-vinculo-entre-lo-domestico-y-lo-internacional\/\">Seminario el norte de \u00c1frica: crisis, retos y posici\u00f3n internacional. El v\u00ednculo entre lo dom\u00e9stico y lo internacional<\/a>.<\/p>\n\n\n\n<p><\/p>\n\n\n\n<p><\/p>\n\n\n\n<p><strong>Participaci\u00f3n en jornadas, seminarios, congresos, foros&#8230;<\/strong> <\/p>\n\n\n\n<p>2023. Hernando de Larramendi, Miguel, Presentaci\u00f3n <em>Seminario Internacional: La pol\u00edtica del interregno. Conversiones en la multipolaridad<\/em>,<em> sesi\u00f3n dedicada a La cuesti\u00f3n de Palestina despu\u00e9s de la batalla de Gaza<\/em>. Facultad de Ciencias Jur\u00eddicas y Sociales, Universidad de Castilla-La Mancha. Toledo, 14 de diciembre.<\/p>\n\n\n\n<p>2023. Azaola Piazza, B\u00e1rbara, Comentarista <em>Seminario Internacional: La pol\u00edtica del interregno. Conversiones en la multipolaridad<\/em>,<em> sesi\u00f3n dedicada a La cuesti\u00f3n de Palestina despu\u00e9s de la batalla de Gaza<\/em>. Facultad de Ciencias Jur\u00eddicas y Sociales, Universidad de Castilla-La Mancha. Toledo, 14 de diciembre.<\/p>\n\n\n\n<p>2023.  Gonz\u00e1lez Gonz\u00e1lez, Irene, \u00abEl papel social de la prensa en tiempo de conflicto: la provincia de Toledo y el desastre de Annual\u00bb en <em>XXV Encuentro FIMAM<\/em>,  Instituto Europeo del Mediterr\u00e1neo IEMed. Barcelona, 16 de noviembre.<\/p>\n\n\n\n<p>2023. Hernando de Larramendi, Miguel, \u00abMesa redonda: De Rabat a Kabul (pasando por Gaza): comprender Oriente Medio y el Norte de \u00c1frica en la actualidad\u00bb, en <em>XXV Encuentro FIMAM<\/em>,  Instituto Europeo del Mediterr\u00e1neo IEMed. Barcelona, 16 de noviembre.<\/p>\n\n\n\n<p>2023. Hernando de Larramendi, Miguel, \u00abLa crisis como recurso. El caso de la pol\u00edtica exterior marroqu\u00ed\u00bb, en <em>XXV Encuentro FIMAM<\/em>,  Instituto Europeo del Mediterr\u00e1neo IEMed. Barcelona, 17 de noviembre.<\/p>\n\n\n\n<p>2023. Azaola Piazza, B\u00e1rbara, \u00abDiez a\u00f1os de Al Sisi en el poder: consolidaci\u00f3n del autoritarismo y agudizaci\u00f3n de la crisis econ\u00f3mica\u00bb, en <em>XXV Encuentro FIMAM<\/em>,  Instituto Europeo del Mediterr\u00e1neo IEMed. Barcelona, 17 de noviembre.<\/p>\n\n\n\n<p><\/p>\n\n\n\n<p><strong>Publicaciones<\/strong><\/p>\n\n\n\n<p>2024. Thieux, Laurence; Olmo G\u00f3mez, Alicia y Hernando de Larramendi, Miguel, \u00abAcci\u00f3n colectiva, protestas y movimientos sociales en Argelia. De las presencia Bouteflika a las movilizaciones Post-Hirak (1999-2022)\u00bb, en Carmelo P\u00e9rez Beltr\u00e1n, <em>Din\u00e1micas de protestas en el mundo \u00e1rabe desafiando los reg\u00edmenes autoritarios, <\/em>EUG, pp. 165-192.<\/p>\n\n\n\n<p>2024. Azaola Piazza, B\u00e1rbara, \u00abMovilizaciones sociales en Egipto: de Mubarak a Al-Sisi (2000-2023)\u00bb, en Carmelo P\u00e9rez Beltr\u00e1n, <em>Din\u00e1micas de protestas en el mundo \u00e1rabe desafiando los reg\u00edmenes autoritarios, <\/em>EUG, pp. 253-278.<\/p>\n\n\n\n<p>2023. Miguel Hernando de Larramendi y Beatriz Tom\u00e9, coordinaci\u00f3n del monogr\u00e1fico \u201c\u00c9lites pol\u00edticas y legitimaci\u00f3n en el Norte de \u00c1frica: la conexi\u00f3n entre lo dom\u00e9stico y lo internacional\u201d,\u00a0<em><a href=\"https:\/\/www.cidob.org\/es\/publicaciones\/serie_de_publicacion\/revista_cidob_d_afers_internacionals\">Revista Cidob d\u2019afers internacionals<\/a><\/em>, n\u00ba 135. <\/p>\n\n\n\n<p> <\/p>\n\n\n\n<figure class=\"wp-block-image size-large\"><img loading=\"lazy\" decoding=\"async\" width=\"1024\" height=\"129\" src=\"https:\/\/blog.uclm.es\/grupogresam\/wp-content\/uploads\/sites\/194\/2024\/03\/Logos-proyecto-1024x129.png\" alt=\"\" class=\"wp-image-1727\" srcset=\"https:\/\/blog.uclm.es\/grupogresam\/wp-content\/uploads\/sites\/194\/2024\/03\/Logos-proyecto-1024x129.png 1024w, https:\/\/blog.uclm.es\/grupogresam\/wp-content\/uploads\/sites\/194\/2024\/03\/Logos-proyecto-300x38.png 300w, https:\/\/blog.uclm.es\/grupogresam\/wp-content\/uploads\/sites\/194\/2024\/03\/Logos-proyecto-768x97.png 768w, https:\/\/blog.uclm.es\/grupogresam\/wp-content\/uploads\/sites\/194\/2024\/03\/Logos-proyecto-1536x193.png 1536w, https:\/\/blog.uclm.es\/grupogresam\/wp-content\/uploads\/sites\/194\/2024\/03\/Logos-proyecto-2048x258.png 2048w\" sizes=\"auto, (max-width: 767px) 89vw, (max-width: 1000px) 54vw, (max-width: 1071px) 543px, 580px\" \/><\/figure>\n","protected":false},"excerpt":{"rendered":"<p>El v\u00ednculo entre lo dom\u00e9stico y lo internacional en el norte de \u00c1frica: reg\u00edmenes pol\u00edticos, din\u00e1micas socioecon\u00f3micas y relaciones exteriores (2022-GRIN-34233), est\u00e1 financiado por el Plan Propio de Investigaci\u00f3n de la Universidad de Castilla-La Mancha y cofinanciado por el Fondo Europeo de Desarrollo Regional (FEDER). Actividades organizadas 2024, 7 de marzo. Seminario de investigaci\u00f3n El &hellip; <\/p>\n<p class=\"link-more\"><a href=\"https:\/\/blog.uclm.es\/grupogresam\/proyecto-el-vinculo-entre-lo-domestico-y-lo-internacional-en-el-norte-de-africa\/\" class=\"more-link\">Continuar leyendo<span class=\"screen-reader-text\"> \u00abProyecto: El v\u00ednculo entre lo dom\u00e9stico y lo internacional en el norte de \u00c1frica\u00bb<\/span><\/a><\/p>\n","protected":false},"author":284,"featured_media":0,"parent":0,"menu_order":0,"comment_status":"closed","ping_status":"closed","template":"","meta":{"footnotes":""},"class_list":["post-1721","page","type-page","status-publish","hentry"],"_links":{"self":[{"href":"https:\/\/blog.uclm.es\/grupogresam\/wp-json\/wp\/v2\/pages\/1721","targetHints":{"allow":["GET"]}}],"collection":[{"href":"https:\/\/blog.uclm.es\/grupogresam\/wp-json\/wp\/v2\/pages"}],"about":[{"href":"https:\/\/blog.uclm.es\/grupogresam\/wp-json\/wp\/v2\/types\/page"}],"author":[{"embeddable":true,"href":"https:\/\/blog.uclm.es\/grupogresam\/wp-json\/wp\/v2\/users\/284"}],"replies":[{"embeddable":true,"href":"https:\/\/blog.uclm.es\/grupogresam\/wp-json\/wp\/v2\/comments?post=1721"}],"version-history":[{"count":5,"href":"https:\/\/blog.uclm.es\/grupogresam\/wp-json\/wp\/v2\/pages\/1721\/revisions"}],"predecessor-version":[{"id":1730,"href":"https:\/\/blog.uclm.es\/grupogresam\/wp-json\/wp\/v2\/pages\/1721\/revisions\/1730"}],"wp:attachment":[{"href":"https:\/\/blog.uclm.es\/grupogresam\/wp-json\/wp\/v2\/media?parent=1721"}],"curies":[{"name":"wp","href":"https:\/\/api.w.org\/{rel}","templated":true}]}}