{"id":171,"date":"2014-02-01T16:41:34","date_gmt":"2014-02-01T15:41:34","guid":{"rendered":"http:\/\/blog.uclm.es\/grupogresam\/?page_id=171"},"modified":"2014-02-01T16:41:34","modified_gmt":"2014-02-01T15:41:34","slug":"cambio-religioso-en-espana-secularizacion-diversidad-religiosa-e-islam","status":"publish","type":"page","link":"https:\/\/blog.uclm.es\/grupogresam\/cambio-religioso-en-espana-secularizacion-diversidad-religiosa-e-islam\/","title":{"rendered":"Cambio religioso en Espa\u00f1a. Secularizaci\u00f3n, diversidad religiosa e Islam"},"content":{"rendered":"<p><em>Cambio Religioso en Espa\u00f1a. Secularizaci\u00f3n, diversidad religiosa e Islam<\/em> es un proyecto de investigaci\u00f3n financiado por la Junta de Comunidades de Castilla-La Mancha durante el periodo 2014-2017 (PPII-2014-020-P).<\/p>\n<p>El proyecto est\u00e1 dirigido por <a href=\"http:\/\/blog.uclm.es\/grupogresam\/?page_id=35\">Miguel Hernando de Larramendi<\/a> y cuenta con la participaci\u00f3n de una serie de investigadores del GRESAM adscritos a la UCLM y con docentes e investigadores de universidades, centros de investigaci\u00f3n y organismos nacionales.<\/p>\n<h1><strong>Miembros del equipo<\/strong><\/h1>\n<p><a href=\"http:\/\/blog.uclm.es\/grupogresam\/?page_id=35\">Miguel Hernando de Larramendi<\/a><\/p>\n<p>Julio de la Cueva Merino<\/p>\n<p><a href=\"http:\/\/blog.uclm.es\/grupogresam\/?page_id=37\">B\u00e1rbara Azaola Piazza<\/a><\/p>\n<p>Alberto Gonz\u00e1lez Gonz\u00e1lez<\/p>\n<p><a href=\"http:\/\/blog.uclm.es\/grupogresam\/?page_id=41\">Irene Gonz\u00e1lez Gonz\u00e1lez<\/a><\/p>\n<p>Thierry Desrues (CSIC)<\/p>\n<p><a href=\"http:\/\/blog.uclm.es\/grupogresam\/?page_id=189\">Ana I. Planet Contreras<\/a> (UAM)<\/p>\n<p><a href=\"http:\/\/blog.uclm.es\/grupogresam\/?page_id=191\">Puerto Garc\u00eda Ort\u00edz<\/a> (Fundaci\u00f3n Pluralismo y Convivencia)<\/p>\n<p>Rita Gomes Faria (Fundaci\u00f3n Pluralismo y Convivencia)<\/p>\n<h1><strong>Difusi\u00f3n de resultados\u00a0<\/strong><\/h1>\n<p><strong>Publicaciones<\/strong><\/p>\n<p><img loading=\"lazy\" decoding=\"async\" class=\"size-medium wp-image-249 aligncenter\" src=\"https:\/\/blog.uclm.es\/grupogresam\/wp-content\/uploads\/sites\/194\/2018\/12\/Portada-Encrucijadas-194x300.jpg\" alt=\"\" width=\"194\" height=\"300\" srcset=\"https:\/\/blog.uclm.es\/grupogresam\/wp-content\/uploads\/sites\/194\/2018\/12\/Portada-Encrucijadas-194x300.jpg 194w, https:\/\/blog.uclm.es\/grupogresam\/wp-content\/uploads\/sites\/194\/2018\/12\/Portada-Encrucijadas.jpg 336w\" sizes=\"auto, (max-width: 194px) 100vw, 194px\" \/><\/p>\n<p>Cueva Merino, Julio; Hernando de Larramendi, Miguel, y Planet, I. Ana (eds.),\u00a0<em><a href=\"https:\/\/www.comares.com\/libro\/encrucijadas-del-cambio-religioso-en-espana_88648\/\">Encrucijadas del cambio religioso en Espa\u00f1a. Secularizaci\u00f3n, cristianismo e islam<\/a>,\u00a0<\/em>Comares, Madrid, 2018.<\/p>\n<p><strong>Seminarios<\/strong><\/p>\n<p>Seminario de Primavera <em>Cambio religioso y secularizaci\u00f3n en Espa\u00f1a entre los siglos XX y XXI<\/em>\u00a0celebrado en la Facultad de Humanidades de Toledo (UCLM) del 4 al 6 de abril de 2017.\u00a0<a href=\"https:\/\/blog.uclm.es\/grupogresam\/wp-content\/uploads\/sites\/194\/2018\/12\/Seminario-Cambio_religioso.pdf\">Seminario Cambio_religioso<\/a><\/p>\n<p>Participaci\u00f3n en el 48th Annual Meeting de la<span style=\"font-size: 1rem\">\u00a0<\/span><a style=\"font-size: 1rem\" href=\"https:\/\/asphs.net\/wp-content\/uploads\/2017\/06\/2017-ASPHS-Program.pdf\">Association for Spanish and Portuguese Historical Studies<\/a><span style=\"font-size: 1rem\"> con el panel \u201c<\/span><a style=\"font-size: 1rem\" href=\"http:\/\/gresam.escueladetraductores.uclm.es\/2017\/03\/08\/panel-representando-la-religion-en-la-espana-contemporanea\/\">Representando la religi\u00f3n en la Espa\u00f1a Contempor\u00e1nea<\/a><span style=\"font-size: 1rem\">\u201d del 16 al 18 de marzo de 2017 en la New York University (EEUU).<\/span><\/p>\n<p>Participaci\u00f3n en el <em>XIII Congreso de la Asociaci\u00f3n de Historia Contempor\u00e1nea: La Historia, lost in translation? <\/em>Taller 21: Religi\u00f3n, laicismo y modernidad: perspectivas transnacionales.<\/p>\n<p>Seminario de Oto\u00f1o <em>El Islam en la Espa\u00f1a Contempor\u00e1nea <\/em>celebrado\u00a0en la Facultad de Humanidades de Toledo (UCLM) del 13 al 15 de octubre de 2015.<\/p>\n<p><img loading=\"lazy\" decoding=\"async\" class=\"alignnone size-medium wp-image-236 aligncenter\" src=\"https:\/\/blog.uclm.es\/grupogresam\/wp-content\/uploads\/sites\/194\/2018\/12\/Seminario-Islam-en-la-Espana-Contemporanea-211x300.jpg\" alt=\"\" width=\"211\" height=\"300\" srcset=\"https:\/\/blog.uclm.es\/grupogresam\/wp-content\/uploads\/sites\/194\/2018\/12\/Seminario-Islam-en-la-Espana-Contemporanea-211x300.jpg 211w, https:\/\/blog.uclm.es\/grupogresam\/wp-content\/uploads\/sites\/194\/2018\/12\/Seminario-Islam-en-la-Espana-Contemporanea-722x1024.jpg 722w, https:\/\/blog.uclm.es\/grupogresam\/wp-content\/uploads\/sites\/194\/2018\/12\/Seminario-Islam-en-la-Espana-Contemporanea-768x1090.jpg 768w, https:\/\/blog.uclm.es\/grupogresam\/wp-content\/uploads\/sites\/194\/2018\/12\/Seminario-Islam-en-la-Espana-Contemporanea-1082x1536.jpg 1082w, https:\/\/blog.uclm.es\/grupogresam\/wp-content\/uploads\/sites\/194\/2018\/12\/Seminario-Islam-en-la-Espana-Contemporanea-1443x2048.jpg 1443w, https:\/\/blog.uclm.es\/grupogresam\/wp-content\/uploads\/sites\/194\/2018\/12\/Seminario-Islam-en-la-Espana-Contemporanea-scaled.jpg 1804w\" sizes=\"auto, (max-width: 211px) 100vw, 211px\" \/><\/p>\n","protected":false},"excerpt":{"rendered":"<p>Cambio Religioso en Espa\u00f1a. Secularizaci\u00f3n, diversidad religiosa e Islam es un proyecto de investigaci\u00f3n financiado por la Junta de Comunidades de Castilla-La Mancha durante el periodo 2014-2017 (PPII-2014-020-P). El proyecto est\u00e1 dirigido por Miguel Hernando de Larramendi y cuenta con la participaci\u00f3n de una serie de investigadores del GRESAM adscritos a la UCLM y con &hellip; <\/p>\n<p class=\"link-more\"><a href=\"https:\/\/blog.uclm.es\/grupogresam\/cambio-religioso-en-espana-secularizacion-diversidad-religiosa-e-islam\/\" class=\"more-link\">Continuar leyendo<span class=\"screen-reader-text\"> \u00abCambio religioso en Espa\u00f1a. Secularizaci\u00f3n, diversidad religiosa e Islam\u00bb<\/span><\/a><\/p>\n","protected":false},"author":284,"featured_media":0,"parent":0,"menu_order":0,"comment_status":"closed","ping_status":"closed","template":"","meta":{"footnotes":""},"class_list":["post-171","page","type-page","status-publish","hentry"],"_links":{"self":[{"href":"https:\/\/blog.uclm.es\/grupogresam\/wp-json\/wp\/v2\/pages\/171","targetHints":{"allow":["GET"]}}],"collection":[{"href":"https:\/\/blog.uclm.es\/grupogresam\/wp-json\/wp\/v2\/pages"}],"about":[{"href":"https:\/\/blog.uclm.es\/grupogresam\/wp-json\/wp\/v2\/types\/page"}],"author":[{"embeddable":true,"href":"https:\/\/blog.uclm.es\/grupogresam\/wp-json\/wp\/v2\/users\/284"}],"replies":[{"embeddable":true,"href":"https:\/\/blog.uclm.es\/grupogresam\/wp-json\/wp\/v2\/comments?post=171"}],"version-history":[{"count":0,"href":"https:\/\/blog.uclm.es\/grupogresam\/wp-json\/wp\/v2\/pages\/171\/revisions"}],"wp:attachment":[{"href":"https:\/\/blog.uclm.es\/grupogresam\/wp-json\/wp\/v2\/media?parent=171"}],"curies":[{"name":"wp","href":"https:\/\/api.w.org\/{rel}","templated":true}]}}