{"id":1618,"date":"2023-02-08T10:56:35","date_gmt":"2023-02-08T10:56:35","guid":{"rendered":"https:\/\/blog.uclm.es\/grupogresam\/?page_id=1618"},"modified":"2023-11-14T21:33:19","modified_gmt":"2023-11-14T21:33:19","slug":"actividades-2023","status":"publish","type":"page","link":"https:\/\/blog.uclm.es\/grupogresam\/actividades-2023\/","title":{"rendered":"Actividades 2023"},"content":{"rendered":"\n<p><strong>Febrero<\/strong><\/p>\n\n\n\n<p>La profesora Dra. Indira S\u00e1nchez Bernal del Departamento de Ciencia Pol\u00edtica y Relaciones Internacionales del Tecnol\u00f3gico de Monterrey, Ciudad de M\u00e9xico\u201d impartir\u00e1 la conferencia \u201cLas mujeres de Moulay Bousselham (Marruecos) desde los m\u00e1rgenes: entre la precariedad laboral y la acumulaci\u00f3n por desposesi\u00f3n\u201d. La conferencia est\u00e1 organizada por el Grupo de Estudios sobre las sociedades \u00e1rabes y musulmanas (GRESAM-UCL ) y tendr\u00e1 lugar el martes 14 de febrero de 2023 a las 10:30h en la Facultad de Humanidades de Toledo.<\/p>\n\n\n\n<p><strong>Noviembre<\/strong><\/p>\n\n\n\n<p>El GRESAM participa en el XXV Encuentro del FIMAM en Barcelona del 15 al 17 de noviembre de 2023  en el Instituto Europeo del Mediterr\u00e1neo IEMed. <\/p>\n\n\n\n<p>Seminario. El Norte de \u00c1frica: crisis, retos y posici\u00f3n internacional. El v\u00ednculo entre lo dom\u00e9stico y lo internacional. Madrid 24 de noviembre de 2023, la Facultad de Ciencias Pol\u00edticas y Sociolog\u00eda de la Universidad Complutense de Madrid.<\/p>\n","protected":false},"excerpt":{"rendered":"<p>Febrero La profesora Dra. Indira S\u00e1nchez Bernal del Departamento de Ciencia Pol\u00edtica y Relaciones Internacionales del Tecnol\u00f3gico de Monterrey, Ciudad de M\u00e9xico\u201d impartir\u00e1 la conferencia \u201cLas mujeres de Moulay Bousselham (Marruecos) desde los m\u00e1rgenes: entre la precariedad laboral y la acumulaci\u00f3n por desposesi\u00f3n\u201d. La conferencia est\u00e1 organizada por el Grupo de Estudios sobre las sociedades &hellip; <\/p>\n<p class=\"link-more\"><a href=\"https:\/\/blog.uclm.es\/grupogresam\/actividades-2023\/\" class=\"more-link\">Continuar leyendo<span class=\"screen-reader-text\"> \u00abActividades 2023\u00bb<\/span><\/a><\/p>\n","protected":false},"author":284,"featured_media":0,"parent":0,"menu_order":0,"comment_status":"closed","ping_status":"closed","template":"","meta":{"footnotes":""},"class_list":["post-1618","page","type-page","status-publish","hentry"],"_links":{"self":[{"href":"https:\/\/blog.uclm.es\/grupogresam\/wp-json\/wp\/v2\/pages\/1618","targetHints":{"allow":["GET"]}}],"collection":[{"href":"https:\/\/blog.uclm.es\/grupogresam\/wp-json\/wp\/v2\/pages"}],"about":[{"href":"https:\/\/blog.uclm.es\/grupogresam\/wp-json\/wp\/v2\/types\/page"}],"author":[{"embeddable":true,"href":"https:\/\/blog.uclm.es\/grupogresam\/wp-json\/wp\/v2\/users\/284"}],"replies":[{"embeddable":true,"href":"https:\/\/blog.uclm.es\/grupogresam\/wp-json\/wp\/v2\/comments?post=1618"}],"version-history":[{"count":3,"href":"https:\/\/blog.uclm.es\/grupogresam\/wp-json\/wp\/v2\/pages\/1618\/revisions"}],"predecessor-version":[{"id":1688,"href":"https:\/\/blog.uclm.es\/grupogresam\/wp-json\/wp\/v2\/pages\/1618\/revisions\/1688"}],"wp:attachment":[{"href":"https:\/\/blog.uclm.es\/grupogresam\/wp-json\/wp\/v2\/media?parent=1618"}],"curies":[{"name":"wp","href":"https:\/\/api.w.org\/{rel}","templated":true}]}}