{"id":1370,"date":"2022-09-15T17:14:22","date_gmt":"2022-09-15T16:14:22","guid":{"rendered":"https:\/\/blog.uclm.es\/grupogresam\/?page_id=1370"},"modified":"2022-09-15T17:14:22","modified_gmt":"2022-09-15T16:14:22","slug":"isis-monserrat-guerrero-moreno","status":"publish","type":"page","link":"https:\/\/blog.uclm.es\/grupogresam\/isis-monserrat-guerrero-moreno\/","title":{"rendered":"Isis Monserrat Guerrero Moreno"},"content":{"rendered":"\n<p><\/p>\n\n\n\n<div class=\"wp-block-group\"><div class=\"wp-block-group__inner-container is-layout-flow wp-block-group-is-layout-flow\">\n<div class=\"wp-block-image\"><figure class=\"alignleft size-medium is-resized\"><img loading=\"lazy\" decoding=\"async\" src=\"https:\/\/blog.uclm.es\/grupogresam\/files\/2022\/09\/Isis-Guerrero-1-300x277.png\" alt=\"\" class=\"wp-image-1374\" width=\"300\" height=\"277\" srcset=\"https:\/\/blog.uclm.es\/grupogresam\/wp-content\/uploads\/sites\/194\/2022\/09\/Isis-Guerrero-1-300x277.png 300w, https:\/\/blog.uclm.es\/grupogresam\/wp-content\/uploads\/sites\/194\/2022\/09\/Isis-Guerrero-1-1024x944.png 1024w, https:\/\/blog.uclm.es\/grupogresam\/wp-content\/uploads\/sites\/194\/2022\/09\/Isis-Guerrero-1-768x708.png 768w, https:\/\/blog.uclm.es\/grupogresam\/wp-content\/uploads\/sites\/194\/2022\/09\/Isis-Guerrero-1.png 1030w\" sizes=\"auto, (max-width: 300px) 100vw, 300px\" \/><\/figure><\/div>\n<\/div><\/div>\n\n\n\n<p><\/p>\n\n\n\n<p>Dra. Isis Monserrat Guerrero Moreno<\/p>\n\n\n\n<p><\/p>\n\n\n\n<p>Jefa de carrera de la Licenciatura en Relaciones Internacionales en la Universidad La Salle, M\u00e9xico y profesora de asignatura en la Facultad  de Filosof\u00eda y Letras de la Universidad Nacional Aut\u00f3noma de M\u00e9xico.<\/p>\n\n\n\n<p><\/p>\n\n\n\n<p><strong>L\u00edneas de investigaci\u00f3n:<\/strong> Historia, Historiograf\u00eda, Norte de \u00c1frica, T\u00fanez<\/p>\n\n\n\n<p><\/p>\n\n\n\n<p><strong>Correo electr\u00f3nico:<\/strong> Isis.guerrero@lasalle.mx<\/p>\n\n\n\n<p><\/p>\n\n\n\n<p><strong>Publicaciones destacadas:<\/strong> <\/p>\n\n\n\n<p>Guerrero Moreno, Isis Monserrat (2022), \u201cPatrimonio hist\u00f3rico de la humanidad. La Mezquita de C\u00f3rdoba como referente de m\u00faltiples discursividades\u201d en&nbsp;<em><a href=\"https:\/\/www.dykinson.com\/libros\/el-mundo-arabe-e-islamico-y-occidente-retos-de-construccion-del-conocimiento-sobre-el-otro\/9788413776422\/\">El mundo \u00e1rabe e isl\u00e1mico y Occidente retos de construcci\u00f3n del conocimiento sobre el otro<\/a><\/em>, Madrid, Dykinson, 2022.<\/p>\n\n\n\n<p>Guerrero Moreno, Isis Monserrat (2021),&nbsp;&nbsp;\u201c<a href=\"https:\/\/revistasinvestigacion.lasalle.mx\/index.php\/muxi\/article\/view\/3061\">Entrevista. Resistencia y cr\u00edtica. Comentarios de Bachir Edkhil sobre la lucha por la autodeterminaci\u00f3n saharaui<\/a>\u201d,&nbsp;<em>Revista Muuch\u00b4 X\u00edimbal. Caminemos Juntos<\/em>,&nbsp;<em>Revista de investigaci\u00f3n y Estudios Internacionales,&nbsp;<\/em>13.<\/p>\n\n\n\n<p>Guerrero Moreno, Isis Monserrat (2020),&nbsp;<strong>\u201c<\/strong><a href=\"https:\/\/revistasinvestigacion.lasalle.mx\/index.php\/muxi\/article\/view\/2748\">Qatar: visi\u00f3n 2030 y el papel de M\u00e9xico<\/a>\u201d, Revista <em>Muuch\u00b4 X\u00edimbal. Caminemos juntos,&nbsp;Revista de investigaci\u00f3n y Estudios Internacionales<\/em>, 11.<\/p>\n\n\n\n<p>Guerrero Moreno, Isis Monserrat (2019), \u201cApropiaci\u00f3n cristiana de espacios sagrados musulmanes en la pen\u00ednsula Ib\u00e9rica (S. XI-XV)\u201d, <a href=\"https:\/\/www.noticonquista.unam.mx\/amoxtli\/1773\/1771\"><em>Noticonquista<\/em><strong>.&nbsp;<\/strong>Instituto de Investigaciones Hist\u00f3ricas<\/a>, Universidad Nacional Aut\u00f3noma de M\u00e9xico.<\/p>\n\n\n\n<p>Guerrero Moreno, Isis Monserrat&nbsp;&nbsp;(2019),&nbsp;<strong>\u00ab<\/strong><a href=\"https:\/\/revistas.uam.es\/index.php\/reim\/article\/view\/reim2019.27.013\">Entre maurofobia y maurofilia, formaci\u00f3n e impacto del pensamiento historiogr\u00e1fico de Francisco Javier Simonet<\/a><strong>\u00ab,&nbsp;<\/strong><em>Revista de Estudios Internacionales Mediterr\u00e1neos,&nbsp;<\/em>N\u00b0 27.<\/p>\n\n\n\n<p>Guerrero Moreno, Isis Monserrat&nbsp;&nbsp;(2019), \u201cComentario y reflexi\u00f3n a prop\u00f3sito de&nbsp;<em>Significado y s\u00edmbolo de Al-\u00c1ndalus<\/em>\u201d,&nbsp;<em><a href=\"http:\/\/fuenteshumanisticas.azc.uam.mx\/index.php\/rfh\/article\/view\/901\/875\">Revista Fuentes Human\u00edsticas<\/a><\/em>, Volumen 30, n\u00famero 56.<\/p>\n\n\n\n<p><a href=\"https:\/\/orcid.org\/0000-0001-7766-2027\">ORCID <\/a><\/p>\n\n\n\n<p><a href=\"https:\/\/ulsa.academia.edu\/MonserratGuerrero\">Academia<\/a><\/p>\n\n\n\n<p><a href=\"https:\/\/dialnet.unirioja.es\/servlet\/autor?codigo=4950786\">Dialnet<\/a><\/p>\n\n\n\n<p><a href=\"https:\/\/www.researchgate.net\/profile\/Isis-Guerrero-Moreno\">ResearchGate<\/a><\/p>\n\n\n\n<p><\/p>\n","protected":false},"excerpt":{"rendered":"<p>Dra. Isis Monserrat Guerrero Moreno Jefa de carrera de la Licenciatura en Relaciones Internacionales en la Universidad La Salle, M\u00e9xico y profesora de asignatura en la Facultad de Filosof\u00eda y Letras de la Universidad Nacional Aut\u00f3noma de M\u00e9xico. L\u00edneas de investigaci\u00f3n: Historia, Historiograf\u00eda, Norte de \u00c1frica, T\u00fanez Correo electr\u00f3nico: Isis.guerrero@lasalle.mx Publicaciones destacadas: Guerrero Moreno, Isis &hellip; <\/p>\n<p class=\"link-more\"><a href=\"https:\/\/blog.uclm.es\/grupogresam\/isis-monserrat-guerrero-moreno\/\" class=\"more-link\">Continuar leyendo<span class=\"screen-reader-text\"> \u00abIsis Monserrat Guerrero Moreno\u00bb<\/span><\/a><\/p>\n","protected":false},"author":284,"featured_media":0,"parent":0,"menu_order":0,"comment_status":"closed","ping_status":"closed","template":"","meta":{"footnotes":""},"class_list":["post-1370","page","type-page","status-publish","hentry"],"_links":{"self":[{"href":"https:\/\/blog.uclm.es\/grupogresam\/wp-json\/wp\/v2\/pages\/1370","targetHints":{"allow":["GET"]}}],"collection":[{"href":"https:\/\/blog.uclm.es\/grupogresam\/wp-json\/wp\/v2\/pages"}],"about":[{"href":"https:\/\/blog.uclm.es\/grupogresam\/wp-json\/wp\/v2\/types\/page"}],"author":[{"embeddable":true,"href":"https:\/\/blog.uclm.es\/grupogresam\/wp-json\/wp\/v2\/users\/284"}],"replies":[{"embeddable":true,"href":"https:\/\/blog.uclm.es\/grupogresam\/wp-json\/wp\/v2\/comments?post=1370"}],"version-history":[{"count":0,"href":"https:\/\/blog.uclm.es\/grupogresam\/wp-json\/wp\/v2\/pages\/1370\/revisions"}],"wp:attachment":[{"href":"https:\/\/blog.uclm.es\/grupogresam\/wp-json\/wp\/v2\/media?parent=1370"}],"curies":[{"name":"wp","href":"https:\/\/api.w.org\/{rel}","templated":true}]}}