{"id":148,"date":"2014-09-03T16:26:47","date_gmt":"2014-09-03T16:26:47","guid":{"rendered":"http:\/\/groupgear.wordpress.com\/?page_id=148"},"modified":"2025-07-16T17:14:06","modified_gmt":"2025-07-16T17:14:06","slug":"fabio-monsalve","status":"publish","type":"page","link":"https:\/\/blog.uclm.es\/grupogear\/fabio-monsalve\/","title":{"rendered":"Fabio Monsalve"},"content":{"rendered":"<h5><img loading=\"lazy\" decoding=\"async\" class=\"wp-image-1976 size-medium alignleft\" src=\"https:\/\/blog.uclm.es\/grupogear\/wp-content\/uploads\/sites\/204\/2023\/02\/Fabio3-220x300.jpg\" alt=\"\" width=\"220\" height=\"300\" srcset=\"https:\/\/blog.uclm.es\/grupogear\/wp-content\/uploads\/sites\/204\/2023\/02\/Fabio3-220x300.jpg 220w, https:\/\/blog.uclm.es\/grupogear\/wp-content\/uploads\/sites\/204\/2023\/02\/Fabio3-750x1024.jpg 750w, https:\/\/blog.uclm.es\/grupogear\/wp-content\/uploads\/sites\/204\/2023\/02\/Fabio3-768x1049.jpg 768w, https:\/\/blog.uclm.es\/grupogear\/wp-content\/uploads\/sites\/204\/2023\/02\/Fabio3-624x852.jpg 624w, https:\/\/blog.uclm.es\/grupogear\/wp-content\/uploads\/sites\/204\/2023\/02\/Fabio3.jpg 813w\" sizes=\"auto, (max-width: 220px) 100vw, 220px\" \/>Department of Economics and Finance &#8211; GEAR Research Group<\/h5>\n<p><span style=\"color: #000000\">Address: Facultad de Ciencias Econ\u00f3micas y Empresariales, Universidad de Castilla-La Mancha.<br \/><\/span><span style=\"color: #000000\">Postal Address: Plaza de la Universidad, 1, CP: 02071, Albacete, Spain. Phone: +34926053105; Room: 3.21<\/span><\/p>\n<p>e-mail: <a href=\"mailto:Fabio.Monsalve@uclm.es\">Fabio.Monsalve@uclm.es<\/a><br \/>website: <a href=\"https:\/\/blog.uclm.es\/fabiomonsalve\/\">https:\/\/blog.uclm.es\/fabiomonsalve\/<\/a><\/p>\n<p><a href=\"https:\/\/www.researchgate.net\/profile\/Fabio_Monsalve\" target=\"_blank\" rel=\"noopener\"><img loading=\"lazy\" decoding=\"async\" class=\"alignnone wp-image-764\" src=\"https:\/\/blog.uclm.es\/grupogear\/wp-content\/uploads\/sites\/204\/2016\/11\/rg-logo.png\" alt=\"rg-logo\" width=\"41\" height=\"41\" \/>\u00a0\u00a0<\/a> <a href=\"https:\/\/www.linkedin.com\/in\/fabio-monsalve-55312793?authType=NAME_SEARCH&amp;authToken=N7hj&amp;locale=es_ES&amp;trk=tyah&amp;trkInfo=clickedVertical%3Amynetwork%2CclickedEntityId%3A331747407%2CauthType%3ANAME_SEARCH%2Cidx%3A1-1-1%2CtarId%3A1478426394096%2Ctas%3Afabio\" target=\"_blank\" rel=\"noopener\"><img loading=\"lazy\" decoding=\"async\" class=\"alignnone wp-image-763\" src=\"https:\/\/blog.uclm.es\/grupogear\/wp-content\/uploads\/sites\/204\/2016\/11\/linkedin_circle-svg.png\" alt=\"linkedin_circle-svg\" width=\"41\" height=\"41\" \/>\u00a0\u00a0<\/a> <a href=\"https:\/\/www.scopus.com\/authid\/detail.uri?origin=resultslist&amp;authorId=12761342500&amp;zone=\" target=\"_blank\" rel=\"noopener\"><img loading=\"lazy\" decoding=\"async\" class=\"alignnone wp-image-761\" src=\"https:\/\/blog.uclm.es\/grupogear\/wp-content\/uploads\/sites\/204\/2016\/11\/scopus.png\" alt=\"scopus\" width=\"42\" height=\"41\" \/>\u00a0\u00a0<\/a> <a href=\"http:\/\/orcid.org\/0000-0001-6595-2799\" target=\"_blank\" rel=\"noopener\"><img loading=\"lazy\" decoding=\"async\" class=\"alignnone wp-image-760\" src=\"https:\/\/blog.uclm.es\/grupogear\/wp-content\/uploads\/sites\/204\/2016\/11\/orcid_128x128.gif\" alt=\"orcid_128x128\" width=\"41\" height=\"41\" \/><\/a><\/p>\n<h3><strong>Research Areas:<\/strong><\/h3>\n<ul>\n<li><em>Input-Output Analysis<\/em><\/li>\n<li><em>Rural Development: European Funds and its impacts<\/em><\/li>\n<li><em>Applied General Equilibirum Models<\/em><\/li>\n<li><i>History of Economic Thought:<\/i>\n<ul>\n<li>Ethical Backgrounds<\/li>\n<li>Human Behaviour and Economic Institutions<\/li>\n<li>Preclassical Economic Thought<\/li>\n<\/ul>\n<\/li>\n<\/ul>\n<h3><strong>Scientific Publications:<\/strong><\/h3>\n\n\n<ul class=\"wp-block-list\">\n<li>Yamuza-Blanco, L., Monsalve, F., Rom\u00e1n-Collado, R., &amp; Sanz-D\u00edaz, M. T. (2025). What is behind the producer GHG emissions footprint of textile and clothing in the EU-27? An environmentally extended multi-regional input-output analysis. Ecological Economics, 237, 108697.&nbsp;<a href=\"https:\/\/www.sciencedirect.com\/science\/article\/pii\/S0921800925001806\">LINK<\/a><\/li>\n\n\n\n<li>Garc\u00eda-Alaminos, A., Zafrilla, J., &amp; Monsalve, F. (2024). Forced labour in the fashion industry: a hypothetical EU-driven reorganisation of textile value chains. Economic Systems Research, 36(3), 451-476. <a href=\"https:\/\/www.tandfonline.com\/doi\/full\/10.1080\/09535314.2024.2345096\">LINK<\/a><\/li>\n\n\n\n<li>Garc\u00eda\u2010Alaminos, \u00c1., Monsalve, F., &amp; Zafrilla, J. (2024). Disentangling social impacts in global value chains through structural path analysis: Investigating forced labor in the cotton industry. Journal of Industrial Ecology, 28(2), 303-319. <a href=\"https:\/\/onlinelibrary.wiley.com\/doi\/full\/10.1111\/jiec.13359\">LINK<\/a><\/li>\n\n\n\n<li>Garc\u00eda-Alaminos, \u00c1., Gilles, E., Monsalve, F., &amp; Zafrilla, J. (2022). Measuring a university&#8217;s environmental performance: A standardized proposal for carbon footprint assessment. Journal of Cleaner Production, 357, 131783. doi:https:\/\/doi.org\/10.1016\/j.jclepro.2022.131783 <a href=\"https:\/\/www.sciencedirect.com\/science\/article\/pii\/S0959652622013956?dgcid=coauthor\" target=\"_blank\" rel=\"noreferrer noopener\">LINK<\/a><\/li>\n\n\n\n<li>Gilles, E., Ortiz, M., Cadarso, M.-\u00c1., Monsalve, F., Jiang, X., 2021. Opportunities for city carbon footprint reductions through imports source shifting: The case of Bogota. Resources, Conservation and Recycling 172, 105684. <a href=\"https:\/\/www.sciencedirect.com\/science\/article\/pii\/S0921344921002937\" target=\"_blank\" rel=\"noreferrer noopener\">LINK<\/a><\/li>\n\n\n\n<li>Zafrilla, J., Garc\u00eda-Alaminos, \u00c1., &amp; Monsalve, F. (2020). The Sustainability Challenge of Dairy Livestock Systems. In S. Garc\u00eda-Yuste (Ed.), Sustainable and Environmentally Friendly Dairy Farms (pp. IX, 112, SpringerBriefs in Applied Sciences and Technology): Springer International Publishing <a href=\"https:\/\/link.springer.com\/book\/10.1007\/978-3-030-46060-0\" target=\"_blank\" rel=\"noreferrer noopener\">LINK<\/a><\/li>\n\n\n\n<li>Banacloche, S., Cadarso, M. \u00c1., &amp; Monsalve, F. (2020). Implications of measuring value added in exports with a regional input-output table. A case of study in South America. Structural Change and Economic Dynamics, 52, 130-140.&nbsp;<a href=\"https:\/\/doi.org\/10.1016\/j.strueco.2019.08.003\">LINK<\/a><\/li>\n\n\n\n<li>Banacloche, S., Cadarso, M. A., Monsalve, F., &amp; Lechon, Y. (2020). Assessment of the sustainability of Mexico green investments in the road to Paris. Energy Policy, 141, 111458.&nbsp;<a href=\"https:\/\/doi.org\/10.1016\/j.enpol.2020.111458\">LINK<\/a><\/li>\n\n\n\n<li>Tom\u00e1s, M., L\u00f3pez, L. A., &amp; Monsalve, F. (2020). Carbon footprint, municipality size and rurality in Spain: Inequality and carbon taxation. Journal of Cleaner Production, 266, 121798. doi:https:\/\/doi.org\/10.1016\/j.jclepro.2020.121798 <a href=\"https:\/\/www.sciencedirect.com\/science\/article\/pii\/S095965262031845X\" target=\"_blank\" rel=\"noreferrer noopener\">LINK<\/a><\/li>\n\n\n\n<li>Garc\u00eda-Alaminos, \u00c1., Monsalve, F., Zafrilla, J., &amp; Cadarso, M.-A. (2020). Unmasking social distant damage of developed regions\u2019 lifestyle: A decoupling analysis of the indecent labour footprint. PLoS ONE, 15(4) <a href=\"https:\/\/journals.plos.org\/plosone\/article?id=10.1371\/journal.pone.0228649\" target=\"_blank\" rel=\"noreferrer noopener\">LINK<\/a><\/li>\n\n\n\n<li>Zafrilla, J.-E., Arce, G., Cadarso, M.-\u00c1., C\u00f3rcoles, C., G\u00f3mez, N., L\u00f3pez, L.-A., Monsalve, F., Tobarra, M.-\u00c1., 2019. Triple bottom line analysis of the Spanish solar photovoltaic sector: A footprint assessment. Renewable and Sustainable Energy Reviews 114, 109311. <a href=\"https:\/\/www.sciencedirect.com\/science\/article\/pii\/S1364032119305192\" target=\"_blank\" rel=\"noreferrer noopener\">LINK<\/a><\/li>\n\n\n\n<li>Monsalve, F., Zafrilla, J.E., Cadarso, M.-\u00c1.,&nbsp; and Garc\u00eda-Alaminos, \u00c1. 2018. Is the emperor wearing new clothes? A social assessment of the European Union 2007\u20132013 financial framework. Economic Systems Research: 1-20 in press. <a href=\"https:\/\/www.tandfonline.com\/doi\/abs\/10.1080\/09535314.2018.1491391?journalCode=cesr20\" target=\"_blank\" rel=\"noreferrer noopener\">LINK<\/a><\/li>\n\n\n\n<li>Cadarso, M.-\u00c1., F. Monsalve, and G. Arce. 2018. Emissions burden shifting in global value chains \u2013 winners and losers under multi-regional versus bilateral accounting. Economic Systems Research: 1-23. <a href=\"http:\/\/www.tandfonline.com\/doi\/abs\/10.1080\/09535314.2018.1431768?journalCode=cesr20\" target=\"_blank\" rel=\"noreferrer noopener\">LINK<\/a><\/li>\n\n\n\n<li>Deju\u00e1n, O., J. E. Zafrilla, M. \u00c1. Tobarra, F. Monsalve, and C. C\u00f3rcoles. 2017. Decarbonizing electricity generation in the EU. Its impact on emissions and employment all over the world. In Environmental and Economic Impacts of Decarbonization. Input-Output Studies on the Consequences of the 2015 Paris Agreements, edited by O. Deju\u00e1n, et al.: Routledge -Taylor&amp;Francis Group- <a href=\"https:\/\/www.routledge.com\/Environmental-and-Economic-Impacts-of-Decarbonization-Input-Output-Studies\/Dejuan-Lenzen-Cadarso\/p\/book\/9780415787406\" target=\"_blank\" rel=\"noreferrer noopener\">LINK<\/a><\/li>\n\n\n\n<li>L\u00f3pez, L.A.,&nbsp;Arce, G., Morenate, M. and Monsalve, F. (2016): \u00abAssessing the Inequality of Spanish&nbsp;Households through the Carbon Footprint:&nbsp;The 21st Century Great Recession Effect\u00bb, Journal of Industrial Ecology (JIE), (Vol. 20, Issue 3, pp. 571\u2013581). DOI:&nbsp;10.1111\/jiec.12466<\/li>\n\n\n\n<li>G\u00f3mez, N.,&nbsp;Cadarso, M.A. and Monsalve, F. (2016): \u00abCarbon footprint of a university in a multiregional model: the case of the University of Castilla-La Mancha\u00bb,&nbsp;Journal of Cleaner Production. <em>In press<\/em>. DOI:&nbsp;<a href=\"http:\/\/dx.doi.org\/10.1016\/j.jclepro.2016.06.009\" target=\"_blank\" rel=\"noreferrer noopener\">10.1016\/j.jclepro.2016.06.009<\/a><\/li>\n\n\n\n<li>Monsalve, F.,&nbsp;Zafrilla, J.E. and&nbsp;Cadarso, M.A. (2016): \u00abWhere have all the funds gone? Multiregional input-output analysis of the European Agricultural Fund for Rural Development\u00bb,&nbsp;Ecological Economics,&nbsp;Vol. 129, pp. 62\u201371. DOI:&nbsp;<a href=\"http:\/\/dx.doi.org\/10.1016\/j.ecolecon.2016.06.006\" target=\"_blank\" rel=\"noreferrer noopener\">10.1016\/j.ecolecon.2016.06.006<\/a><\/li>\n\n\n\n<li>Zafrilla, J.E.,&nbsp;Cadarso, M.A., Monsalve, F. and de la R\u00faa, C. (2014):&nbsp;\u00abHow Carbon-Friendly Is Nuclear Energy? A Hybrid MRIO-LCA Model of a Spanish Facility\u00bb,&nbsp;Environmental Science &amp; Technology (Vol. 48 (24), pp. 14103\u201314111): American Chemical Society. DOI: <a href=\"http:\/\/pubs.acs.org\/doi\/abs\/10.1021\/es503352s\">pubs.acs.org\/10.1021\/es503352s<\/a><\/li>\n\n\n\n<li>Monsalve, F.(2014): \u201c<a href=\"https:\/\/www.researchgate.net\/publication\/262559715_Late_Spanish_doctors_on_usury_and_the_evolving_scholastic_tradition?ev=prf_pub\" target=\"_blank\" rel=\"noreferrer noopener\">Late Spanish doctors on usury, and the evolving scholastic tradition<\/a>\u201d, Journal of the History of Economic Thought, Vol. 36(2), pp. 215-235.<\/li>\n\n\n\n<li>Monsalve, F. (2012): \u201c<a href=\"https:\/\/www.researchgate.net\/publication\/254268458_Scholastic_just_price_versus_current_market_price_is_it_merely_a_matter_of_labelling?ev=prf_pub\" target=\"_blank\" rel=\"noreferrer noopener\">Scholastic Just Price and Current Market Price: It is merely a matter of label?<\/a>\u201d, The European Journal of History of Economic Thought, online version, pp. 1-17. \/\/ (2014) Print version, Vol. 21(1), pp. 4-20.<\/li>\n\n\n\n<li>L\u00f3pez, L.A., Monsalve, F. and Zafrilla, J.E. (2011): \u201c<a href=\"https:\/\/www.researchgate.net\/publication\/227352745_Anlisis_Input-Output_de_la_eficacia_de_la_Poltica_Europea_de_Desarrollo_Rural_2007-2013._Propuesta_metodolgica_y_resultados_para_Castilla-La_Mancha?ev=prf_pub\" target=\"_blank\" rel=\"noreferrer noopener\">An\u00e1lisis Input-Output de la eficacia de la Pol\u00edtica Europea de Desarrollo Rural 2007-2013. Propuesta metodol\u00f3gica y resultados para Castilla-La Mancha<\/a>\u201d,Revista de Estudios de Econom\u00eda Aplicada, Vol. 29(1), pp. 223-246.<\/li>\n\n\n\n<li>Monsalve, F. (2011): <a href=\"https:\/\/www.researchgate.net\/publication\/265249053_Book_Review_Elvira_Vilches%27s_New_World_gold?ev=prf_pub\" target=\"_blank\" rel=\"noreferrer noopener\">Book Review of \u201cNew World Gold : cultural anxiety and monetary disorder in early modern Spain&nbsp;<\/a>\u201d by Elvira Vilches, History of Economics Ideas, Vol. 19:3, pp. 205-206<\/li>\n\n\n\n<li>Monsalve, F. (2010):\u201c<a href=\"https:\/\/www.researchgate.net\/publication\/258185900_Economics_and_Ethics_Juan_de_Lugo%27s_Theory_of_the_Just_Price_or_the_Responsibility_of_Living_in_Society?ev=prf_pub\" target=\"_blank\" rel=\"noreferrer noopener\">&nbsp;Juan de Lugo\u2019s Theory of Just Price, or the Responsibility of Living in Society<\/a>\u201d,&nbsp; History of Political Economy, Vol. 42(3), pp. 495-519.<\/li>\n\n\n\n<li>Mond\u00e9jar, J., Mond\u00e9jar, J.A., Monsalve, F. and Vargas, M. (2007): \u201c<a href=\"https:\/\/www.researchgate.net\/publication\/238756388_Una_propuesta_de_evaluacin_del_impacto_de_los_programas_de_desarrollo_rural_LEADER_y_PRODER?ev=prf_pub\" target=\"_blank\" rel=\"noreferrer noopener\">Una propuesta de evaluaci\u00f3n del impacto de los programas europeos de desarrollo rural LEADER y PRODER<\/a>\u201d,&nbsp; Ager, Revista de Estudios sobre Despoblaci\u00f3n y Desarrollo Rural, n\u00ba 6, pp. 161-180.<\/li>\n\n\n\n<li>Deju\u00e1n, O. and Monsalve, F. (2006): \u201c<a href=\"https:\/\/www.researchgate.net\/publication\/24079873_Morally_ruled_behaviour_The_neglected_contribution_of_Scholasticism?ev=prf_pub\" target=\"_blank\" rel=\"noreferrer noopener\">Morally-ruled behaviour. The neglected contribution of Scholasticism<\/a>\u201d, The European Journal of History of Economic Thought,&nbsp; Vol. 13 (1), pp. 99-102.<\/li>\n\n\n\n<li>Monsalve, F. and Deju\u00e1n, O. (2006):\u201c<a href=\"https:\/\/www.researchgate.net\/publication\/258186187_Juan_de_Lugo_y_la_Libertad_en_Economa_El_Anlisis_Econmico_Escolstico_en_Transicin?ev=prf_pub\" target=\"_blank\" rel=\"noreferrer noopener\">Juan de Lugo y la libertad en Econom\u00eda. El an\u00e1lisis econ\u00f3mico escol\u00e1stico en transici\u00f3n<\/a>\u201d, Procesos de Mercado. Revista europea de econom\u00eda pol\u00edtica, 3 (2), pp. 217-244.<\/li>\n\n\n\n<li>Monsalve, F. (2003): \u201c<a href=\"https:\/\/www.researchgate.net\/publication\/258186188_Aproximacin_al_pensamiento_econmico_de_la_escolstica_tarda_a_travs_del_cardenal_Juan_de_Lugo_S.J?ev=prf_pub\" target=\"_blank\" rel=\"noreferrer noopener\">Aproximaci\u00f3n al pensamiento econ\u00f3mico de la escol\u00e1stica tard\u00eda a trav\u00e9s del cardenal Juan de Lugo, S.J<\/a>\u201d, Fomento Social, Vol. 58, n\u00ba230, abril-junio, pp. 283-316.<\/li>\n\n\n\n<li>Monsalve, F. (2003): <a href=\"https:\/\/www.researchgate.net\/publication\/258278521_EL_PENSAMIENTO_ECONMICO_DE_JUAN_DE_LUGO._Un_estudio_sobre_sus_teoras_del_precio_justo_del_dinero_y_del_inters?ev=prf_pub\" target=\"_blank\" rel=\"noreferrer noopener\">El pensamiento econ\u00f3mico de Juan de Lugo. Un estudio sobre sus teor\u00edas del precio justo, del dinero y del inter\u00e9s<\/a>, (Doctoral Dissertation), n\u00ba de publicaci\u00f3n UMI 3137046<\/li>\n\n\n\n<li>Monsalve, F: (1999):\u201c<a href=\"https:\/\/www.researchgate.net\/publication\/258186278_Alternativas_al_trabajo_a_tiempo_completo_La_flexibilidad_en_el_horario_de_trabajo?ev=prf_pub\" target=\"_blank\" rel=\"noreferrer noopener\">Alternativas al trabajo a tiempo completo: La flexibilidad en el horario de trabajo<\/a>\u201d, Esic Market, n\u00ba 102, enero-abril, pp. 99-122.<\/li>\n<\/ul>\n","protected":false},"excerpt":{"rendered":"<p>Department of Economics and Finance &#8211; GEAR Research Group Address: Facultad de Ciencias Econ\u00f3micas y Empresariales, Universidad de Castilla-La Mancha.Postal Address: Plaza de la Universidad, 1, CP: 02071, Albacete, Spain. Phone: +34926053105; Room: 3.21 e-mail: Fabio.Monsalve@uclm.eswebsite: https:\/\/blog.uclm.es\/fabiomonsalve\/ \u00a0\u00a0 \u00a0\u00a0 \u00a0\u00a0 Research Areas: Input-Output Analysis Rural Development: European Funds and its impacts Applied General Equilibirum Models [&hellip;]<\/p>\n","protected":false},"author":320,"featured_media":0,"parent":0,"menu_order":8,"comment_status":"closed","ping_status":"open","template":"","meta":{"footnotes":""},"class_list":["post-148","page","type-page","status-publish","hentry"],"_links":{"self":[{"href":"https:\/\/blog.uclm.es\/grupogear\/wp-json\/wp\/v2\/pages\/148","targetHints":{"allow":["GET"]}}],"collection":[{"href":"https:\/\/blog.uclm.es\/grupogear\/wp-json\/wp\/v2\/pages"}],"about":[{"href":"https:\/\/blog.uclm.es\/grupogear\/wp-json\/wp\/v2\/types\/page"}],"author":[{"embeddable":true,"href":"https:\/\/blog.uclm.es\/grupogear\/wp-json\/wp\/v2\/users\/320"}],"replies":[{"embeddable":true,"href":"https:\/\/blog.uclm.es\/grupogear\/wp-json\/wp\/v2\/comments?post=148"}],"version-history":[{"count":18,"href":"https:\/\/blog.uclm.es\/grupogear\/wp-json\/wp\/v2\/pages\/148\/revisions"}],"predecessor-version":[{"id":2278,"href":"https:\/\/blog.uclm.es\/grupogear\/wp-json\/wp\/v2\/pages\/148\/revisions\/2278"}],"wp:attachment":[{"href":"https:\/\/blog.uclm.es\/grupogear\/wp-json\/wp\/v2\/media?parent=148"}],"curies":[{"name":"wp","href":"https:\/\/api.w.org\/{rel}","templated":true}]}}