{"id":144,"date":"2014-09-03T16:26:45","date_gmt":"2014-09-03T16:26:45","guid":{"rendered":"http:\/\/groupgear.wordpress.com\/?page_id=144"},"modified":"2024-06-15T06:09:51","modified_gmt":"2024-06-15T06:09:51","slug":"oscar-dejuan","status":"publish","type":"page","link":"https:\/\/blog.uclm.es\/grupogear\/people\/oscar-dejuan\/","title":{"rendered":"\u00d3scar Deju\u00e1n"},"content":{"rendered":"<h5><a href=\"https:\/\/blog.uclm.es\/grupogear\/wp-content\/uploads\/sites\/204\/2014\/09\/oscardesk.jpg\"><img loading=\"lazy\" decoding=\"async\" class=\"alignleft wp-image-186 size-full\" src=\"https:\/\/blog.uclm.es\/grupogear\/wp-content\/uploads\/sites\/204\/2014\/09\/oscardesk.jpg\" alt=\"SONY DSC\" width=\"180\" height=\"130\" \/><\/a>Department of Economics and Finance &#8211; GEAR Research Group<br \/>\n<span style=\"color: #000000\">Address: Facultad de Ciencias Econ\u00f3micas y Empresariales, Universidad de Castilla-La Mancha.<br \/>\n<\/span>Postal Address: Plaza de la Universidad, 1, CP: 02071, Albacete, Spain. Phone: +34926053553; Room: 3.04<br \/>\n<span style=\"color: #000000\">e-mail: <a href=\"mailto:Oscar.Dejuan@uclm.es\">Oscar.Dejuan@uclm.es<\/a><\/span><\/h5>\n<h3><strong>Research Areas:<\/strong><\/h3>\n<ul>\n<li><em>Input-Output Analysis<\/em><\/li>\n<li><i>SAM and Applied General Equilibrium Models<\/i><\/li>\n<li><em>Environmental and Energy Policy Modelling<\/em><\/li>\n<li><em>Growth and Crisis<\/em><\/li>\n<li><em>History of Economic Thought<\/em><\/li>\n<\/ul>\n<h3><strong>Scientific Publications:<\/strong><\/h3>\n<h3><b><i>Selected papers published in the last years.<\/i><\/b><\/h3>\n<ul>\n<li>Deju\u00e1n, \u00d3. (2024):\u00a0 Pasinetti, la econom\u00eda como una estructura din\u00e1mica impulsada por el aprendizaje, <em>Revista de Econom\u00eda Cr\u00edtica<\/em>, n 27, 2024.<\/li>\n<li>Deju\u00e1n, \u00d3. (2023): <em>The supermultiplier, a cornerstone of the new Macroeconomics. <\/em>Edward Elgar, Cheltenham, UK.\u00a0 215 pp. <a href=\"https:\/\/www.e-elgar.com\/shop\/gbp\/the-supermultiplier-9781800889545.html\">LINK<\/a><\/li>\n<li>Deju\u00e1n, \u00d3. and Deju\u00e1n-Bitri\u00e1, D. (2022): The supermultiplier-cum-finance. An application to the credit-led boom before the 2008 crash. <em>Review of Political Economy<\/em>. Online March 2022. Written publication: ROPE symposium on \u201cThe supermultiplier and endogenous money\u201d, 2024. <a href=\"https:\/\/www.tandfonline.com\/doi\/full\/10.1080\/09538259.2022.2037928\">LINK<\/a><\/li>\n<li>Deju\u00e1n, \u00d3., Portella-Carb\u00f3, F., &amp; Ortiz, M. (2022). Economic and environmental impacts of decarbonisation through a hybrid MRIO multiplier-accelerator model. Economic Systems Research, 34(1), 1-21.\u00a0<a href=\"https:\/\/doi.org\/10.1080\/09535314.2020.1848808\" data-auth=\"NotApplicable\" data-linkindex=\"0\">LINK<\/a><\/li>\n<\/ul>\n<ul>\n<li style=\"list-style-type: none\">\n<ul>\n<li>Deju\u00e1n, \u00d3 (2022): \u201cLa Constituci\u00f3n econ\u00f3mica espa\u00f1ola tras medio siglo de andadura\u201d. Revista Dominicana de Derecho Constitucional, A\u00f1o 4, n 1, pp. 519-552. Issn: 2636-2325 <a href=\"https:\/\/www.tribunalconstitucional.gob.do\/servicios\/revista-dominicana-de-derecho-constitucional\/\">LINK<\/a><\/li>\n<li>P\u00e9rez-Montiel, JA; Deju\u00e1n, \u00d3 &amp; Manera, C. (2021): \u201cA Harrodian model that fits the tourism-led growth hypothesis for Tourism-based economies\u201d, <em>European Journal of Tourism Research, <\/em>ISSN (ONLINE): 1314-0817; ISSN (print) 1994-7658, vol. 26. <a href=\"https:\/\/ejtr.vumk.eu\/index.php\/about\/article\/view\/2126\">LINK<\/a><\/li>\n<li>Portella, Ferran &amp; \u00d3scar Deju\u00e1n (2019): \u201cTrade imbalances and fiscal policy in the Eurozone: An analysis of economic interrelations with a global supermultiplier input-output model\u201d, Volume 43, Issue 2, March 2019, Pages 311\u2013334,: <em>Cambridge Journal of Economics<\/em> <a href=\"https:\/\/academic.oup.com\/cje\/article\/43\/2\/311\/5004811\">LINK<\/a><\/li>\n<\/ul>\n<\/li>\n<\/ul>\n<ul>\n<li>Deju\u00e1n, \u00d3. &amp; McCombie, JSL. (2019): Economic limits of the Originate to Distribute Model of Banking\u201d, en Rochon &amp; Rossi (eds): <em>Finance, Growth and Inequality<\/em>, chapter 2, pp. 36-57. Edward Elgar, Cheltenham, UK. Ed. Edward Elgar. <a href=\"https:\/\/www.elgaronline.com\/edcollbook\/edcoll\/9781788973687\/9781788973687.xml\">LINK<\/a><\/li>\n<li>Deju\u00e1n, \u00d3scar (2019): \u201cKaldor after Sraffa\u201d, <em>Bulletin of Political Economy<\/em>, 13:1, pp. 1-19 <a href=\"https:\/\/serialsjournals.com\/abstract\/91665_1-oscar.pdf\">LINK<\/a><\/li>\n<li>Deju\u00e1n, O., J. E. Zafrilla, M. \u00c1. Tobarra, F. Monsalve, and C. C\u00f3rcoles. 2017. Decarbonizing electricity generation in the EU. Its impact on emissions and employment all over the world. In Environmental and Economic Impacts of Decarbonization. Input-Output Studies on the Consequences of the 2015 Paris Agreements, edited by O. Deju\u00e1n, et al.: Routledge -Taylor&amp;Francis Group- <a href=\"https:\/\/www.routledge.com\/Environmental-and-Economic-Impacts-of-Decarbonization-Input-Output-Studies\/Dejuan-Lenzen-Cadarso\/p\/book\/9780415787406\">LINK<\/a><\/li>\n<li>Deju\u00e1n, \u00d3 (1984): <i>La Constituci\u00f3n Econ\u00f3mica Espa\u00f1ola.\u00a0 Ed. Centro de Estudios Constitucionales, M<\/i>adrid. (Several prizes included one of the Spanish Congress to the best book published on the Spanish Constitution of 1978)<\/li>\n<li>Deju\u00e1n, Roca &amp; Toharia (1996): <i>El desempleo en Espa\u00f1a.\u00a0 Tres ensayos cr\u00edticos. <\/i>Ed. UCLM, Cuenca, 1996.\u00a0 (Co-authors: Jordi Roca y Luis Toharia)<\/li>\n<li><i>Bricall &amp; Deju\u00e1n (eds) (1999): Econom\u00eda pol\u00edtica del crecimiento, fluctuaciones y crisis.<\/i> Ariel, Barcelona, 1999.<\/li>\n<li>Deju\u00e1n &amp; Febrero (eds) (2002): <i>La fragilidad financiera del capitalismo.\u00a0 Ed. UCLM, Cuenca.<\/i><\/li>\n<li>Deju\u00e1n, Febrero &amp; Marcuzzo (2011): <i>The first great recession of the 21st century.\u00a0 Competing explanations.\u00a0 Edward Elgar, <\/i>Cheltenham, UK.<\/li>\n<li>Deju\u00e1n (2012): <i>Econom\u00eda. Fundamentos y claves de interpretaci\u00f3n<\/i>, Pir\u00e1mide-Anaya, Madrid.<\/li>\n<li>Deju\u00e1n, Febrero &amp; Ux\u00f3 (2013): <i>PostKeynesian views of the economic crisis and its remedies. Routledge, London &amp; New York. <\/i>\n<ul>\n<li>Deju\u00e1n, \u00d3scar (2013): \u201cNormal paths of growth shaped by the supermultiplier\u201d. In Levrero, Palumbo and Stiratti: <i>Sraffa en the reconstruction of economic theory, v. 2, ch.6, Palgrave-MacMillan, Basingstoke (UK).<\/i><\/li>\n<li>Gonz\u00e1lez, A; Arestis, P. &amp; Deju\u00e1n, \u00d3. (2013): \u201cBusiness investment, growth and crisis\u201d.<i> In Deju\u00e1n, Febrero &amp; Ux\u00f3:\u00a0 Post-Keynesian views of the economic crisis and its remedies<\/i>, ch.8, Routledge, London &amp; New York.<\/li>\n<li>Deju\u00e1n, \u00d3scar (2013): \u201cThe debt trap\u201d<i>. In Deju\u00e1n, Febrero &amp; Ux\u00f3:\u00a0 Post-Keynesian views of the economic crisis and its remedies<\/i>, ch.4, Routledge, London &amp; New York.<\/li>\n<li>Zafrilla, L\u00f3pez, Cadarso, Deju\u00e1n (2012): \u201cFulfilling the Kyoto protocol in Spain: A matter of economic crisis or environmental policies?\u201d,\u00a0 <i>Energy Policy, n.51, pp. 708-719<\/i>. [JCR, 2.715].<\/li>\n<li>Arestis, Gonz\u00e1lez &amp; Deju\u00e1n (2012): \u201cInvestment, financial markets and uncertainty\u201d, Levy Economic Institute Papers. [Digital Journal. In February 2013 it was listed on the SSRN Top Ten download list].<\/li>\n<li>Arestis, Gonz\u00e1lez &amp; Deju\u00e1n (2012): \u201cPrivate productive investment in Spain and the US\u201d, <i>An\u00e1lise Econ\u00f4mica, a\u00f1o 30, n. 58.<\/i> Pp. 7-27.<\/li>\n<li>Deju\u00e1n, \u00d3., C\u00f3rcoles, C., G\u00f3mez, N. and Tobarra, M.A. (2015): \u201cForecasting energy demand through a dynamic input-output model\u201d, Economics and Business Letters, 4, (3), 108-115<\/li>\n<li>Gonz\u00e1lez, Arestis &amp; Deju\u00e1n (2012): \u201cModelling accumulation: A theoretical and empirical application of the accelerator principle under uncertainty\u201d, <i>Intervention, European Journal of Economics and Economic Policies, v.9, n.2, pp 255-275. <\/i><\/li>\n<li>Deju\u00e1n &amp; Febrero (2011): \u201cThe aftermath of a period of nil interest rates.\u00a0 (Spain 2006-2008)\u201d.\u00a0 En Deju\u00e1n, Febrero, Marcuzzo (eds): <i>The first great recession of the 21<\/i><sup><span style=\"font-size: small\">st<\/span><\/sup> century.\u00a0 Competing explanations, EE, Aldershot (UK) (2011), ch. 14, pp. 222-245.<\/li>\n<li>Deju\u00e1n &amp; Febrero (2010)\u00a0: \u201c\u00c9chec d\u2019un mod\u00e8le de croissance tir\u00e9e par l\u2019endettement des m\u00e9nages\u2019\u2019, <i>\u00c9conomie Appliqu\u00e9e (an International Journal of Economic Analysis<\/i>, LXIII, n.1, Mars 2010, pp. 63-78. (Co-author: Eladio Febrero).<\/li>\n<li>Febrero &amp; Deju\u00e1n (2009): \u201cEconomic growth driven by household indebtedness. The unsustainable Spanish\u00a0 experience: 1997 \u2013 2009\u201d, <i>Ekonomiaz, n. 72 (3\u00ba Quarter 2009), <\/i>pp. 80-87, 2010.<\/li>\n<li>Pedregal, Deju\u00e1n, G\u00f3mez &amp; Tobarra (2009): \u201cModelling demand for crude oil products in Spain\u201d, <i>Energy Policy, 2009.\u00a0 <\/i>(Co-author: Pedregal, G\u00f3mez y Tobarra). [JCR,2.436].<\/li>\n<li>Deju\u00e1n, \u00d3. (2007):\u201cThe conventional versus the natural rate of interest.\u00a0 Implications for Central Bank autonomy\u201d,\u00a0 <i>Journal of PostKeynesian Economics, v.<\/i> 29:4, pp. 647-668. [JCR, 0.493].<i><\/i><i><\/i><i><\/i><\/li>\n<\/ul>\n<\/li>\n<\/ul>\n<p><strong><i>Selected books<\/i><\/strong><\/p>\n<ul>\n<li><span style=\"color: #000000\">Deju\u00e1n, \u00d3 (1984): <\/span><span style=\"color: #000000\">La Constituci\u00f3n Econ\u00f3mica Espa\u00f1ola.\u00a0 Ed. Centro de Estudios Constitucionales, M<\/span>adrid. (Several prizes included one of the Spanish Congress to the best book published on the Spanish Constitution of 1978)<\/li>\n<li>Deju\u00e1n, Roca &amp; Toharia (1996): <i>El desempleo en Espa\u00f1a.\u00a0 Tres ensayos cr\u00edticos. <\/i>Ed. UCLM, Cuenca, 1996.\u00a0 (Co-authors: Jordi Roca y Luis Toharia)<\/li>\n<li><i>Bricall &amp; Deju\u00e1n (eds) (1999): Econom\u00eda pol\u00edtica del crecimiento, fluctuaciones y crisis.<\/i> Ariel, Barcelona, 1999.<\/li>\n<li>Deju\u00e1n &amp; Febrero (eds) (2002): <i>La fragilidad financiera del capitalismo.\u00a0 Ed. UCLM, Cuenca.<\/i><\/li>\n<li>Deju\u00e1n, Febrero &amp; Marcuzzo (2011): <i>The first great recession of the 21st century.\u00a0 Competing explanations.\u00a0 Edward Elgar, <\/i>Cheltenham, UK.<\/li>\n<li>Deju\u00e1n (2012): <i>Econom\u00eda. Fundamentos y claves de interpretaci\u00f3n<\/i>, Pir\u00e1mide-Anaya, Madrid.<\/li>\n<li>Deju\u00e1n, Febrero &amp; Ux\u00f3 (2013): <i>PostKeynesian views of the economic crisis and its remedies. Routledge, London &amp; New York.<\/i><\/li>\n<\/ul>\n<p><strong>Teaching<\/strong><\/p>\n<p><span style=\"color: #000000\"><i>Bachelor\u00b4s Degrees<\/i><\/span><\/p>\n<ul>\n<li><span style=\"color: #000000;font-family: 'Gill Sans MT', sans-serif;font-size: 12pt\"><i>Principles of Economics<\/i><\/span><\/li>\n<li><span style=\"color: #000000\"><i><span style=\"font-family: 'Gill Sans MT', sans-serif\"><span style=\"font-family: 'Gill Sans MT', sans-serif;font-size: 12pt\">Advanced\u00a0Macroeconomics<\/span><\/span><\/i><\/span><\/li>\n<\/ul>\n<p><em><span style=\"color: #000000\">Master\u00b4s Degrees &#8211; Master in Growth and Sustainable Development <\/span><\/em><\/p>\n<ul>\n<li><span style=\"color: #000000\"><i><\/i><i><span style=\"font-family: 'Gill Sans MT', sans-serif\">Post-Keynesian Growth Models<\/span><\/i><\/span><\/li>\n<\/ul>\n<p><em>Seminars<\/em><\/p>\n<ul>\n<li>Money and Banking<\/li>\n<\/ul>\n<p><span style=\"color: #000000\"><i><span style=\"font-family: 'Gill Sans MT', sans-serif;font-size: 12pt\">\u00a0<\/span><\/i><\/span><\/p>\n","protected":false},"excerpt":{"rendered":"<p>Department of Economics and Finance &#8211; GEAR Research Group Address: Facultad de Ciencias Econ\u00f3micas y Empresariales, Universidad de Castilla-La Mancha. Postal Address: Plaza de la Universidad, 1, CP: 02071, Albacete, Spain. Phone: +34926053553; Room: 3.04 e-mail: Oscar.Dejuan@uclm.es Research Areas: Input-Output Analysis SAM and Applied General Equilibrium Models Environmental and Energy Policy Modelling Growth and Crisis [&hellip;]<\/p>\n","protected":false},"author":320,"featured_media":0,"parent":886,"menu_order":6,"comment_status":"closed","ping_status":"open","template":"","meta":{"footnotes":""},"class_list":["post-144","page","type-page","status-publish","hentry"],"_links":{"self":[{"href":"https:\/\/blog.uclm.es\/grupogear\/wp-json\/wp\/v2\/pages\/144","targetHints":{"allow":["GET"]}}],"collection":[{"href":"https:\/\/blog.uclm.es\/grupogear\/wp-json\/wp\/v2\/pages"}],"about":[{"href":"https:\/\/blog.uclm.es\/grupogear\/wp-json\/wp\/v2\/types\/page"}],"author":[{"embeddable":true,"href":"https:\/\/blog.uclm.es\/grupogear\/wp-json\/wp\/v2\/users\/320"}],"replies":[{"embeddable":true,"href":"https:\/\/blog.uclm.es\/grupogear\/wp-json\/wp\/v2\/comments?post=144"}],"version-history":[{"count":8,"href":"https:\/\/blog.uclm.es\/grupogear\/wp-json\/wp\/v2\/pages\/144\/revisions"}],"predecessor-version":[{"id":2129,"href":"https:\/\/blog.uclm.es\/grupogear\/wp-json\/wp\/v2\/pages\/144\/revisions\/2129"}],"up":[{"embeddable":true,"href":"https:\/\/blog.uclm.es\/grupogear\/wp-json\/wp\/v2\/pages\/886"}],"wp:attachment":[{"href":"https:\/\/blog.uclm.es\/grupogear\/wp-json\/wp\/v2\/media?parent=144"}],"curies":[{"name":"wp","href":"https:\/\/api.w.org\/{rel}","templated":true}]}}