{"id":1384,"date":"2019-05-07T21:31:08","date_gmt":"2019-05-07T20:31:08","guid":{"rendered":"http:\/\/blog.uclm.es\/grupogear\/?page_id=1384"},"modified":"2026-03-23T10:13:28","modified_gmt":"2026-03-23T10:13:28","slug":"marinasanchezserrano","status":"publish","type":"page","link":"https:\/\/blog.uclm.es\/grupogear\/marinasanchezserrano\/","title":{"rendered":"Marina S\u00e1nchez Serrano"},"content":{"rendered":"<p><img loading=\"lazy\" decoding=\"async\" class=\"size-medium wp-image-2326 alignleft\" src=\"https:\/\/blog.uclm.es\/grupogear\/wp-content\/uploads\/sites\/204\/2026\/02\/IMG_20260204_132940858-211x300.jpg\" alt=\"\" width=\"211\" height=\"300\" srcset=\"https:\/\/blog.uclm.es\/grupogear\/wp-content\/uploads\/sites\/204\/2026\/02\/IMG_20260204_132940858-211x300.jpg 211w, https:\/\/blog.uclm.es\/grupogear\/wp-content\/uploads\/sites\/204\/2026\/02\/IMG_20260204_132940858-719x1024.jpg 719w, https:\/\/blog.uclm.es\/grupogear\/wp-content\/uploads\/sites\/204\/2026\/02\/IMG_20260204_132940858-768x1094.jpg 768w, https:\/\/blog.uclm.es\/grupogear\/wp-content\/uploads\/sites\/204\/2026\/02\/IMG_20260204_132940858-1079x1536.jpg 1079w, https:\/\/blog.uclm.es\/grupogear\/wp-content\/uploads\/sites\/204\/2026\/02\/IMG_20260204_132940858-624x889.jpg 624w, https:\/\/blog.uclm.es\/grupogear\/wp-content\/uploads\/sites\/204\/2026\/02\/IMG_20260204_132940858.jpg 1087w\" sizes=\"auto, (max-width: 211px) 100vw, 211px\" \/><\/p>\n\n\n<p class=\"has-small-font-size\"><strong>Department of Economics and Finance \u2013 GEAR Research Group <\/strong><\/p>\n\n\n\n<p class=\"has-small-font-size\"><strong>Ph.D<\/strong>.<\/p>\n\n\n\n<p class=\"has-small-font-size\"><strong>Address: Facultad de Ciencias Econ\u00f3micas y Empresariales, Universidad de Castilla-La Mancha.<\/strong><\/p>\n\n\n\n<p class=\"has-small-font-size\"><strong>Postal Address: Plaza de la Universidad, 1, CP: 02071, Albacete, Spain. Phone: +34926052940; Room: 3.22<\/strong><\/p>\n\n\n\n<p class=\"has-small-font-size\"><strong>e-mail:<\/strong> <a href=\"mailto:Marina.Sanchez@uclm.es\" target=\"_blank\" rel=\"noreferrer noopener\">Marina.Sanchez@uclm.es<\/a><\/p>\n\n\n<div class=\"wp-block-image\">\n<figure class=\"alignleft size-large is-resized\"><a href=\"https:\/\/www.researchgate.net\/profile\/Marina-Sanchez-Serrano?ev=hdr_xprf\" target=\"_blank\" rel=\" noreferrer noopener\"><img loading=\"lazy\" decoding=\"async\" width=\"250\" height=\"250\" src=\"https:\/\/blog.uclm.es\/grupogear\/wp-content\/uploads\/sites\/204\/2026\/02\/ResearchGate_icon_SVG.svg_.png\" alt=\"\" class=\"wp-image-2329\" style=\"width:35px;height:auto\" srcset=\"https:\/\/blog.uclm.es\/grupogear\/wp-content\/uploads\/sites\/204\/2026\/02\/ResearchGate_icon_SVG.svg_.png 250w, https:\/\/blog.uclm.es\/grupogear\/wp-content\/uploads\/sites\/204\/2026\/02\/ResearchGate_icon_SVG.svg_-150x150.png 150w\" sizes=\"auto, (max-width: 250px) 100vw, 250px\" \/><\/a><\/figure>\n<\/div>\n\n<div class=\"wp-block-image\">\n<figure class=\"alignleft size-large is-resized\"><a href=\"https:\/\/www.linkedin.com\/in\/marina-serrano-8ab41035b\/\" target=\"_blank\" rel=\" noreferrer noopener\"><img loading=\"lazy\" decoding=\"async\" width=\"225\" height=\"225\" src=\"https:\/\/blog.uclm.es\/grupogear\/wp-content\/uploads\/sites\/204\/2026\/02\/images.png\" alt=\"\" class=\"wp-image-2328\" style=\"width:37px;height:auto\" srcset=\"https:\/\/blog.uclm.es\/grupogear\/wp-content\/uploads\/sites\/204\/2026\/02\/images.png 225w, https:\/\/blog.uclm.es\/grupogear\/wp-content\/uploads\/sites\/204\/2026\/02\/images-150x150.png 150w\" sizes=\"auto, (max-width: 225px) 100vw, 225px\" \/><\/a><\/figure>\n<\/div>\n\n<div class=\"wp-block-image\">\n<figure class=\"alignleft size-large is-resized\"><a href=\"https:\/\/orcid.org\/0009-0003-6602-9228\" target=\"_blank\" rel=\" noreferrer noopener\"><img loading=\"lazy\" decoding=\"async\" width=\"960\" height=\"960\" src=\"https:\/\/blog.uclm.es\/grupogear\/wp-content\/uploads\/sites\/204\/2026\/02\/ORCID_iD.svg_.png\" alt=\"\" class=\"wp-image-2327\" style=\"width:35px;height:auto\" srcset=\"https:\/\/blog.uclm.es\/grupogear\/wp-content\/uploads\/sites\/204\/2026\/02\/ORCID_iD.svg_.png 960w, https:\/\/blog.uclm.es\/grupogear\/wp-content\/uploads\/sites\/204\/2026\/02\/ORCID_iD.svg_-300x300.png 300w, https:\/\/blog.uclm.es\/grupogear\/wp-content\/uploads\/sites\/204\/2026\/02\/ORCID_iD.svg_-150x150.png 150w, https:\/\/blog.uclm.es\/grupogear\/wp-content\/uploads\/sites\/204\/2026\/02\/ORCID_iD.svg_-768x768.png 768w, https:\/\/blog.uclm.es\/grupogear\/wp-content\/uploads\/sites\/204\/2026\/02\/ORCID_iD.svg_-624x624.png 624w\" sizes=\"auto, (max-width: 960px) 100vw, 960px\" \/><\/a><\/figure>\n<\/div>\n\n\n<p><\/p>\n\n\n\n<p><\/p>\n\n\n\n<p class=\"has-small-font-size\"><\/p>\n\n\n\n<h2 class=\"wp-block-heading\">Research Areas<\/h2>\n\n\n\n<ul class=\"wp-block-list\">\n<li>Multiregional Input-Output Models<\/li>\n\n\n\n<li>Global Value Chains<\/li>\n\n\n\n<li>Extended Input-Output Models<\/li>\n\n\n\n<li>Carbon Footprints<\/li>\n\n\n\n<li>Households Consumption<\/li>\n\n\n\n<li>Regional Economics<\/li>\n\n\n\n<li>Environmental Taxation<\/li>\n\n\n\n<li>Critical Raw Materials<\/li>\n\n\n\n<li>Tourism<\/li>\n<\/ul>\n\n\n\n<h3 class=\"wp-block-heading\"><strong>Scientific Publications:<\/strong><\/h3>\n\n\n\n<ul class=\"wp-block-list\">\n<li>S\u00e1nchez-Serrano, M., Zafrilla, J., Arce, G., &amp; Garc\u00eda-Alaminos, \u00c1. (2026). Socioeconomic impacts of climate-related migration: The case of Bangladesh. iScience, 29(4), 115199. <a href=\"https:\/\/doi.org\/https:\/\/doi.org\/10.1016\/j.isci.2026.115199\">LINK<\/a><\/li>\n\n\n\n<li>S\u00e1nchez-Serrano, M., Arce, G., Zafrilla, J., L\u00f3pez, L., 2026.&nbsp;Unveiling households&#8217; vulnerabilities in Spanish regions: a carbon tax and compensation approach. Journal of Industrial Ecology.&nbsp;<a href=\"http:\/\/doi.org\/10.1007\/s44498-026-00019-x\">LINK<\/a><\/li>\n\n\n\n<li>Molina, D., Soria, C., S\u00e1nchez-Serrano, M., Osorio, P., 2026. La creciente huella de carbono de los turistas en Espa\u00f1a: un an\u00e1lisis sectorial y multirregional. Revista de Econom\u00eda Cr\u00edtica. <em>In press<\/em><\/li>\n\n\n\n<li>S\u00e1nchez-Serrano, M., Zafrilla, J., Ortiz, M., Arce, G., 2024. Carbon taxation and related vulnerability of Spanish urban and rural households in a regional level. Regional Science Policy &amp; Practice 16, 100123 <a href=\"https:\/\/www.sciencedirect.com\/science\/article\/pii\/S1757780224003342\">LINK<\/a><\/li>\n<\/ul>\n\n\n\n<p><\/p>\n","protected":false},"excerpt":{"rendered":"<p>Department of Economics and Finance \u2013 GEAR Research Group Ph.D. Address: Facultad de Ciencias Econ\u00f3micas y Empresariales, Universidad de Castilla-La Mancha. Postal Address: Plaza de la Universidad, 1, CP: 02071, Albacete, Spain. Phone: +34926052940; Room: 3.22 e-mail: Marina.Sanchez@uclm.es Research Areas Scientific Publications:<\/p>\n","protected":false},"author":319,"featured_media":0,"parent":0,"menu_order":0,"comment_status":"closed","ping_status":"closed","template":"","meta":{"footnotes":""},"class_list":["post-1384","page","type-page","status-publish","hentry"],"_links":{"self":[{"href":"https:\/\/blog.uclm.es\/grupogear\/wp-json\/wp\/v2\/pages\/1384","targetHints":{"allow":["GET"]}}],"collection":[{"href":"https:\/\/blog.uclm.es\/grupogear\/wp-json\/wp\/v2\/pages"}],"about":[{"href":"https:\/\/blog.uclm.es\/grupogear\/wp-json\/wp\/v2\/types\/page"}],"author":[{"embeddable":true,"href":"https:\/\/blog.uclm.es\/grupogear\/wp-json\/wp\/v2\/users\/319"}],"replies":[{"embeddable":true,"href":"https:\/\/blog.uclm.es\/grupogear\/wp-json\/wp\/v2\/comments?post=1384"}],"version-history":[{"count":16,"href":"https:\/\/blog.uclm.es\/grupogear\/wp-json\/wp\/v2\/pages\/1384\/revisions"}],"predecessor-version":[{"id":2429,"href":"https:\/\/blog.uclm.es\/grupogear\/wp-json\/wp\/v2\/pages\/1384\/revisions\/2429"}],"wp:attachment":[{"href":"https:\/\/blog.uclm.es\/grupogear\/wp-json\/wp\/v2\/media?parent=1384"}],"curies":[{"name":"wp","href":"https:\/\/api.w.org\/{rel}","templated":true}]}}