{"id":9,"date":"2018-03-06T11:42:14","date_gmt":"2018-03-06T10:42:14","guid":{"rendered":"http:\/\/blog.uclm.es\/grupoemas\/?page_id=9"},"modified":"2025-01-10T16:58:40","modified_gmt":"2025-01-10T15:58:40","slug":"proyectos","status":"publish","type":"page","link":"https:\/\/blog.uclm.es\/grupoemas\/proyectos\/","title":{"rendered":"Proyectos"},"content":{"rendered":"\n<p>Financiados por organismos externos a la UCLM.<\/p>\n\n\n\n<div class=\"wp-block-columns is-layout-flex wp-container-core-columns-is-layout-9d6595d7 wp-block-columns-is-layout-flex\">\n<div class=\"wp-block-column is-layout-flow wp-block-column-is-layout-flow\" style=\"flex-basis:33.33%\">\n<figure class=\"wp-block-image size-full\"><img loading=\"lazy\" decoding=\"async\" width=\"436\" height=\"436\" src=\"https:\/\/blog.uclm.es\/grupoemas\/wp-content\/uploads\/sites\/170\/2020\/07\/AEI-logo-cuadrado.jpg\" alt=\"\" class=\"wp-image-113\" srcset=\"https:\/\/blog.uclm.es\/grupoemas\/wp-content\/uploads\/sites\/170\/2020\/07\/AEI-logo-cuadrado.jpg 436w, https:\/\/blog.uclm.es\/grupoemas\/wp-content\/uploads\/sites\/170\/2020\/07\/AEI-logo-cuadrado-300x300.jpg 300w, https:\/\/blog.uclm.es\/grupoemas\/wp-content\/uploads\/sites\/170\/2020\/07\/AEI-logo-cuadrado-150x150.jpg 150w\" sizes=\"auto, (max-width: 436px) 100vw, 436px\" \/><\/figure>\n<\/div>\n\n\n\n<div class=\"wp-block-column is-layout-flow wp-block-column-is-layout-flow\" style=\"flex-basis:66.66%\">\n<figure class=\"wp-block-table\"><table><thead><tr><th>Procesos psicobiol\u00f3gicos implicados en la abstinencia del policonsumo de coca\u00edna y alcohol<\/th><\/tr><\/thead><tbody><tr><td>De 01\/09\/2024 a 31\/08\/2027. Cuant\u00eda total: 178.500 \u20ac<\/td><\/tr><\/tbody><\/table><\/figure>\n<\/div>\n<\/div>\n\n\n\n<div class=\"wp-block-columns is-layout-flex wp-container-core-columns-is-layout-9d6595d7 wp-block-columns-is-layout-flex\">\n<div class=\"wp-block-column is-layout-flow wp-block-column-is-layout-flow\" style=\"flex-basis:33.33%\">\n<figure class=\"wp-block-image size-full\"><img loading=\"lazy\" decoding=\"async\" width=\"436\" height=\"436\" src=\"https:\/\/blog.uclm.es\/grupoemas\/wp-content\/uploads\/sites\/170\/2020\/07\/AEI-logo-cuadrado.jpg\" alt=\"\" class=\"wp-image-113\" srcset=\"https:\/\/blog.uclm.es\/grupoemas\/wp-content\/uploads\/sites\/170\/2020\/07\/AEI-logo-cuadrado.jpg 436w, https:\/\/blog.uclm.es\/grupoemas\/wp-content\/uploads\/sites\/170\/2020\/07\/AEI-logo-cuadrado-300x300.jpg 300w, https:\/\/blog.uclm.es\/grupoemas\/wp-content\/uploads\/sites\/170\/2020\/07\/AEI-logo-cuadrado-150x150.jpg 150w\" sizes=\"auto, (max-width: 436px) 100vw, 436px\" \/><\/figure>\n<\/div>\n\n\n\n<div class=\"wp-block-column is-layout-flow wp-block-column-is-layout-flow\" style=\"flex-basis:66.66%\">\n<figure class=\"wp-block-table\"><table><thead><tr><th>Dise\u00f1o y S\u00edntesis de Fol\u00edculos Biomim\u00e9ticos 4D para maduraci\u00f3n in vitro de Ovocitos<\/th><\/tr><\/thead><tbody><tr><td>De 01\/09\/2024 a 31\/08\/2027. Cuant\u00eda total: 179.375 \u20ac<\/td><\/tr><\/tbody><\/table><\/figure>\n<\/div>\n<\/div>\n\n\n\n<div class=\"wp-block-columns is-layout-flex wp-container-core-columns-is-layout-9d6595d7 wp-block-columns-is-layout-flex\">\n<div class=\"wp-block-column is-layout-flow wp-block-column-is-layout-flow\" style=\"flex-basis:33.33%\">\n<figure class=\"wp-block-image size-full\"><img loading=\"lazy\" decoding=\"async\" width=\"400\" height=\"150\" src=\"https:\/\/blog.uclm.es\/grupoemas\/wp-content\/uploads\/sites\/170\/2025\/01\/fondo-desarrollo.png\" alt=\"\" class=\"wp-image-436\" srcset=\"https:\/\/blog.uclm.es\/grupoemas\/wp-content\/uploads\/sites\/170\/2025\/01\/fondo-desarrollo.png 400w, https:\/\/blog.uclm.es\/grupoemas\/wp-content\/uploads\/sites\/170\/2025\/01\/fondo-desarrollo-300x113.png 300w\" sizes=\"auto, (max-width: 400px) 100vw, 400px\" \/><\/figure>\n<\/div>\n\n\n\n<div class=\"wp-block-column is-layout-flow wp-block-column-is-layout-flow\" style=\"flex-basis:66.66%\">\n<figure class=\"wp-block-table\"><table><thead><tr><th>Integral progress in the treatment of brain cancer<\/th><\/tr><\/thead><tbody><tr><td>De 01\/09\/2022 a 31\/08\/2025. Cuant\u00eda total: 108.019,50 \u20ac<\/td><\/tr><\/tbody><\/table><\/figure>\n<\/div>\n<\/div>\n\n\n\n<div class=\"wp-block-columns is-layout-flex wp-container-core-columns-is-layout-9d6595d7 wp-block-columns-is-layout-flex\">\n<div class=\"wp-block-column is-layout-flow wp-block-column-is-layout-flow\" style=\"flex-basis:33.33%\">\n<figure class=\"wp-block-image size-full\"><img loading=\"lazy\" decoding=\"async\" width=\"436\" height=\"436\" src=\"https:\/\/blog.uclm.es\/grupoemas\/wp-content\/uploads\/sites\/170\/2020\/07\/AEI-logo-cuadrado.jpg\" alt=\"\" class=\"wp-image-113\" srcset=\"https:\/\/blog.uclm.es\/grupoemas\/wp-content\/uploads\/sites\/170\/2020\/07\/AEI-logo-cuadrado.jpg 436w, https:\/\/blog.uclm.es\/grupoemas\/wp-content\/uploads\/sites\/170\/2020\/07\/AEI-logo-cuadrado-300x300.jpg 300w, https:\/\/blog.uclm.es\/grupoemas\/wp-content\/uploads\/sites\/170\/2020\/07\/AEI-logo-cuadrado-150x150.jpg 150w\" sizes=\"auto, (max-width: 436px) 100vw, 436px\" \/><\/figure>\n<\/div>\n\n\n\n<div class=\"wp-block-column is-layout-flow wp-block-column-is-layout-flow\" style=\"flex-basis:66.66%\">\n<figure class=\"wp-block-table\"><table><thead><tr><th>Materiales duros 2d para la preparaci\u00f3n de soportes celulares 3d, blandos e inteligentes<\/th><\/tr><\/thead><tbody><tr><td>De 01\/09\/2021 a 31\/08\/2024. Cuant\u00eda total: 145.200 \u20ac<\/td><\/tr><\/tbody><\/table><\/figure>\n<\/div>\n<\/div>\n\n\n\n<div class=\"wp-block-columns is-layout-flex wp-container-core-columns-is-layout-9d6595d7 wp-block-columns-is-layout-flex\">\n<div class=\"wp-block-column is-layout-flow wp-block-column-is-layout-flow\" style=\"flex-basis:33.33%\">\n<figure class=\"wp-block-image size-full\"><img loading=\"lazy\" decoding=\"async\" width=\"2560\" height=\"690\" src=\"https:\/\/blog.uclm.es\/grupoemas\/wp-content\/uploads\/sites\/170\/2025\/01\/logoPNSD-scaled.jpg\" alt=\"\" class=\"wp-image-438\" srcset=\"https:\/\/blog.uclm.es\/grupoemas\/wp-content\/uploads\/sites\/170\/2025\/01\/logoPNSD-scaled.jpg 2560w, https:\/\/blog.uclm.es\/grupoemas\/wp-content\/uploads\/sites\/170\/2025\/01\/logoPNSD-300x81.jpg 300w, https:\/\/blog.uclm.es\/grupoemas\/wp-content\/uploads\/sites\/170\/2025\/01\/logoPNSD-1024x276.jpg 1024w, https:\/\/blog.uclm.es\/grupoemas\/wp-content\/uploads\/sites\/170\/2025\/01\/logoPNSD-768x207.jpg 768w, https:\/\/blog.uclm.es\/grupoemas\/wp-content\/uploads\/sites\/170\/2025\/01\/logoPNSD-1536x414.jpg 1536w, https:\/\/blog.uclm.es\/grupoemas\/wp-content\/uploads\/sites\/170\/2025\/01\/logoPNSD-2048x552.jpg 2048w\" sizes=\"auto, (max-width: 2560px) 100vw, 2560px\" \/><\/figure>\n<\/div>\n\n\n\n<div class=\"wp-block-column is-layout-flow wp-block-column-is-layout-flow\" style=\"flex-basis:66.66%\">\n<figure class=\"wp-block-table\"><table><thead><tr><th>Estudio de los efectos metabol\u00f3micos, inmunol\u00f3gicos y prote\u00f3micos producidos durante la abstinencia del policonsumo de coca\u00edna y alcohol<\/th><\/tr><\/thead><tbody><tr><td>De 01\/01\/2022 a 31\/12\/2024. Cuant\u00eda total: 52.061 \u20ac<\/td><\/tr><\/tbody><\/table><\/figure>\n<\/div>\n<\/div>\n\n\n\n<div class=\"wp-block-columns is-layout-flex wp-container-core-columns-is-layout-9d6595d7 wp-block-columns-is-layout-flex\">\n<div class=\"wp-block-column is-layout-flow wp-block-column-is-layout-flow\" style=\"flex-basis:33.33%\">\n<figure class=\"wp-block-image size-full\"><img loading=\"lazy\" decoding=\"async\" width=\"900\" height=\"900\" src=\"https:\/\/blog.uclm.es\/grupoemas\/wp-content\/uploads\/sites\/170\/2025\/01\/logoFECYT.jpg\" alt=\"\" class=\"wp-image-434\" srcset=\"https:\/\/blog.uclm.es\/grupoemas\/wp-content\/uploads\/sites\/170\/2025\/01\/logoFECYT.jpg 900w, https:\/\/blog.uclm.es\/grupoemas\/wp-content\/uploads\/sites\/170\/2025\/01\/logoFECYT-300x300.jpg 300w, https:\/\/blog.uclm.es\/grupoemas\/wp-content\/uploads\/sites\/170\/2025\/01\/logoFECYT-150x150.jpg 150w, https:\/\/blog.uclm.es\/grupoemas\/wp-content\/uploads\/sites\/170\/2025\/01\/logoFECYT-768x768.jpg 768w\" sizes=\"auto, (max-width: 900px) 100vw, 900px\" \/><\/figure>\n<\/div>\n\n\n\n<div class=\"wp-block-column is-layout-flow wp-block-column-is-layout-flow\" style=\"flex-basis:66.66%\">\n<figure class=\"wp-block-table\"><table><thead><tr><th>Plan de consolidaci\u00f3n de \u201cuclmdivulga\u201d, la ucc+i de la UCLM<\/th><\/tr><\/thead><tbody><tr><td>De 01\/06\/2021 a 30\/06\/2022. Cuant\u00eda total: 20.300 \u20ac<\/td><\/tr><\/tbody><\/table><\/figure>\n<\/div>\n<\/div>\n\n\n\n<div class=\"wp-block-columns is-layout-flex wp-container-core-columns-is-layout-9d6595d7 wp-block-columns-is-layout-flex\">\n<div class=\"wp-block-column is-layout-flow wp-block-column-is-layout-flow\" style=\"flex-basis:33.33%\">\n<figure class=\"wp-block-image size-full\"><img loading=\"lazy\" decoding=\"async\" width=\"900\" height=\"900\" src=\"https:\/\/blog.uclm.es\/grupoemas\/wp-content\/uploads\/sites\/170\/2025\/01\/logoFECYT.jpg\" alt=\"\" class=\"wp-image-434\" srcset=\"https:\/\/blog.uclm.es\/grupoemas\/wp-content\/uploads\/sites\/170\/2025\/01\/logoFECYT.jpg 900w, https:\/\/blog.uclm.es\/grupoemas\/wp-content\/uploads\/sites\/170\/2025\/01\/logoFECYT-300x300.jpg 300w, https:\/\/blog.uclm.es\/grupoemas\/wp-content\/uploads\/sites\/170\/2025\/01\/logoFECYT-150x150.jpg 150w, https:\/\/blog.uclm.es\/grupoemas\/wp-content\/uploads\/sites\/170\/2025\/01\/logoFECYT-768x768.jpg 768w\" sizes=\"auto, (max-width: 900px) 100vw, 900px\" \/><\/figure>\n<\/div>\n\n\n\n<div class=\"wp-block-column is-layout-flow wp-block-column-is-layout-flow\" style=\"flex-basis:66.66%\">\n<figure class=\"wp-block-table\"><table><thead><tr><th>\u00abPower on\u00bb de uclmdivulga: la ucc+i de la Universidad de Castilla-La Mancha<\/th><\/tr><\/thead><tbody><tr><td>De 01\/01\/2019 a 31\/12\/2020. Cuant\u00eda total: 15.000 \u20ac<\/td><\/tr><\/tbody><\/table><\/figure>\n<\/div>\n<\/div>\n\n\n\n<div class=\"wp-block-columns is-layout-flex wp-container-core-columns-is-layout-9d6595d7 wp-block-columns-is-layout-flex\">\n<div class=\"wp-block-column is-layout-flow wp-block-column-is-layout-flow\" style=\"flex-basis:33.33%\">\n<figure class=\"wp-block-image size-full\"><img loading=\"lazy\" decoding=\"async\" width=\"436\" height=\"436\" src=\"https:\/\/blog.uclm.es\/grupoemas\/wp-content\/uploads\/sites\/170\/2020\/07\/AEI-logo-cuadrado.jpg\" alt=\"\" class=\"wp-image-113\" srcset=\"https:\/\/blog.uclm.es\/grupoemas\/wp-content\/uploads\/sites\/170\/2020\/07\/AEI-logo-cuadrado.jpg 436w, https:\/\/blog.uclm.es\/grupoemas\/wp-content\/uploads\/sites\/170\/2020\/07\/AEI-logo-cuadrado-300x300.jpg 300w, https:\/\/blog.uclm.es\/grupoemas\/wp-content\/uploads\/sites\/170\/2020\/07\/AEI-logo-cuadrado-150x150.jpg 150w\" sizes=\"auto, (max-width: 436px) 100vw, 436px\" \/><\/figure>\n<\/div>\n\n\n\n<div class=\"wp-block-column is-layout-flow wp-block-column-is-layout-flow\" style=\"flex-basis:66.66%\">\n<figure class=\"wp-block-table\"><table><thead><tr><th>Mejora y actualizaci\u00f3n de la unidad cient\u00edfico \u2013 t\u00e9cnica de apoyo a la investigaci\u00f3n de la Facultad de Medicina de Ciudad Real<\/th><\/tr><\/thead><tbody><tr><td>De 01\/01\/2019 a 31\/12\/2019. Cuant\u00eda total: 756.565,20 \u20ac<\/td><\/tr><\/tbody><\/table><\/figure>\n<\/div>\n<\/div>\n\n\n\n<div class=\"wp-block-columns is-layout-flex wp-container-core-columns-is-layout-9d6595d7 wp-block-columns-is-layout-flex\">\n<div class=\"wp-block-column is-layout-flow wp-block-column-is-layout-flow\" style=\"flex-basis:33.33%\">\n<figure class=\"wp-block-image size-full\"><img loading=\"lazy\" decoding=\"async\" width=\"436\" height=\"436\" src=\"https:\/\/blog.uclm.es\/grupoemas\/wp-content\/uploads\/sites\/170\/2020\/07\/AEI-logo-cuadrado.jpg\" alt=\"\" class=\"wp-image-113\" srcset=\"https:\/\/blog.uclm.es\/grupoemas\/wp-content\/uploads\/sites\/170\/2020\/07\/AEI-logo-cuadrado.jpg 436w, https:\/\/blog.uclm.es\/grupoemas\/wp-content\/uploads\/sites\/170\/2020\/07\/AEI-logo-cuadrado-300x300.jpg 300w, https:\/\/blog.uclm.es\/grupoemas\/wp-content\/uploads\/sites\/170\/2020\/07\/AEI-logo-cuadrado-150x150.jpg 150w\" sizes=\"auto, (max-width: 436px) 100vw, 436px\" \/><\/figure>\n<\/div>\n\n\n\n<div class=\"wp-block-column is-layout-flow wp-block-column-is-layout-flow\" style=\"flex-basis:66.66%\">\n<figure class=\"wp-block-table\"><table><thead><tr><th>Dise\u00f1o de Geles H\u00edbridos de Grafeno para el cultivo de c\u00e9lulas: Materiales Inteligentes e Imprimibles<\/th><\/tr><\/thead><tbody><tr><td>De 01\/01\/2018 a 31\/12\/2020. Cuant\u00eda total: 134.310 \u20ac<\/td><\/tr><\/tbody><\/table><\/figure>\n<\/div>\n<\/div>\n\n\n\n<div class=\"wp-block-columns is-layout-flex wp-container-core-columns-is-layout-9d6595d7 wp-block-columns-is-layout-flex\">\n<div class=\"wp-block-column is-layout-flow wp-block-column-is-layout-flow\" style=\"flex-basis:33.33%\">\n<figure class=\"wp-block-image size-full\"><img loading=\"lazy\" decoding=\"async\" width=\"512\" height=\"343\" src=\"https:\/\/blog.uclm.es\/grupoemas\/wp-content\/uploads\/sites\/170\/2020\/07\/Ministerio-econo_comp-cuadrado-e1673973774500.jpg\" alt=\"\" class=\"wp-image-115\" srcset=\"https:\/\/blog.uclm.es\/grupoemas\/wp-content\/uploads\/sites\/170\/2020\/07\/Ministerio-econo_comp-cuadrado-e1673973774500.jpg 512w, https:\/\/blog.uclm.es\/grupoemas\/wp-content\/uploads\/sites\/170\/2020\/07\/Ministerio-econo_comp-cuadrado-e1673973774500-300x201.jpg 300w\" sizes=\"auto, (max-width: 512px) 100vw, 512px\" \/><\/figure>\n<\/div>\n\n\n\n<div class=\"wp-block-column is-layout-flow wp-block-column-is-layout-flow\" style=\"flex-basis:66.66%\">\n<figure class=\"wp-block-table\"><table><thead><tr><th>Microbiolog\u00eda de la Tularemia: circulaci\u00f3n de <em>Francisella tularensis<\/em> en ecosistemas agrarios del NO de Espa\u00f1a. Estudio de relaciones epidemiol\u00f3gicas y filogen\u00e9ticas<\/th><\/tr><\/thead><tbody><tr><td>De febrero 2016 a diciembre 2019. Cuant\u00eda total: 80.000 \u20ac<\/td><\/tr><\/tbody><\/table><\/figure>\n<\/div>\n<\/div>\n","protected":false},"excerpt":{"rendered":"<p>Financiados por organismos externos a la UCLM. Procesos psicobiol\u00f3gicos implicados en la abstinencia del policonsumo de coca\u00edna y alcohol De 01\/09\/2024 a 31\/08\/2027. Cuant\u00eda total: 178.500 \u20ac Dise\u00f1o y S\u00edntesis de Fol\u00edculos Biomim\u00e9ticos 4D para maduraci\u00f3n in vitro de Ovocitos De 01\/09\/2024 a 31\/08\/2027. Cuant\u00eda total: 179.375 \u20ac Integral progress in the treatment of brain &hellip; <a href=\"https:\/\/blog.uclm.es\/grupoemas\/proyectos\/\" class=\"more-link\">Sigue leyendo <span class=\"screen-reader-text\">Proyectos<\/span><\/a><\/p>\n","protected":false},"author":34,"featured_media":0,"parent":0,"menu_order":0,"comment_status":"closed","ping_status":"closed","template":"","meta":{"footnotes":""},"class_list":["post-9","page","type-page","status-publish","hentry"],"_links":{"self":[{"href":"https:\/\/blog.uclm.es\/grupoemas\/wp-json\/wp\/v2\/pages\/9","targetHints":{"allow":["GET"]}}],"collection":[{"href":"https:\/\/blog.uclm.es\/grupoemas\/wp-json\/wp\/v2\/pages"}],"about":[{"href":"https:\/\/blog.uclm.es\/grupoemas\/wp-json\/wp\/v2\/types\/page"}],"author":[{"embeddable":true,"href":"https:\/\/blog.uclm.es\/grupoemas\/wp-json\/wp\/v2\/users\/34"}],"replies":[{"embeddable":true,"href":"https:\/\/blog.uclm.es\/grupoemas\/wp-json\/wp\/v2\/comments?post=9"}],"version-history":[{"count":8,"href":"https:\/\/blog.uclm.es\/grupoemas\/wp-json\/wp\/v2\/pages\/9\/revisions"}],"predecessor-version":[{"id":439,"href":"https:\/\/blog.uclm.es\/grupoemas\/wp-json\/wp\/v2\/pages\/9\/revisions\/439"}],"wp:attachment":[{"href":"https:\/\/blog.uclm.es\/grupoemas\/wp-json\/wp\/v2\/media?parent=9"}],"curies":[{"name":"wp","href":"https:\/\/api.w.org\/{rel}","templated":true}]}}