{"id":68,"date":"2018-04-03T22:58:05","date_gmt":"2018-04-03T21:58:05","guid":{"rendered":"http:\/\/blog.uclm.es\/grupocomes\/?page_id=68"},"modified":"2023-12-08T08:56:31","modified_gmt":"2023-12-08T08:56:31","slug":"proyectos-destacados","status":"publish","type":"page","link":"https:\/\/blog.uclm.es\/grupocomes\/investigacion\/proyectos-destacados\/","title":{"rendered":"Proyectos destacados"},"content":{"rendered":"<ul>\n<li>REspuesta NO-lineal gobernada por la cortadura en materiales compuestos considerando cargas biaxiales y el efecto de radiaci\u00f3n ionizante (RENO). PID2022-137387OB-I00. Agencia Estatal de Investigaci\u00f3n, Ministerio de Econom\u00eda y Competitividad.<\/li>\n<li><a href=\"https:\/\/comes-uclm.github.io\/\">Hacia la normalizaci\u00f3n del ensayo biaxial tracci\u00f3n-compresi\u00f3n para determinar propiedades mec\u00e1nicas ante estados de cortadura pura en el plano (BISHEAR). PDC2021-121154-I00. Agencia Estatal de Investigaci\u00f3n, Ministerio de Econom\u00eda y Competitividad.<\/a><\/li>\n<li>Tolerancia al da\u00f1o por impacto de estructuras de materiales compuestos avanzados de matriz polim\u00e9rica procesados mediante fabricaci\u00f3n aditiva y por moldeo de transferencia de resina. SBPLY\/19\/180501\/0000170. Junta de Comunidades de Castilla-La Mancha.<\/li>\n<li>Estructuras de materiales compuestos reforzados con fibra ante cargas multiaxiales, Ministerio de Econom\u00eda y Competitividad.<\/li>\n<li>Ensayos de impacto y an\u00e1lisis de resultados mediante correlaci\u00f3n digital de imagenes (DIC), Ministerio de Econom\u00eda y Competitividad.<\/li>\n<li>Estudio experimental y te\u00f3rico de materiales compuestos reforzados con fibra ante estados de carga biaxiales, Ministerio de Ciencia e Innovaci\u00f3n.<\/li>\n<li>Sinterizaci\u00f3n y Modificaci\u00f3n superficial de materiales met\u00e1licos con energ\u00eda solar concentrada, Ministerio de Ciencia e Innovaci\u00f3n.<\/li>\n<li>Microscopio Electr\u00f3nico de Barrido SEM-EDX, Ministerio de Ciencia e Innovaci\u00f3n.<\/li>\n<li>Inestabilidades en s\u00f3lidos acelerados,Ministerio de Educaci\u00f3n y Ciencia.<\/li>\n<li>Optimizaci\u00f3n de nuevos procesos de modificaci\u00f3n superficial: electroerosi\u00f3n (EDM) y s\u00edntesis autopropagada iniciada con energ\u00eda solar concentrada (SHS-ESC),Ministerio de Educaci\u00f3n y Ciencia.<\/li>\n<li>Modificaci\u00f3n superficial con Energ\u00eda Solar Concentrada de Materiales Met\u00e1licos,Junta de Comunidades de Castilla-La Mancha.<\/li>\n<li>C\u00e1lculo de cargas de viento sobre un seguidor solar de dos ejes, UTE SOLARSOLFUTURE<\/li>\n<\/ul>\n","protected":false},"excerpt":{"rendered":"<p>REspuesta NO-lineal gobernada por la cortadura en materiales compuestos considerando cargas biaxiales y el efecto de radiaci\u00f3n ionizante (RENO). PID2022-137387OB-I00. Agencia Estatal de Investigaci\u00f3n, Ministerio de Econom\u00eda y Competitividad. Hacia la normalizaci\u00f3n del ensayo biaxial tracci\u00f3n-compresi\u00f3n para determinar propiedades mec\u00e1nicas &hellip; <a href=\"https:\/\/blog.uclm.es\/grupocomes\/investigacion\/proyectos-destacados\/\">Sigue leyendo <span class=\"meta-nav\">&rarr;<\/span><\/a><\/p>\n","protected":false},"author":339,"featured_media":0,"parent":56,"menu_order":0,"comment_status":"closed","ping_status":"closed","template":"","meta":{"footnotes":""},"class_list":["post-68","page","type-page","status-publish","hentry"],"_links":{"self":[{"href":"https:\/\/blog.uclm.es\/grupocomes\/wp-json\/wp\/v2\/pages\/68","targetHints":{"allow":["GET"]}}],"collection":[{"href":"https:\/\/blog.uclm.es\/grupocomes\/wp-json\/wp\/v2\/pages"}],"about":[{"href":"https:\/\/blog.uclm.es\/grupocomes\/wp-json\/wp\/v2\/types\/page"}],"author":[{"embeddable":true,"href":"https:\/\/blog.uclm.es\/grupocomes\/wp-json\/wp\/v2\/users\/339"}],"replies":[{"embeddable":true,"href":"https:\/\/blog.uclm.es\/grupocomes\/wp-json\/wp\/v2\/comments?post=68"}],"version-history":[{"count":2,"href":"https:\/\/blog.uclm.es\/grupocomes\/wp-json\/wp\/v2\/pages\/68\/revisions"}],"predecessor-version":[{"id":258,"href":"https:\/\/blog.uclm.es\/grupocomes\/wp-json\/wp\/v2\/pages\/68\/revisions\/258"}],"up":[{"embeddable":true,"href":"https:\/\/blog.uclm.es\/grupocomes\/wp-json\/wp\/v2\/pages\/56"}],"wp:attachment":[{"href":"https:\/\/blog.uclm.es\/grupocomes\/wp-json\/wp\/v2\/media?parent=68"}],"curies":[{"name":"wp","href":"https:\/\/api.w.org\/{rel}","templated":true}]}}