{"id":56,"date":"2018-04-03T22:49:42","date_gmt":"2018-04-03T21:49:42","guid":{"rendered":"http:\/\/blog.uclm.es\/grupocomes\/?page_id=56"},"modified":"2018-04-03T22:49:42","modified_gmt":"2018-04-03T21:49:42","slug":"investigacion","status":"publish","type":"page","link":"https:\/\/blog.uclm.es\/grupocomes\/investigacion\/","title":{"rendered":"Investigaci\u00f3n"},"content":{"rendered":"<p><strong>L\u00edneas de Investigaci\u00f3n<\/strong><\/p>\n<p>&#8211; Mec\u00e1nica computacional: M\u00e9todo de los Elementos Finitos aplicado al an\u00e1lisis del comportamiento de materiales y estructuras.<br \/>\n&#8211; Procesado, caracterizaci\u00f3n microestructural y mec\u00e1nica de materiales met\u00e1licos y compuestos reforzados con fibras de carbono (CFRP) y de vidrio (GFRP).<br \/>\n&#8211; Materiales compuestos de matriz polim\u00e9rica reforzados con fibra CFRP y GFRP. Efecto de la configuraci\u00f3n, uso de resinas reforzadas con nanopart\u00edculas y m\u00e9todos avanzados de fabricaci\u00f3n aditiva en el comportamiento mec\u00e1nico y tolerancia al da\u00f1o.<br \/>\n&#8211; Modificaci\u00f3n superficial y procesado de materiales mediante energ\u00eda solar concentrada.<\/p>\n","protected":false},"excerpt":{"rendered":"<p>L\u00edneas de Investigaci\u00f3n &#8211; Mec\u00e1nica computacional: M\u00e9todo de los Elementos Finitos aplicado al an\u00e1lisis del comportamiento de materiales y estructuras. &#8211; Procesado, caracterizaci\u00f3n microestructural y mec\u00e1nica de materiales met\u00e1licos y compuestos reforzados con fibras de carbono (CFRP) y de vidrio &hellip; <a href=\"https:\/\/blog.uclm.es\/grupocomes\/investigacion\/\">Sigue leyendo <span class=\"meta-nav\">&rarr;<\/span><\/a><\/p>\n","protected":false},"author":339,"featured_media":0,"parent":0,"menu_order":3,"comment_status":"closed","ping_status":"closed","template":"","meta":{"footnotes":""},"class_list":["post-56","page","type-page","status-publish","hentry"],"_links":{"self":[{"href":"https:\/\/blog.uclm.es\/grupocomes\/wp-json\/wp\/v2\/pages\/56","targetHints":{"allow":["GET"]}}],"collection":[{"href":"https:\/\/blog.uclm.es\/grupocomes\/wp-json\/wp\/v2\/pages"}],"about":[{"href":"https:\/\/blog.uclm.es\/grupocomes\/wp-json\/wp\/v2\/types\/page"}],"author":[{"embeddable":true,"href":"https:\/\/blog.uclm.es\/grupocomes\/wp-json\/wp\/v2\/users\/339"}],"replies":[{"embeddable":true,"href":"https:\/\/blog.uclm.es\/grupocomes\/wp-json\/wp\/v2\/comments?post=56"}],"version-history":[{"count":0,"href":"https:\/\/blog.uclm.es\/grupocomes\/wp-json\/wp\/v2\/pages\/56\/revisions"}],"wp:attachment":[{"href":"https:\/\/blog.uclm.es\/grupocomes\/wp-json\/wp\/v2\/media?parent=56"}],"curies":[{"name":"wp","href":"https:\/\/api.w.org\/{rel}","templated":true}]}}