{"id":42,"date":"2018-04-03T22:32:17","date_gmt":"2018-04-03T21:32:17","guid":{"rendered":"http:\/\/blog.uclm.es\/grupocomes\/?page_id=42"},"modified":"2023-09-18T13:53:27","modified_gmt":"2023-09-18T13:53:27","slug":"docencia","status":"publish","type":"page","link":"https:\/\/blog.uclm.es\/grupocomes\/docencia\/","title":{"rendered":"Docencia"},"content":{"rendered":"<p><a href=\"http:\/\/etsii-cr.uclm.es\/\" target=\"_blank\" rel=\"noopener\"><strong>Escuela T\u00e9cnica Superior de Ingenieros Industriales de Ciudad Real (ETSII-CR)<\/strong><\/a><\/p>\n<p>Resistencia de Materiales<br \/>\n<em>2\u00ba Grado en Ingenier\u00eda Mec\u00e1nica<\/em><\/p>\n<p>Ciencia de los Materiales<br \/>\n<em>2\u00ba Grado en Ingenier\u00eda Mec\u00e1nica<\/em><br \/>\n<em>2\u00ba Grado en Ingenier\u00eda El\u00e9ctrica<\/em><br \/>\n<em>2\u00ba Grado en Ing. Electr\u00f3nica Industrial y Autom\u00e1tica<\/em><\/p>\n<p>Teor\u00eda de Mecanismos y Estructuras<br \/>\n<em>2\u00ba Grado en Ingenier\u00eda El\u00e9ctrica<\/em><br \/>\n<em>2\u00ba Grado en Ing. Electr\u00f3nica Industrial y Autom\u00e1tica<\/em><\/p>\n<p>Mec\u00e1nica del S\u00f3lido Deformable<br \/>\n<em>2\u00ba Grado en Ingenier\u00eda Mec\u00e1nica<\/em><\/p>\n<p>Dise\u00f1o y C\u00e1lculo de Estructuras Met\u00e1licas y de Hormig\u00f3n<br \/>\n<em>3\u00ba Grado en Ingenier\u00eda Mec\u00e1nica<\/em><\/p>\n<p>Ingenier\u00eda y Tecnolog\u00eda de Materiales<br \/>\n<em>3\u00ba Grado en Ingenier\u00eda Mec\u00e1nica<\/em><\/p>\n<p>Teor\u00eda de Estructuras y Construcciones Industriales<br \/>\n<em>3\u00ba Grado en Ingenier\u00eda Mec\u00e1nica<\/em><\/p>\n<p>C\u00e1lculo de Estructuras por el M\u00e9todo de Elementos Finitos<br \/>\n<em>4\u00ba Grado en Ingenier\u00eda Mec\u00e1nica<\/em><\/p>\n<p>Materiales Avanzados<br \/>\n<em>4\u00ba Grado en Ingenier\u00eda Mec\u00e1nica<\/em><\/p>\n<p>Ingenier\u00eda de Estructuras y de M\u00e1quinas<br \/>\n<em>1\u00ba M\u00e1ster en Ingenier\u00eda Industrial<\/em><\/p>\n<p>Sistemas de Fabricaci\u00f3n y Conformado de Materiales<br \/>\n<em>1\u00ba M\u00e1ster en Ingenier\u00eda Industrial<\/em><\/p>\n<p><a href=\"https:\/\/www.uclm.es\/toledo\/arquitectura\" target=\"_blank\" rel=\"noopener\"><strong>Escuela de Arquitectura de Toledo (EAT)<\/strong><\/a><\/p>\n<p>Mec\u00e1nica para las Estructuras<br \/>\n<em>2\u00ba Grado en Arquitectura<\/em><\/p>\n<p>Estructuras I<br \/>\n<em>2\u00ba Grado en Arquitectura<\/em><\/p>\n<p><a href=\"https:\/\/www.uclm.es\/toledo\/eiia\/\" target=\"_blank\" rel=\"noopener\"><strong>Escuela de Ingenier\u00eda Industrial y Aeroespacial de Toledo (EIIA-To)<\/strong><\/a><\/p>\n<p>Resistencia de Materiales<br \/>\n<em>2\u00ba Grado en Ingenier\u00eda Aeroespacial<br \/>\n2\u00ba Grado en Ingenier\u00eda El\u00e9ctrica<br \/>\n2\u00ba Grado en Ingenier\u00eda Electr\u00f3nica Industrial y Autom\u00e1tica<\/em><\/p>\n<p>Ciencia de los Materiales<br \/>\n<em>2\u00ba Grado en Ingenier\u00eda Aeroespacial<\/em><\/p>\n<p>Mec\u00e1nica del S\u00f3lido Deformable<br \/>\n<em>2\u00ba Grado en Ingenier\u00eda Aeroespacial<\/em><\/p>\n<p>Estructuras Aeron\u00e1uticas<br \/>\n<em>3\u00ba Grado en Ingenier\u00eda Aeroespacial<\/em><\/p>\n<p>Ingenier\u00eda y Tecnolog\u00eda de Materiales<br \/>\n<em>3\u00ba Grado en Ingenier\u00eda Aeroespacial<\/em><\/p>\n<p>Materiales Estructurales Aeroespaciales<br \/>\n<em>3\u00ba Grado en Ingenier\u00eda Aeroespacial<\/em><\/p>\n","protected":false},"excerpt":{"rendered":"<p>Escuela T\u00e9cnica Superior de Ingenieros Industriales de Ciudad Real (ETSII-CR) Resistencia de Materiales 2\u00ba Grado en Ingenier\u00eda Mec\u00e1nica Ciencia de los Materiales 2\u00ba Grado en Ingenier\u00eda Mec\u00e1nica 2\u00ba Grado en Ingenier\u00eda El\u00e9ctrica 2\u00ba Grado en Ing. Electr\u00f3nica Industrial y Autom\u00e1tica &hellip; <a href=\"https:\/\/blog.uclm.es\/grupocomes\/docencia\/\">Sigue leyendo <span class=\"meta-nav\">&rarr;<\/span><\/a><\/p>\n","protected":false},"author":339,"featured_media":0,"parent":0,"menu_order":4,"comment_status":"closed","ping_status":"closed","template":"","meta":{"footnotes":""},"class_list":["post-42","page","type-page","status-publish","hentry"],"_links":{"self":[{"href":"https:\/\/blog.uclm.es\/grupocomes\/wp-json\/wp\/v2\/pages\/42","targetHints":{"allow":["GET"]}}],"collection":[{"href":"https:\/\/blog.uclm.es\/grupocomes\/wp-json\/wp\/v2\/pages"}],"about":[{"href":"https:\/\/blog.uclm.es\/grupocomes\/wp-json\/wp\/v2\/types\/page"}],"author":[{"embeddable":true,"href":"https:\/\/blog.uclm.es\/grupocomes\/wp-json\/wp\/v2\/users\/339"}],"replies":[{"embeddable":true,"href":"https:\/\/blog.uclm.es\/grupocomes\/wp-json\/wp\/v2\/comments?post=42"}],"version-history":[{"count":5,"href":"https:\/\/blog.uclm.es\/grupocomes\/wp-json\/wp\/v2\/pages\/42\/revisions"}],"predecessor-version":[{"id":248,"href":"https:\/\/blog.uclm.es\/grupocomes\/wp-json\/wp\/v2\/pages\/42\/revisions\/248"}],"wp:attachment":[{"href":"https:\/\/blog.uclm.es\/grupocomes\/wp-json\/wp\/v2\/media?parent=42"}],"curies":[{"name":"wp","href":"https:\/\/api.w.org\/{rel}","templated":true}]}}