{"id":211,"date":"2017-07-06T09:56:57","date_gmt":"2017-07-06T08:56:57","guid":{"rendered":"http:\/\/blog.uclm.es\/grupocomes\/?page_id=2"},"modified":"2023-09-18T14:10:53","modified_gmt":"2023-09-18T14:10:53","slug":"nuestro-grupo","status":"publish","type":"page","link":"https:\/\/blog.uclm.es\/grupocomes\/nuestro-grupo\/","title":{"rendered":"Nuestro grupo"},"content":{"rendered":"<p><img loading=\"lazy\" decoding=\"async\" class=\"aligncenter size-large wp-image-10\" src=\"https:\/\/blog.uclm.es\/grupocomes\/wp-content\/uploads\/sites\/215\/2017\/11\/IMGP1242modificad2-1-1024x576.jpg\" alt=\"\" width=\"584\" height=\"329\" srcset=\"https:\/\/blog.uclm.es\/grupocomes\/wp-content\/uploads\/sites\/215\/2017\/11\/IMGP1242modificad2-1-1024x576.jpg 1024w, https:\/\/blog.uclm.es\/grupocomes\/wp-content\/uploads\/sites\/215\/2017\/11\/IMGP1242modificad2-1-300x169.jpg 300w, https:\/\/blog.uclm.es\/grupocomes\/wp-content\/uploads\/sites\/215\/2017\/11\/IMGP1242modificad2-1-768x432.jpg 768w, https:\/\/blog.uclm.es\/grupocomes\/wp-content\/uploads\/sites\/215\/2017\/11\/IMGP1242modificad2-1-1536x864.jpg 1536w, https:\/\/blog.uclm.es\/grupocomes\/wp-content\/uploads\/sites\/215\/2017\/11\/IMGP1242modificad2-1-2048x1153.jpg 2048w, https:\/\/blog.uclm.es\/grupocomes\/wp-content\/uploads\/sites\/215\/2017\/11\/IMGP1242modificad2-1-500x281.jpg 500w\" sizes=\"auto, (max-width: 584px) 100vw, 584px\" \/><\/p>\n<p><a href=\"mailto:juanjose.lopez@uclm.es\"><strong>Juan Jos\u00e9 L\u00f3pez Cela<\/strong><\/a><br \/>\n<em>Catedr\u00e1tico de Universidad y Responsable de Grupo<\/em><br \/>\nDoctor Ingeniero Industrial (UPM)<\/p>\n<p><a href=\"mailto:gloria.rodriguez@uclm.es\"><strong>Gloria Patricia Rodr\u00edguez Donoso<\/strong><\/a><br \/>\n<em>Catedr\u00e1tica de Universidad y Responsable de Grupo<\/em><br \/>\nDoctora en Ciencias Qu\u00edmicas (UCM)<\/p>\n<p><a href=\"mailto:mariacarmen.serna@uclm.es\"><strong>Mar\u00eda del Carmen Serna Moreno<\/strong><\/a><br \/>\n<em>Profesora Titular<\/em><br \/>\nDoctora Ingeniera Industrial (UCLM)<\/p>\n<p><a href=\"mailto:miguelangel.caminero@uclm.es\"><strong>Miguel \u00c1ngel Caminero Torija<\/strong><\/a><br \/>\n<em>Profesor Titular<\/em><br \/>\nDoctor Ingeniero Industrial (UCLM)<\/p>\n<p><a href=\"mailto:juanluis.martinez@uclm.es\"><strong>Juan Luis Mart\u00ednez Vicente<\/strong><\/a><br \/>\n<em>Profesor Contratado Doctor Interino<\/em><br \/>\nDoctor Ingeniero Industrial (UCLM)<\/p>\n<p><a href=\"mailto:ana.rgutierrez@uclm.es\"><strong>Ana Romero Guti\u00e9rrez<\/strong><\/a><br \/>\n<em>Profesora Ayudante Doctor<\/em><br \/>\nDoctora Ingeniera Industrial (UCLM)<\/p>\n<p><a href=\"mailto:Irene.GMoreno@uclm.es\"><strong>Irene Garc\u00eda Moreno<\/strong><\/a><br \/>\n<em>Investigadora Postdoctoral en Formaci\u00f3n<\/em><br \/>\nDoctora en Ciencias y Tecnolog\u00edas Aplicadas a la Ingenier\u00eda Industrial (UCLM)<\/p>\n<p><a href=\"mailto:Sergio.Horta@uclm.es\"><strong>Sergio Horta Mu\u00f1oz<\/strong><\/a><br \/>\n<em>Profesor Ayudante<\/em><br \/>\nDoctor en Ciencias y Tecnolog\u00edas Aplicadas a la Ingenier\u00eda Industrial (UCLM)<\/p>\n<p><a href=\"mailto:gonzalezgm@inta.es\"><strong>Manuel Gonz\u00e1lez Gallego<\/strong><\/a><br \/>\n<em>Investigador de I+D+i en el INTA y doctorando en la UCLM<\/em><br \/>\nIngeniero Industrial (UCLM)<\/p>\n","protected":false},"excerpt":{"rendered":"<p>Juan Jos\u00e9 L\u00f3pez Cela Catedr\u00e1tico de Universidad y Responsable de Grupo Doctor Ingeniero Industrial (UPM) Gloria Patricia Rodr\u00edguez Donoso Catedr\u00e1tica de Universidad y Responsable de Grupo Doctora en Ciencias Qu\u00edmicas (UCM) Mar\u00eda del Carmen Serna Moreno Profesora Titular Doctora Ingeniera &hellip; <a href=\"https:\/\/blog.uclm.es\/grupocomes\/nuestro-grupo\/\">Sigue leyendo <span class=\"meta-nav\">&rarr;<\/span><\/a><\/p>\n","protected":false},"author":102,"featured_media":0,"parent":0,"menu_order":1,"comment_status":"closed","ping_status":"closed","template":"","meta":{"footnotes":""},"class_list":["post-211","page","type-page","status-publish","hentry"],"_links":{"self":[{"href":"https:\/\/blog.uclm.es\/grupocomes\/wp-json\/wp\/v2\/pages\/211","targetHints":{"allow":["GET"]}}],"collection":[{"href":"https:\/\/blog.uclm.es\/grupocomes\/wp-json\/wp\/v2\/pages"}],"about":[{"href":"https:\/\/blog.uclm.es\/grupocomes\/wp-json\/wp\/v2\/types\/page"}],"author":[{"embeddable":true,"href":"https:\/\/blog.uclm.es\/grupocomes\/wp-json\/wp\/v2\/users\/102"}],"replies":[{"embeddable":true,"href":"https:\/\/blog.uclm.es\/grupocomes\/wp-json\/wp\/v2\/comments?post=211"}],"version-history":[{"count":3,"href":"https:\/\/blog.uclm.es\/grupocomes\/wp-json\/wp\/v2\/pages\/211\/revisions"}],"predecessor-version":[{"id":255,"href":"https:\/\/blog.uclm.es\/grupocomes\/wp-json\/wp\/v2\/pages\/211\/revisions\/255"}],"wp:attachment":[{"href":"https:\/\/blog.uclm.es\/grupocomes\/wp-json\/wp\/v2\/media?parent=211"}],"curies":[{"name":"wp","href":"https:\/\/api.w.org\/{rel}","templated":true}]}}