{"id":128,"date":"2019-07-11T11:45:59","date_gmt":"2019-07-11T10:45:59","guid":{"rendered":"http:\/\/blog.uclm.es\/grupocomes\/?page_id=128"},"modified":"2023-12-08T10:32:35","modified_gmt":"2023-12-08T10:32:35","slug":"noticias","status":"publish","type":"page","link":"https:\/\/blog.uclm.es\/grupocomes\/","title":{"rendered":"Noticias"},"content":{"rendered":"\n<h2 class=\"wp-block-heading has-white-color has-vivid-cyan-blue-to-vivid-purple-gradient-background has-text-color has-background has-medium-font-size\"><strong>UNE publica una especificaci\u00f3n basada en una metodolog\u00eda desarrollada por el grupo COMES<\/strong><\/h2>\n\n\n\n<div class=\"wp-block-columns is-layout-flex wp-container-core-columns-is-layout-9d6595d7 wp-block-columns-is-layout-flex\">\n<div class=\"wp-block-column is-layout-flow wp-block-column-is-layout-flow\">\n<figure class=\"wp-block-image size-large\"><img loading=\"lazy\" decoding=\"async\" width=\"1024\" height=\"690\" src=\"https:\/\/blog.uclm.es\/grupocomes\/wp-content\/uploads\/sites\/215\/2023\/07\/FOTOWORDPRESS-1024x690.jpg\" alt=\"\" class=\"wp-image-237\" srcset=\"https:\/\/blog.uclm.es\/grupocomes\/wp-content\/uploads\/sites\/215\/2023\/07\/FOTOWORDPRESS-1024x690.jpg 1024w, https:\/\/blog.uclm.es\/grupocomes\/wp-content\/uploads\/sites\/215\/2023\/07\/FOTOWORDPRESS-300x202.jpg 300w, https:\/\/blog.uclm.es\/grupocomes\/wp-content\/uploads\/sites\/215\/2023\/07\/FOTOWORDPRESS-768x518.jpg 768w, https:\/\/blog.uclm.es\/grupocomes\/wp-content\/uploads\/sites\/215\/2023\/07\/FOTOWORDPRESS-445x300.jpg 445w, https:\/\/blog.uclm.es\/grupocomes\/wp-content\/uploads\/sites\/215\/2023\/07\/FOTOWORDPRESS.jpg 1536w\" sizes=\"auto, (max-width: 1024px) 100vw, 1024px\" \/><\/figure>\n\n\n\n<p class=\"has-drop-cap\">La Asociaci\u00f3n Espa\u00f1ola de Normalizaci\u00f3n (UNE), ha publicado la Especificaci\u00f3n UNE 0074:2023, destinada a la industria aeron\u00e1utica, aeroespacial, automovil\u00edstica, naval y otras, que se basa en una metodolog\u00eda desarrollada por nuestro grupo de investigaci\u00f3n COMES. El prop\u00f3sito de esta especificaci\u00f3n es obtener un conocimiento m\u00e1s preciso sobre la respuesta a cortadura de los pol\u00edmeros reforzados con fibras continuas (FRP), un tipo de material con un gran potencial para la construcci\u00f3n de estructuras ligeras debido a su alta rigidez y resistencia.<\/p>\n<\/div>\n\n\n\n<div class=\"wp-block-column is-layout-flow wp-block-column-is-layout-flow\" style=\"flex-basis:40%\">\n<p>La Especificaci\u00f3n UNE 0074:2023, titulada &#8216;M\u00e9todo de ensayo de cortadura mediante tracci\u00f3n-compresi\u00f3n sobre probeta cruciforme&#8217;, ha sido elaborada por UNE a trav\u00e9s del comit\u00e9 t\u00e9cnico de normalizaci\u00f3n 53, dedicado a Pl\u00e1sticos y Caucho (CNT 53), en el grupo de trabajo 8 (GT8) bajo la secretar\u00eda de la Asociaci\u00f3n Espa\u00f1ola de Industriales de Pl\u00e1sticos (ANAIP). Adem\u00e1s del Grupo de Mec\u00e1nica de los Medios Continuos, Ingenier\u00eda de Estructuras y de Materiales (COMES) de la UCLM, han colaborado en su redacci\u00f3n el Instituto Tecnol\u00f3gico del Pl\u00e1stico (AIMPLAS), el Instituto de Ciencias de la Construcci\u00f3n Eduardo Torroja y la empresa Siemens-Gamesa.<\/p>\n<\/div>\n<\/div>\n\n\n\n<p>El documento describe el m\u00e9todo para determinar la respuesta mec\u00e1nica a cortadura de pl\u00e1sticos con y sin refuerzo, bas\u00e1ndose en la investigaci\u00f3n realizada por el grupo de investigaci\u00f3n COMES en los proyectos COMMUL y <a href=\"https:\/\/comes-uclm.github.io\/\">BISHEAR<\/a>, desarrollados dentro del marco del Programa Estatal de I+D+i Orientado a los Retos de la Sociedad de 2016 y los Proyectos Prueba de Concepto de 2021.<\/p>\n\n\n\n<p>En industrias como la aeron\u00e1utica, aeroespacial, automovil\u00edstica, naval, as\u00ed como en aerogeneradores y tecnolog\u00edas relacionadas con la medicina o el deporte, \u00abla necesidad de reducir el peso es crucial para mejorar el rendimiento de diversas partes estructurales\u00bb. Los FRP son materiales con un gran potencial para la construcci\u00f3n de estructuras ligeras debido a su alta rigidez y resistencia. Aunque existen ensayos estandarizados previos que son \u00abadecuados\u00bb para caracterizar la rigidez a cortadura, \u00abpueden dar lugar a estimaciones muy diferentes de la resistencia a cortadura\u00bb.<\/p>\n\n\n\n<p>El m\u00e9todo desarrollado por la UCLM permite evaluar el comportamiento mec\u00e1nico de los materiales FRP sometidos a cortadura pura para el dise\u00f1o de estructuras ligeras, mediante un ensayo biaxial de tracci\u00f3n-compresi\u00f3n sobre probetas cruciformes, que permite observar la respuesta hasta alcanzar valores de deformaci\u00f3n superiores a los logrados en los ensayos estandarizados m\u00e1s utilizados.<\/p>\n\n\n\n<p>\u00abLa creaci\u00f3n de la Especificaci\u00f3n UNE 0074:2023 avanza hacia un conocimiento m\u00e1s preciso sobre la respuesta de los materiales FRP en las etapas de dise\u00f1o estructural, lo que permite reducir el peso de los componentes minimizando su sobredimensionamiento\u00bb, explican. Esta especificaci\u00f3n tiene aplicaciones en el sector del transporte (tierra, mar, aire y espacio), donde veh\u00edculos m\u00e1s ligeros contribuir\u00edan a reducir el consumo de combustibles f\u00f3siles y, por ende, las emisiones de CO2. Tambi\u00e9n en la industria e\u00f3lica, ya que la reducci\u00f3n del peso de las palas mejorar\u00eda su eficiencia en la tendencia actual de incrementar su tama\u00f1o para obtener m\u00e1s energ\u00eda del viento.<\/p>\n\n\n\n<p><strong>Otros enlaces de la noticia<\/strong><\/p>\n\n\n\n<ul class=\"wp-block-list\">\n<li><a href=\"https:\/\/www.aemac.org\/une-publica-una-especificacion-basada-en-una-metodologia-desarrollada-en-la-uclm\/\">https:\/\/www.aemac.org\/une-publica-una-especificacion-basada-en-una-metodologia-desarrollada-en-la-uclm\/<\/a><\/li>\n\n\n\n<li><a href=\"https:\/\/www.uclm.es\/noticias\/noticias2023\/julio\/toledo\/especificacion_une_grupo_comes\">https:\/\/www.uclm.es\/noticias\/noticias2023\/julio\/toledo\/especificacion_une_grupo_comes<\/a><\/li>\n<\/ul>\n\n\n\n<p class=\"has-white-color has-text-color has-background has-medium-font-size\" style=\"background:linear-gradient(90deg,rgb(6,147,227) 0%,rgb(155,81,224) 100%)\"><strong>Participaci\u00f3n del grupo COMES en MATCOMP&#8217;23<\/strong><\/p>\n\n\n<div class=\"wp-block-image\">\n<figure class=\"alignleft is-resized\"><img loading=\"lazy\" decoding=\"async\" width=\"300\" height=\"116\" src=\"https:\/\/blog.uclm.es\/grupocomes\/wp-content\/uploads\/sites\/215\/2023\/12\/matcomp23-300x116.jpg\" alt=\"\" class=\"wp-image-266\" style=\"aspect-ratio:2.586206896551724;width:274px;height:auto\" srcset=\"https:\/\/blog.uclm.es\/grupocomes\/wp-content\/uploads\/sites\/215\/2023\/12\/matcomp23-300x116.jpg 300w, https:\/\/blog.uclm.es\/grupocomes\/wp-content\/uploads\/sites\/215\/2023\/12\/matcomp23.jpg 361w\" sizes=\"auto, (max-width: 300px) 100vw, 300px\" \/><\/figure>\n<\/div>\n\n\n<blockquote class=\"wp-block-quote is-layout-flow wp-block-quote-is-layout-flow\">\n<p><span class=\"css-1qaijid r-bcqeeo r-qvutc0 r-poiln3\">Esta semana el grupo COMES-UCLM <\/span><a class=\"css-1qaijid r-bcqeeo r-qvutc0 r-poiln3 r-1loqt21\" dir=\"ltr\" style=\"font-family: 'Helvetica Neue', Helvetica, Arial, 'Nimbus Sans L', sans-serif\" role=\"link\" href=\"https:\/\/twitter.com\/eiia_toledo\">@eiia_toledo<\/a> &nbsp;<span class=\"r-18u37iz\"><a class=\"css-1qaijid r-bcqeeo r-qvutc0 r-poiln3 r-1loqt21\" dir=\"ltr\" role=\"link\" href=\"https:\/\/twitter.com\/IndustrialesCR\">@IndustrialesCR <\/a><a class=\"css-1qaijid r-bcqeeo r-qvutc0 r-poiln3 r-1loqt21\" dir=\"ltr\" role=\"link\" href=\"https:\/\/twitter.com\/uclm_es\">@uclm_es&nbsp;<\/a>estamos participando en <a class=\"css-1qaijid r-bcqeeo r-qvutc0 r-poiln3 r-1loqt21\" dir=\"ltr\" role=\"link\" href=\"https:\/\/twitter.com\/hashtag\/MATCOMP23?src=hashtag_click\">#MATCOMP23<\/a>, exponiendo los resultados para obtener una especificaci\u00f3n UNE. Gracias <\/span><a class=\"css-1qaijid r-bcqeeo r-qvutc0 r-poiln3 r-1loqt21\" dir=\"ltr\" style=\"font-family: 'Helvetica Neue', Helvetica, Arial, 'Nimbus Sans L', sans-serif\" role=\"link\" href=\"https:\/\/twitter.com\/uniovi_info\">@uniovi_info<\/a> <span class=\"r-18u37iz\"><a class=\"css-1qaijid r-bcqeeo r-qvutc0 r-poiln3 r-1loqt21\" dir=\"ltr\" role=\"link\" href=\"https:\/\/twitter.com\/AEMAC_\">@AEMAC_<\/a> por la estupenda organizaci\u00f3n!<\/span><\/p>\n<cite>\u2014 Sergio Horta Mu\u00f1oz (<a href=\"https:\/\/twitter.com\/munoz_horta\">@munoz_horta<\/a>) <a href=\"https:\/\/twitter.com\/munoz_horta\/status\/1668988868178092032\">14 de junio de 2023<\/a><\/cite><\/blockquote>\n\n\n\n<p class=\"has-white-color has-text-color has-background has-medium-font-size\" style=\"background:linear-gradient(90deg,rgb(6,147,227) 0%,rgb(155,81,224) 100%)\"><strong>Participaci\u00f3n del grupo COMES en MATCOMP&#8217;19<\/strong><\/p>\n\n\n<h2>\u00a0<\/h2>\n<blockquote>\n<p dir=\"ltr\" lang=\"es\">Amplia representaci\u00f3n de <a href=\"https:\/\/twitter.com\/IndustrialesCR?ref_src=twsrc%5Etfw\">@IndustrialesCR<\/a> <a href=\"https:\/\/twitter.com\/uclm_es?ref_src=twsrc%5Etfw\">@uclm_es<\/a> en <a href=\"https:\/\/twitter.com\/hashtag\/MATCOMP19?src=hash&amp;ref_src=twsrc%5Etfw\">#MATCOMP19<\/a> donde estamos presentando nuestros resultados de investigaci\u00f3n <a href=\"https:\/\/twitter.com\/UCLMdivulga?ref_src=twsrc%5Etfw\">@UCLMdivulga<\/a> <a href=\"https:\/\/t.co\/WZ9D11W6m8\">pic.twitter.com\/WZ9D11W6m8<\/a><\/p>\n<\/blockquote>\n<blockquote class=\"twitter-tweet\" data-lang=\"es\">\n<p>\u2014 Gloria Rodr\u00edguez (<a href=\"https:\/\/twitter.com\/gloriaprd\">@gloriaprd<\/a>) <a href=\"https:\/\/twitter.com\/gloriaprd\/status\/1146779168056729605?ref_src=twsrc%5Etfw\">4 de julio de 2019<\/a><\/p>\n<\/blockquote>\n\n\n<p><a rel=\"noreferrer noopener\" href=\"https:\/\/www.inta.es\/ICTS-CEHIPAR\/es\/noticias\/Noticia_1562746781882\/\" target=\"_blank\">El INTA presente en el XIII Congreso Nacional de Materiales Compuestos MATCOMP\u201919.<\/a><\/p>\n","protected":false},"excerpt":{"rendered":"<p>UNE publica una especificaci\u00f3n basada en una metodolog\u00eda desarrollada por el grupo COMES La Asociaci\u00f3n Espa\u00f1ola de Normalizaci\u00f3n (UNE), ha publicado la Especificaci\u00f3n UNE 0074:2023, destinada a la industria aeron\u00e1utica, aeroespacial, automovil\u00edstica, naval y otras, que se basa en una &hellip; <a href=\"https:\/\/blog.uclm.es\/grupocomes\/\">Sigue leyendo <span class=\"meta-nav\">&rarr;<\/span><\/a><\/p>\n","protected":false},"author":339,"featured_media":0,"parent":0,"menu_order":0,"comment_status":"closed","ping_status":"closed","template":"sidebar-page.php","meta":{"footnotes":""},"class_list":["post-128","page","type-page","status-publish","hentry"],"_links":{"self":[{"href":"https:\/\/blog.uclm.es\/grupocomes\/wp-json\/wp\/v2\/pages\/128","targetHints":{"allow":["GET"]}}],"collection":[{"href":"https:\/\/blog.uclm.es\/grupocomes\/wp-json\/wp\/v2\/pages"}],"about":[{"href":"https:\/\/blog.uclm.es\/grupocomes\/wp-json\/wp\/v2\/types\/page"}],"author":[{"embeddable":true,"href":"https:\/\/blog.uclm.es\/grupocomes\/wp-json\/wp\/v2\/users\/339"}],"replies":[{"embeddable":true,"href":"https:\/\/blog.uclm.es\/grupocomes\/wp-json\/wp\/v2\/comments?post=128"}],"version-history":[{"count":4,"href":"https:\/\/blog.uclm.es\/grupocomes\/wp-json\/wp\/v2\/pages\/128\/revisions"}],"predecessor-version":[{"id":268,"href":"https:\/\/blog.uclm.es\/grupocomes\/wp-json\/wp\/v2\/pages\/128\/revisions\/268"}],"wp:attachment":[{"href":"https:\/\/blog.uclm.es\/grupocomes\/wp-json\/wp\/v2\/media?parent=128"}],"curies":[{"name":"wp","href":"https:\/\/api.w.org\/{rel}","templated":true}]}}