{"id":885,"date":"2022-06-03T09:53:27","date_gmt":"2022-06-03T08:53:27","guid":{"rendered":"https:\/\/blog.uclm.es\/grupochico\/?page_id=885"},"modified":"2022-06-03T09:53:27","modified_gmt":"2022-06-03T08:53:27","slug":"transferencia-2","status":"publish","type":"page","link":"https:\/\/blog.uclm.es\/grupochico\/transferencia-2\/","title":{"rendered":"Transferencia"},"content":{"rendered":"\n<h2 class=\"wp-block-heading\">Como principales instrumentos de transferencia de conocimiento, talento y tecnolog\u00eda, el Grupo CHICO trabaja con los siguientes instrumentos fundamentales: <a href=\"https:\/\/blog.uclm.es\/telefonica\/\">C\u00e1tedra Sistemas Avanzados de Interacci\u00f3n para Educaci\u00f3n Digital (UCLM y Telef\u00f3nica)<\/a>, <a href=\"https:\/\/blog.uclm.es\/grupochico\/laboratorio-de-usabilidad\/\">Laboratorio de Usabilidad<\/a>, y <a href=\"https:\/\/blog.uclm.es\/telefonica\/2022\/05\/25\/nuevo-laboratorio-de-investigacion-desarrollo-e-innovacion-idi-de-la-catedra-uclm-telefonica-en-el-campus-de-cuenca\/\">Laboratorio de I+D+i de la C\u00e1tedra UCLM-Telef\u00f3nica en el Campus de Cuenca<\/a> (de reciente creaci\u00f3n)<\/h2>\n","protected":false},"excerpt":{"rendered":"<p>Como principales instrumentos de transferencia de conocimiento, talento y tecnolog\u00eda, el Grupo CHICO trabaja con los siguientes instrumentos fundamentales: C\u00e1tedra Sistemas Avanzados de Interacci\u00f3n para Educaci\u00f3n Digital (UCLM y Telef\u00f3nica), Laboratorio de Usabilidad, y Laboratorio de I+D+i de la C\u00e1tedra UCLM-Telef\u00f3nica en el Campus de Cuenca (de reciente creaci\u00f3n)<\/p>\n","protected":false},"author":67,"featured_media":0,"parent":0,"menu_order":0,"comment_status":"closed","ping_status":"closed","template":"","meta":{"footnotes":""},"class_list":["post-885","page","type-page","status-publish","hentry"],"_links":{"self":[{"href":"https:\/\/blog.uclm.es\/grupochico\/wp-json\/wp\/v2\/pages\/885","targetHints":{"allow":["GET"]}}],"collection":[{"href":"https:\/\/blog.uclm.es\/grupochico\/wp-json\/wp\/v2\/pages"}],"about":[{"href":"https:\/\/blog.uclm.es\/grupochico\/wp-json\/wp\/v2\/types\/page"}],"author":[{"embeddable":true,"href":"https:\/\/blog.uclm.es\/grupochico\/wp-json\/wp\/v2\/users\/67"}],"replies":[{"embeddable":true,"href":"https:\/\/blog.uclm.es\/grupochico\/wp-json\/wp\/v2\/comments?post=885"}],"version-history":[{"count":0,"href":"https:\/\/blog.uclm.es\/grupochico\/wp-json\/wp\/v2\/pages\/885\/revisions"}],"wp:attachment":[{"href":"https:\/\/blog.uclm.es\/grupochico\/wp-json\/wp\/v2\/media?parent=885"}],"curies":[{"name":"wp","href":"https:\/\/api.w.org\/{rel}","templated":true}]}}