{"id":65,"date":"2015-06-16T10:25:47","date_gmt":"2015-06-16T09:25:47","guid":{"rendered":"http:\/\/blog.uclm.es\/grupochico\/?page_id=65"},"modified":"2024-11-27T16:54:20","modified_gmt":"2024-11-27T16:54:20","slug":"miembros","status":"publish","type":"page","link":"https:\/\/blog.uclm.es\/grupochico\/miembros\/","title":{"rendered":"Miembros"},"content":{"rendered":"\n<div class=\"wp-block-columns is-layout-flex wp-container-core-columns-is-layout-9d6595d7 wp-block-columns-is-layout-flex\">\n<div class=\"wp-block-column is-vertically-aligned-center is-layout-flow wp-block-column-is-layout-flow\">\n<div class=\"wp-block-cover is-light\" style=\"min-height:230px;aspect-ratio:unset;\"><span aria-hidden=\"true\" class=\"wp-block-cover__background has-white-background-color has-background-dim-0 has-background-dim\"><\/span><img loading=\"lazy\" decoding=\"async\" width=\"1024\" height=\"569\" class=\"wp-block-cover__image-background wp-image-987\" alt=\"Fachada de la Escuela Superior de Inform\u00e1tica de Ciudad Real\" src=\"https:\/\/blog.uclm.es\/grupochico\/wp-content\/uploads\/sites\/41\/2022\/07\/ESI_CR.png\" data-object-fit=\"cover\" srcset=\"https:\/\/blog.uclm.es\/grupochico\/wp-content\/uploads\/sites\/41\/2022\/07\/ESI_CR.png 1024w, https:\/\/blog.uclm.es\/grupochico\/wp-content\/uploads\/sites\/41\/2022\/07\/ESI_CR-300x167.png 300w, https:\/\/blog.uclm.es\/grupochico\/wp-content\/uploads\/sites\/41\/2022\/07\/ESI_CR-768x427.png 768w, https:\/\/blog.uclm.es\/grupochico\/wp-content\/uploads\/sites\/41\/2022\/07\/ESI_CR-500x278.png 500w\" sizes=\"auto, (max-width: 706px) 89vw, (max-width: 767px) 82vw, 740px\" \/><div class=\"wp-block-cover__inner-container is-layout-flow wp-block-cover-is-layout-flow\">\n<h2 class=\"wp-block-heading has-text-align-center has-white-color has-text-color\" style=\"font-size:22px\"><a style=\"color:#FFFFFF\" href=\"http:\/\/blog.uclm.es\/grupochico\/campus-de-ciudad-real\/\"><strong>Ciudad Real<\/strong><\/a><\/h2>\n<\/div><\/div>\n<\/div>\n\n\n\n<div class=\"wp-block-column is-layout-flow wp-block-column-is-layout-flow\">\n<div class=\"wp-block-cover aligncenter is-light\" style=\"min-height:230px;aspect-ratio:unset;\"><span aria-hidden=\"true\" class=\"wp-block-cover__background has-white-background-color has-background-dim-0 has-background-dim\"><\/span><img loading=\"lazy\" decoding=\"async\" width=\"1577\" height=\"962\" class=\"wp-block-cover__image-background wp-image-984\" alt=\"Escuela de Ingenier\u00eda Minera e Industrial de Almad\u00e9n\" src=\"https:\/\/blog.uclm.es\/grupochico\/wp-content\/uploads\/sites\/41\/2022\/07\/EIMIA_Almaden.jpg\" data-object-fit=\"cover\" srcset=\"https:\/\/blog.uclm.es\/grupochico\/wp-content\/uploads\/sites\/41\/2022\/07\/EIMIA_Almaden.jpg 1577w, https:\/\/blog.uclm.es\/grupochico\/wp-content\/uploads\/sites\/41\/2022\/07\/EIMIA_Almaden-300x183.jpg 300w, https:\/\/blog.uclm.es\/grupochico\/wp-content\/uploads\/sites\/41\/2022\/07\/EIMIA_Almaden-1024x625.jpg 1024w, https:\/\/blog.uclm.es\/grupochico\/wp-content\/uploads\/sites\/41\/2022\/07\/EIMIA_Almaden-768x468.jpg 768w, https:\/\/blog.uclm.es\/grupochico\/wp-content\/uploads\/sites\/41\/2022\/07\/EIMIA_Almaden-1536x937.jpg 1536w, https:\/\/blog.uclm.es\/grupochico\/wp-content\/uploads\/sites\/41\/2022\/07\/EIMIA_Almaden-492x300.jpg 492w\" sizes=\"auto, (max-width: 706px) 89vw, (max-width: 767px) 82vw, 740px\" \/><div class=\"wp-block-cover__inner-container is-layout-flow wp-block-cover-is-layout-flow\">\n<h2 class=\"wp-block-heading has-text-align-center\" style=\"font-size:22px\"><a style=\"color:#FFFFFF\" href=\"https:\/\/blog.uclm.es\/grupochico\/campus-de-almaden\/\"><strong>Almad\u00e9n<\/strong><\/a><\/h2>\n<\/div><\/div>\n<\/div>\n<\/div>\n\n\n\n<h3 class=\"wp-block-heading\">Adem\u00e1s, hay diversos <a href=\"https:\/\/blog.uclm.es\/grupochico\/otros-colaboradores\/\">colaboradores del Grupo<\/a> en universidades nacionales y extranjeras que han realizado parte de su formaci\u00f3n investigadora con proyectos espec\u00edficos de CHICO.<\/h3>\n","protected":false},"excerpt":{"rendered":"<p>Adem\u00e1s, hay diversos colaboradores del Grupo en universidades nacionales y extranjeras que han realizado parte de su formaci\u00f3n investigadora con proyectos espec\u00edficos de CHICO.<\/p>\n","protected":false},"author":67,"featured_media":0,"parent":0,"menu_order":0,"comment_status":"closed","ping_status":"closed","template":"","meta":{"footnotes":""},"class_list":["post-65","page","type-page","status-publish","hentry"],"_links":{"self":[{"href":"https:\/\/blog.uclm.es\/grupochico\/wp-json\/wp\/v2\/pages\/65","targetHints":{"allow":["GET"]}}],"collection":[{"href":"https:\/\/blog.uclm.es\/grupochico\/wp-json\/wp\/v2\/pages"}],"about":[{"href":"https:\/\/blog.uclm.es\/grupochico\/wp-json\/wp\/v2\/types\/page"}],"author":[{"embeddable":true,"href":"https:\/\/blog.uclm.es\/grupochico\/wp-json\/wp\/v2\/users\/67"}],"replies":[{"embeddable":true,"href":"https:\/\/blog.uclm.es\/grupochico\/wp-json\/wp\/v2\/comments?post=65"}],"version-history":[{"count":2,"href":"https:\/\/blog.uclm.es\/grupochico\/wp-json\/wp\/v2\/pages\/65\/revisions"}],"predecessor-version":[{"id":1804,"href":"https:\/\/blog.uclm.es\/grupochico\/wp-json\/wp\/v2\/pages\/65\/revisions\/1804"}],"wp:attachment":[{"href":"https:\/\/blog.uclm.es\/grupochico\/wp-json\/wp\/v2\/media?parent=65"}],"curies":[{"name":"wp","href":"https:\/\/api.w.org\/{rel}","templated":true}]}}