{"id":62,"date":"2015-06-16T10:25:04","date_gmt":"2015-06-16T09:25:04","guid":{"rendered":"http:\/\/blog.uclm.es\/grupochico\/?page_id=62"},"modified":"2025-06-16T15:46:40","modified_gmt":"2025-06-16T15:46:40","slug":"inicio","status":"publish","type":"page","link":"https:\/\/blog.uclm.es\/grupochico\/","title":{"rendered":""},"content":{"rendered":"\n<h2 class=\"wp-block-heading\">CHICO es un Grupo de Investigaci\u00f3n de la Universidad de Castilla-La Mancha con sede en la <em>Escuela Superior de Inform\u00e1tica<\/em> del Campus de Ciudad Real.<\/h2>\n\n\n\n<h2 class=\"wp-block-heading\">El inter\u00e9s investigador del grupo se focaliza, principalmente, en los <em>nuevos m\u00e9todos, t\u00e9cnicas, herramientas y procesos de Ingenier\u00eda Inform\u00e1tica para la mejora de las tareas interactivas y colaborativas<\/em>.<\/h2>\n\n\n\n<div style=\"height:60px\" aria-hidden=\"true\" class=\"wp-block-spacer\"><\/div>\n","protected":false},"excerpt":{"rendered":"<p>CHICO es un Grupo de Investigaci\u00f3n de la Universidad de Castilla-La Mancha con sede en la Escuela Superior de Inform\u00e1tica del Campus de Ciudad Real. El inter\u00e9s investigador del grupo se focaliza, principalmente, en los nuevos m\u00e9todos, t\u00e9cnicas, herramientas y procesos de Ingenier\u00eda Inform\u00e1tica para la mejora de las tareas interactivas y colaborativas.<\/p>\n","protected":false},"author":67,"featured_media":0,"parent":0,"menu_order":0,"comment_status":"closed","ping_status":"open","template":"","meta":{"footnotes":""},"class_list":["post-62","page","type-page","status-publish","hentry"],"_links":{"self":[{"href":"https:\/\/blog.uclm.es\/grupochico\/wp-json\/wp\/v2\/pages\/62","targetHints":{"allow":["GET"]}}],"collection":[{"href":"https:\/\/blog.uclm.es\/grupochico\/wp-json\/wp\/v2\/pages"}],"about":[{"href":"https:\/\/blog.uclm.es\/grupochico\/wp-json\/wp\/v2\/types\/page"}],"author":[{"embeddable":true,"href":"https:\/\/blog.uclm.es\/grupochico\/wp-json\/wp\/v2\/users\/67"}],"replies":[{"embeddable":true,"href":"https:\/\/blog.uclm.es\/grupochico\/wp-json\/wp\/v2\/comments?post=62"}],"version-history":[{"count":7,"href":"https:\/\/blog.uclm.es\/grupochico\/wp-json\/wp\/v2\/pages\/62\/revisions"}],"predecessor-version":[{"id":1827,"href":"https:\/\/blog.uclm.es\/grupochico\/wp-json\/wp\/v2\/pages\/62\/revisions\/1827"}],"wp:attachment":[{"href":"https:\/\/blog.uclm.es\/grupochico\/wp-json\/wp\/v2\/media?parent=62"}],"curies":[{"name":"wp","href":"https:\/\/api.w.org\/{rel}","templated":true}]}}