{"id":1791,"date":"2024-07-25T08:57:53","date_gmt":"2024-07-25T08:57:53","guid":{"rendered":"https:\/\/blog.uclm.es\/grupochico\/?page_id=1791"},"modified":"2024-07-25T08:57:53","modified_gmt":"2024-07-25T08:57:53","slug":"presentacion-de-plantea-al-presidente-de-la-confederacion-autismo-espana","status":"publish","type":"page","link":"https:\/\/blog.uclm.es\/grupochico\/presentacion-de-plantea-al-presidente-de-la-confederacion-autismo-espana\/","title":{"rendered":"Presentaci\u00f3n de PlanTEA al presidente de la Confederaci\u00f3n Autismo Espa\u00f1a"},"content":{"rendered":"\n<p>El pasado 22 de Julio, el presidente de la\u00a0<a href=\"https:\/\/autismo.org.es\/\" target=\"_blank\" rel=\"noreferrer noopener\">Confederaci\u00f3n Autismo Espa\u00f1a<\/a>\u00a0visit\u00f3 las instalaciones del\u00a0<a href=\"https:\/\/blog.uclm.es\/grupochico\/\" target=\"_blank\" rel=\"noreferrer noopener\">grupo CHICO<\/a>\u00a0en la\u00a0<a href=\"https:\/\/esi.uclm.es\/\" target=\"_blank\" rel=\"noreferrer noopener\">Escuela Superior de Inform\u00e1tica de la UCLM<\/a>, con el fin de conocer las soluciones tecnol\u00f3gicas para personas con autismo que el grupo est\u00e1 desarrollando en el contexto del\u00a0<strong><a href=\"https:\/\/blog.uclm.es\/grupochico\/convenio-plantea\/\">Proyecto\u00a0TED2021-131956B-I00<\/a>, financiado por MICIU\/AEI \/10.13039\/501100011033<\/strong>\u00a0<strong>y por la Uni\u00f3n Europea NextGenerationEU\/ PRTR<\/strong>, y que lideran las profesoras D\u00f1a. Ana Isabel Molina y D\u00f1a. Carmen Lacave. <\/p>\n\n\n\n<p>La Confederaci\u00f3n Autismo Espa\u00f1a agrupa y representa a 188 entidades del territorio nacional que prestan apoyos y servicios especializados a las personas autistas y sus familias. Entre otras cosas, se present\u00f3 el estado actual de PlanTEA, una aplicaci\u00f3n multidispositivo, dise\u00f1ada espec\u00edficamente para mejorar la planificaci\u00f3n y anticipaci\u00f3n de actividades de personas con autismo en funci\u00f3n de sus necesidades de apoyo espec\u00edficas, y en el que est\u00e1n colaborando personal experto de distintas asociaciones de personas con autismo a nivel regional (<a href=\"http:\/\/autrade.info\/\" target=\"_blank\" rel=\"noreferrer noopener\">AUTRADE<\/a>,\u00a0<a href=\"https:\/\/www.autismocastillalamancha.org\/\" target=\"_blank\" rel=\"noreferrer noopener\">FACLM<\/a>) y nacional (<a href=\"https:\/\/fespau.es\/\" target=\"_blank\" rel=\"noreferrer noopener\">FESPAU<\/a>).<\/p>\n\n\n\n<figure class=\"wp-block-image size-large\"><img loading=\"lazy\" decoding=\"async\" width=\"1024\" height=\"768\" src=\"https:\/\/blog.uclm.es\/grupochico\/wp-content\/uploads\/sites\/41\/2024\/07\/WhatsApp-Image-2024-07-22-at-14.15.47-1024x768.jpeg\" alt=\"\" class=\"wp-image-1792\" srcset=\"https:\/\/blog.uclm.es\/grupochico\/wp-content\/uploads\/sites\/41\/2024\/07\/WhatsApp-Image-2024-07-22-at-14.15.47-1024x768.jpeg 1024w, https:\/\/blog.uclm.es\/grupochico\/wp-content\/uploads\/sites\/41\/2024\/07\/WhatsApp-Image-2024-07-22-at-14.15.47-300x225.jpeg 300w, https:\/\/blog.uclm.es\/grupochico\/wp-content\/uploads\/sites\/41\/2024\/07\/WhatsApp-Image-2024-07-22-at-14.15.47-768x576.jpeg 768w, https:\/\/blog.uclm.es\/grupochico\/wp-content\/uploads\/sites\/41\/2024\/07\/WhatsApp-Image-2024-07-22-at-14.15.47-1536x1152.jpeg 1536w, https:\/\/blog.uclm.es\/grupochico\/wp-content\/uploads\/sites\/41\/2024\/07\/WhatsApp-Image-2024-07-22-at-14.15.47.jpeg 2000w\" sizes=\"auto, (max-width: 706px) 89vw, (max-width: 767px) 82vw, 740px\" \/><\/figure>\n\n\n\n<figure class=\"wp-block-image size-large\"><img loading=\"lazy\" decoding=\"async\" width=\"1024\" height=\"768\" src=\"https:\/\/blog.uclm.es\/grupochico\/wp-content\/uploads\/sites\/41\/2024\/07\/WhatsApp-Image-2024-07-22-at-14.15.48-1024x768.jpeg\" alt=\"\" class=\"wp-image-1793\" srcset=\"https:\/\/blog.uclm.es\/grupochico\/wp-content\/uploads\/sites\/41\/2024\/07\/WhatsApp-Image-2024-07-22-at-14.15.48-1024x768.jpeg 1024w, https:\/\/blog.uclm.es\/grupochico\/wp-content\/uploads\/sites\/41\/2024\/07\/WhatsApp-Image-2024-07-22-at-14.15.48-300x225.jpeg 300w, https:\/\/blog.uclm.es\/grupochico\/wp-content\/uploads\/sites\/41\/2024\/07\/WhatsApp-Image-2024-07-22-at-14.15.48-768x576.jpeg 768w, https:\/\/blog.uclm.es\/grupochico\/wp-content\/uploads\/sites\/41\/2024\/07\/WhatsApp-Image-2024-07-22-at-14.15.48-1536x1152.jpeg 1536w, https:\/\/blog.uclm.es\/grupochico\/wp-content\/uploads\/sites\/41\/2024\/07\/WhatsApp-Image-2024-07-22-at-14.15.48.jpeg 2000w\" sizes=\"auto, (max-width: 706px) 89vw, (max-width: 767px) 82vw, 740px\" \/><figcaption class=\"wp-element-caption\">Miembros del grupo CHICO junto al presidente de la Confederaci\u00f3n Autismo Espa\u00f1a (fotograf\u00edas tomadas en el laboratorio de usabilidad del grupo)<\/figcaption><\/figure>\n\n\n\n<figure class=\"wp-block-image size-full\"><img loading=\"lazy\" decoding=\"async\" width=\"18406\" height=\"2953\" src=\"https:\/\/blog.uclm.es\/grupochico\/wp-content\/uploads\/sites\/41\/2024\/07\/ministerio_logos.png\" alt=\"\" class=\"wp-image-1794\" \/><\/figure>\n","protected":false},"excerpt":{"rendered":"<p>El pasado 22 de Julio, el presidente de la\u00a0Confederaci\u00f3n Autismo Espa\u00f1a\u00a0visit\u00f3 las instalaciones del\u00a0grupo CHICO\u00a0en la\u00a0Escuela Superior de Inform\u00e1tica de la UCLM, con el fin de conocer las soluciones tecnol\u00f3gicas para personas con autismo que el grupo est\u00e1 desarrollando en el contexto del\u00a0Proyecto\u00a0TED2021-131956B-I00, financiado por MICIU\/AEI \/10.13039\/501100011033\u00a0y por la Uni\u00f3n Europea NextGenerationEU\/ PRTR, y que &hellip; <\/p>\n<p class=\"link-more\"><a href=\"https:\/\/blog.uclm.es\/grupochico\/presentacion-de-plantea-al-presidente-de-la-confederacion-autismo-espana\/\" class=\"more-link\">Continuar leyendo<span class=\"screen-reader-text\"> \u00abPresentaci\u00f3n de PlanTEA al presidente de la Confederaci\u00f3n Autismo Espa\u00f1a\u00bb<\/span><\/a><\/p>\n","protected":false},"author":151,"featured_media":0,"parent":0,"menu_order":0,"comment_status":"closed","ping_status":"closed","template":"","meta":{"footnotes":""},"class_list":["post-1791","page","type-page","status-publish","hentry"],"_links":{"self":[{"href":"https:\/\/blog.uclm.es\/grupochico\/wp-json\/wp\/v2\/pages\/1791","targetHints":{"allow":["GET"]}}],"collection":[{"href":"https:\/\/blog.uclm.es\/grupochico\/wp-json\/wp\/v2\/pages"}],"about":[{"href":"https:\/\/blog.uclm.es\/grupochico\/wp-json\/wp\/v2\/types\/page"}],"author":[{"embeddable":true,"href":"https:\/\/blog.uclm.es\/grupochico\/wp-json\/wp\/v2\/users\/151"}],"replies":[{"embeddable":true,"href":"https:\/\/blog.uclm.es\/grupochico\/wp-json\/wp\/v2\/comments?post=1791"}],"version-history":[{"count":1,"href":"https:\/\/blog.uclm.es\/grupochico\/wp-json\/wp\/v2\/pages\/1791\/revisions"}],"predecessor-version":[{"id":1795,"href":"https:\/\/blog.uclm.es\/grupochico\/wp-json\/wp\/v2\/pages\/1791\/revisions\/1795"}],"wp:attachment":[{"href":"https:\/\/blog.uclm.es\/grupochico\/wp-json\/wp\/v2\/media?parent=1791"}],"curies":[{"name":"wp","href":"https:\/\/api.w.org\/{rel}","templated":true}]}}

Presentación de PlanTEA al presidente de la Confederación Autismo España

<p>El pasado 22 de Julio, el presidente de la <a href="https://autismo.org.es/" target="_blank" rel="noreferrer noopener">Confederación Autismo España</a> visitó las instalaciones del <a href="https://blog.uclm.es/grupochico/" target="_blank" rel="noreferrer noopener">grupo CHICO</a> en la <a href="https://esi.uclm.es/" target="_blank" rel="noreferrer noopener">Escuela Superior de Informática de la UCLM</a>, con el fin de conocer las soluciones tecnológicas para personas con autismo que el grupo está desarrollando en el contexto del <strong><a href="https://blog.uclm.es/grupochico/convenio-plantea/">Proyecto TED2021-131956B-I00</a>, financiado por MICIU/AEI /10.13039/501100011033</strong> <strong>y por la Unión Europea NextGenerationEU/ PRTR</strong>, y que lideran las profesoras Dña. Ana Isabel Molina y Dña. Carmen Lacave. </p>



<p>La Confederación Autismo España agrupa y representa a 188 entidades del territorio nacional que prestan apoyos y servicios especializados a las personas autistas y sus familias. Entre otras cosas, se presentó el estado actual de PlanTEA, una aplicación multidispositivo, diseñada específicamente para mejorar la planificación y anticipación de actividades de personas con autismo en función de sus necesidades de apoyo específicas, y en el que están colaborando personal experto de distintas asociaciones de personas con autismo a nivel regional (<a href="http://autrade.info/" target="_blank" rel="noreferrer noopener">AUTRADE</a>, <a href="https://www.autismocastillalamancha.org/" target="_blank" rel="noreferrer noopener">FACLM</a>) y nacional (<a href="https://fespau.es/" target="_blank" rel="noreferrer noopener">FESPAU</a>).</p>



<figure class="wp-block-image size-large"><img loading="lazy" decoding="async" width="1024" height="768" src="https://blog.uclm.es/grupochico/wp-content/uploads/sites/41/2024/07/WhatsApp-Image-2024-07-22-at-14.15.47-1024x768.jpeg" alt="" class="wp-image-1792" srcset="https://blog.uclm.es/grupochico/wp-content/uploads/sites/41/2024/07/WhatsApp-Image-2024-07-22-at-14.15.47-1024x768.jpeg 1024w, https://blog.uclm.es/grupochico/wp-content/uploads/sites/41/2024/07/WhatsApp-Image-2024-07-22-at-14.15.47-300x225.jpeg 300w, https://blog.uclm.es/grupochico/wp-content/uploads/sites/41/2024/07/WhatsApp-Image-2024-07-22-at-14.15.47-768x576.jpeg 768w, https://blog.uclm.es/grupochico/wp-content/uploads/sites/41/2024/07/WhatsApp-Image-2024-07-22-at-14.15.47-1536x1152.jpeg 1536w, https://blog.uclm.es/grupochico/wp-content/uploads/sites/41/2024/07/WhatsApp-Image-2024-07-22-at-14.15.47.jpeg 2000w" sizes="auto, (max-width: 706px) 89vw, (max-width: 767px) 82vw, 740px" /></figure>



<figure class="wp-block-image size-large"><img loading="lazy" decoding="async" width="1024" height="768" src="https://blog.uclm.es/grupochico/wp-content/uploads/sites/41/2024/07/WhatsApp-Image-2024-07-22-at-14.15.48-1024x768.jpeg" alt="" class="wp-image-1793" srcset="https://blog.uclm.es/grupochico/wp-content/uploads/sites/41/2024/07/WhatsApp-Image-2024-07-22-at-14.15.48-1024x768.jpeg 1024w, https://blog.uclm.es/grupochico/wp-content/uploads/sites/41/2024/07/WhatsApp-Image-2024-07-22-at-14.15.48-300x225.jpeg 300w, https://blog.uclm.es/grupochico/wp-content/uploads/sites/41/2024/07/WhatsApp-Image-2024-07-22-at-14.15.48-768x576.jpeg 768w, https://blog.uclm.es/grupochico/wp-content/uploads/sites/41/2024/07/WhatsApp-Image-2024-07-22-at-14.15.48-1536x1152.jpeg 1536w, https://blog.uclm.es/grupochico/wp-content/uploads/sites/41/2024/07/WhatsApp-Image-2024-07-22-at-14.15.48.jpeg 2000w" sizes="auto, (max-width: 706px) 89vw, (max-width: 767px) 82vw, 740px" /><figcaption class="wp-element-caption">Miembros del grupo CHICO junto al presidente de la Confederación Autismo España (fotografías tomadas en el laboratorio de usabilidad del grupo)</figcaption></figure>



<figure class="wp-block-image size-full"><img loading="lazy" decoding="async" width="18406" height="2953" src="https://blog.uclm.es/grupochico/wp-content/uploads/sites/41/2024/07/ministerio_logos.png" alt="" class="wp-image-1794" /></figure>

<p>El pasado 22 de Julio, el presidente de la Confederación Autismo España visitó las instalaciones del grupo CHICO en la Escuela Superior de Informática de la UCLM, con el fin de conocer las soluciones tecnológicas para personas con autismo que el grupo está desarrollando en el contexto del Proyecto TED2021-131956B-I00, financiado por MICIU/AEI /10.13039/501100011033 y por la Unión Europea NextGenerationEU/ PRTR, y que &hellip; </p>
<p class="link-more"><a href="https://blog.uclm.es/grupochico/presentacion-de-plantea-al-presidente-de-la-confederacion-autismo-espana/" class="more-link">Continuar leyendo<span class="screen-reader-text"> «Presentación de PlanTEA al presidente de la Confederación Autismo España»</span></a></p>
