{"id":1354,"date":"2022-07-22T10:02:43","date_gmt":"2022-07-22T09:02:43","guid":{"rendered":"https:\/\/blog.uclm.es\/grupochico\/?page_id=1354"},"modified":"2022-07-22T10:02:43","modified_gmt":"2022-07-22T09:02:43","slug":"tesis-doctorales","status":"publish","type":"page","link":"https:\/\/blog.uclm.es\/grupochico\/tesis-doctorales\/","title":{"rendered":"Tesis Doctorales"},"content":{"rendered":"\n<div class=\"wp-block-image\"><figure class=\"aligncenter size-large\"><a href=\"https:\/\/blog.uclm.es\/grupochico\/wp-content\/uploads\/sites\/41\/2022\/07\/researchlines.jpg\"><img loading=\"lazy\" decoding=\"async\" width=\"1024\" height=\"384\" src=\"https:\/\/blog.uclm.es\/grupochico\/wp-content\/uploads\/sites\/41\/2022\/07\/researchlines-1024x384.jpg\" alt=\"\" class=\"wp-image-1357\" srcset=\"https:\/\/blog.uclm.es\/grupochico\/wp-content\/uploads\/sites\/41\/2022\/07\/researchlines-1024x384.jpg 1024w, https:\/\/blog.uclm.es\/grupochico\/wp-content\/uploads\/sites\/41\/2022\/07\/researchlines-300x113.jpg 300w, https:\/\/blog.uclm.es\/grupochico\/wp-content\/uploads\/sites\/41\/2022\/07\/researchlines-768x288.jpg 768w, https:\/\/blog.uclm.es\/grupochico\/wp-content\/uploads\/sites\/41\/2022\/07\/researchlines-500x188.jpg 500w, https:\/\/blog.uclm.es\/grupochico\/wp-content\/uploads\/sites\/41\/2022\/07\/researchlines.jpg 1280w\" sizes=\"auto, (max-width: 706px) 89vw, (max-width: 767px) 82vw, 740px\" \/><\/a><\/figure><\/div>\n\n\n\n<h3 class=\"has-text-align-center wp-block-heading\">Relaci\u00f3n de tesis defendidas y en proceso en el contexto del Grupo CHICO<\/h3>\n\n\n\n<figure class=\"wp-block-table\"><table><thead><tr><th>2022<\/th><\/tr><\/thead><tbody><tr><td><br \/><strong>T\u00edtulo:<\/strong> SILE-AT: Entorno de aprendizaje situado e inmersivo para desarrollo de pensamiento algor\u00edtmico. <br \/><strong>Autor:<\/strong> Javier A. Jim\u00e9nez. <br \/><strong>Dirigida por:<\/strong> C\u00e9sar A. Collazos y Manuel Ortega.<br \/> <br \/>Javier A. Jim\u00e9nez es Profesor Titular en la Universidad de Nari\u00f1o (Colombia).<br \/><br \/><\/td><\/tr><\/tbody><\/table><\/figure>\n\n\n\n<figure class=\"wp-block-table\"><table><thead><tr><th>2020<\/th><\/tr><\/thead><tbody><tr><td><br \/><strong>T\u00edtulo:<\/strong> Modelo de formaci\u00f3n de grupos en escenarios de aprendizaje colaborativo basada en rasgos de la personalidad para la ense\u00f1anza de la Programaci\u00f3n. <br \/><strong>Autor:<\/strong> \u00d3scar Revelo. <br \/><strong>Dirigida por:<\/strong> C\u00e9sar A. Collazos y Miguel \u00c1. Redondo. <br \/><br \/>\u00d3scar Revelo es Profesor Titular en la Universidad de Nari\u00f1o (Colombia).<br \/><br \/><\/td><\/tr><\/tbody><\/table><\/figure>\n\n\n\n<figure class=\"wp-block-table\"><table><thead><tr><th>2019<\/th><\/tr><\/thead><tbody><tr><td><br \/><strong>T\u00edtulo:<\/strong> Marco de desarrollo basado en modelos de sistemas de aprendizaje colaborativo.<br \/><strong>Autor:<\/strong> Yoel Arroyo Rodr\u00edguez-Peral. <br \/><strong>Dirigida por:<\/strong> Miguel \u00c1. Redondo y Ana I. Molina. <br \/><br \/>Yoel Arroyo es Profesor Ayudante Doctor del \u00e1rea de Lenguajes y Sistemas Inform\u00e1ticos del Departamento de Tecnolog\u00edas y Sistemas de Informaci\u00f3n, adscrito a la Facultad de Ciencias Sociales de Talavera de la Reina en la UCLM.<br \/><br \/><\/td><\/tr><\/tbody><\/table><\/figure>\n\n\n\n<figure class=\"wp-block-table\"><table><thead><tr><th>2016<\/th><\/tr><\/thead><tbody><tr><td><br \/><strong>T\u00edtulo:<\/strong> Framework para evaluar la usabilidad de sistemas m-learning: un enfoque tecnol\u00f3gico y pedag\u00f3gico. <br \/><strong>Autor:<\/strong> Christian X. Navarro. <br \/><strong>Dirigida por: <\/strong>Ana I. Molina y Miguel \u00c1. Redondo. <br \/><br \/>Christian X. Navarro es Profesor de la Universidad de Baja Carolina (M\u00e9xico).<br \/><br \/><\/td><\/tr><tr><td><br \/><strong>T\u00edtulo:<\/strong> Pautas para el dise\u00f1o de materiales educativos multimedia en Educaci\u00f3n Primaria. <br \/><strong>Autor:<\/strong> \u00d3scar Navarro. <br \/><strong>Dirigida por:<\/strong> Ana I. Molina y Miguel Lacruz. <br \/><br \/>\u00d3scar Navarro es Profesor Contratado Doctor del \u00e1rea de Pedagog\u00eda, adscrito a la Facultad de Educaci\u00f3n de Ciudad Real en la UCLM.<br \/><br \/><\/td><\/tr><\/tbody><\/table><\/figure>\n\n\n\n<figure class=\"wp-block-table\"><table><thead><tr><th>2010<\/th><\/tr><\/thead><tbody><tr><td><br \/><strong>T\u00edtulo:<\/strong> Proposal for evaluating computer programming algorithms to provide instructional guidance and give advice (Menci\u00f3n de Doctorado Europeo).<br \/><strong>Autor: <\/strong>Francisco Jurado. <br \/><strong>Dirigida por: <\/strong>Miguel \u00c1. Redondo y Manuel Ortega. <br \/><br \/>Francisco Jurado es Profesor Titular en la Universidad Aut\u00f3noma de Madrid.<br \/><br \/><\/td><\/tr><tr><td><br \/><strong>T\u00edtulo: <\/strong>Framework para el an\u00e1lisis proceso-producto en sistemas <em>groupware<\/em>. <br \/><strong>Autor:<\/strong> Rafael Duque. <br \/><strong>Dirigida por:<\/strong> Crescencio Bravo y Manuel Ortega. <br \/><br \/>Rafael Duque es Profesor Titular de Universidad en la Universidad de Cantabria.<br \/><br \/><\/td><\/tr><tr><td><br \/><strong>T\u00edtulo:<\/strong> Un enfoque guiado por modelos para el desarrollo de aplicaciones groupware interactivas. <br \/><strong>Autor:<\/strong> William J. Giraldo Orozco. <br \/><strong>Dirigida por:<\/strong> Ana I. Molina y Manuel Ortega. <br \/><br \/>William J. Giraldo es Profesor Permanente de la Universidad del Quind\u00edo en Colombia.<br \/><br \/><\/td><\/tr><tr><td><br \/><strong>T\u00edtulo:<\/strong> Un M\u00e9todo Dirigido por Modelos para el Desarrollo de Sistemas Colaborativos de Modelado Independientes del Dominio. <br \/><strong>Autor:<\/strong> Jes\u00fas Gallardo. <br \/><strong>Dirigida por: <\/strong>Crescencio Bravo y Miguel \u00c1. Redondo. <br \/><br \/>Jes\u00fas Gallardo es Profesor Titular de Universidad en la Universidad de Zaragoza.<br \/><br \/><\/td><\/tr><\/tbody><\/table><\/figure>\n\n\n\n<figure class=\"wp-block-table\"><table><thead><tr><th>2008<\/th><\/tr><\/thead><tbody><tr><td><br \/><strong>T\u00edtulo:<\/strong> An\u00e1lisis de los Conectores Parat\u00e1cticos en los Textos Cient\u00edfico-t\u00e9cnicos de Ingl\u00e9s Agr\u00edcola. <br \/><strong>Autora: <\/strong>Asunci\u00f3n S\u00e1nchez Villal\u00f3n. <br \/><strong>Dirigida por:<\/strong> Vicente L\u00f3pez Folgado y Pedro P. S\u00e1nchez. <br \/><br \/>Asunci\u00f3n S\u00e1nchez ha sido Profesora Titular de Escuela Universitaria en la UCLM y actualmente est\u00e1 jubilada.<br \/><br \/><\/td><\/tr><\/tbody><\/table><\/figure>\n\n\n\n<figure class=\"wp-block-table\"><table><thead><tr><th>2007<\/th><\/tr><\/thead><tbody><tr><td><br \/><strong>T\u00edtulo:<\/strong> Una Propuesta Metodol\u00f3gica para el Desarrollo de la Interfaz de Usuario en Aplicaciones Groupware. <br \/><strong>Autora:<\/strong> Ana Isabel Molina. <br \/><strong>Dirigida por: <\/strong>Miguel \u00c1 Redondo y Manuel Ortega. <br \/><br \/>Ana I. Molina es Profesora Titular de Universidad del \u00e1rea de Lenguajes y Sistemas Inform\u00e1ticos del Departamento de Tecnolog\u00edas y Sistemas de Informaci\u00f3n, adscrito a la Escuela Superior de Inform\u00e1tica de la UCLM.<br \/><br \/><\/td><\/tr><tr><td><br \/><strong>T\u00edtulo:<\/strong> Escribir en la web con Awla. Desarrollo de la destreza de la escritura en un entorno e-learning de aprendizaje mejorado por la tecnolog\u00eda (Menci\u00f3n de Doctorado Europeo).<br \/><strong>Autor:<\/strong> Pedro Pablo S\u00e1nchez-Villal\u00f3n.<br \/><strong>Dirigida por:<\/strong> Manuel Ortega y Nicol\u00e1s Campos.<br \/><br \/>Pedro Pablo S\u00e1nchez ha sido Catedr\u00e1tico de Escuela Oficial de Idiomas de la JCCM.<br \/><br \/><\/td><\/tr><\/tbody><\/table><\/figure>\n\n\n\n<figure class=\"wp-block-table\"><table><thead><tr><th>2006<\/th><\/tr><\/thead><tbody><tr><td><br \/><strong>T\u00edtulo: <\/strong>E-Club: un sistema ubicuo de ense\u00f1anza-aprendizaje colaborativo. <br \/><strong>Autor:<\/strong> Maximiliano Paredes. <br \/><strong>Dirigida por:<\/strong> Manuel Ortega y \u00c1ngel Vel\u00e1zquez. <br \/><br \/>Maximiliano Paredes es Profesor Contratado Doctor en la Universidad Rey Juan Carlos.<br \/><br \/><\/td><\/tr><\/tbody><\/table><\/figure>\n\n\n\n<figure class=\"wp-block-table\"><table><thead><tr><th>2002<\/th><\/tr><\/thead><tbody><tr><td><br \/><strong>T\u00edtulo:<\/strong> Planificaci\u00f3n Colaborativa del Dise\u00f1o en Entornos de Simulaci\u00f3n para el Aprendizaje a Distancia. <br \/><strong>Autor: <\/strong>Miguel \u00c1. Redondo. <br \/><strong>Dirigida por:<\/strong> Manuel Ortega y Felisa Verdejo. <br \/><br \/>Miguel \u00c1. Redondo es Catedr\u00e1tico del \u00e1rea de Lenguajes y Sistemas Inform\u00e1ticos del Departamento de Tecnolog\u00edas y Sistemas de Informaci\u00f3n, adscrito a la Escuela Superior de Inform\u00e1tica de la UCLM.<br \/><br \/><\/td><\/tr><tr><td><br \/><strong>T\u00edtulo:<\/strong> Un Sistema de Soporte al Aprendizaje Colaborativo mediante Herramientas de Modelado y Simulaci\u00f3n. <br \/><strong>Autor:<\/strong> Crescencio Bravo. <br \/><strong>Dirigida por:<\/strong> Manuel Ortega y Felisa Verdejo. <br \/><br \/>Crescencio Bravo es Catedr\u00e1tico del \u00e1rea de Lenguajes y Sistemas Inform\u00e1ticos del Departamento de Tecnolog\u00edas y Sistemas de Informaci\u00f3n, adscrito a la Escuela Superior de Inform\u00e1tica de la UCLM.<br \/><br \/><\/td><\/tr><\/tbody><\/table><\/figure>\n\n\n\n<figure class=\"wp-block-table\"><table><thead><tr><th>1999<\/th><\/tr><\/thead><tbody><tr><td><br \/><strong>T\u00edtulo:<\/strong> Planificaci\u00f3n del dise\u00f1o en entornos de simulaci\u00f3n para el aprendizaje a distancia. <br \/><strong>Autor: <\/strong>Jos\u00e9 Bravo. <br \/><strong>Dirigida por:<\/strong> Felisa Verdejo y Manuel Ortega. <br \/><br \/>Jos\u00e9 Bravo es Catedr\u00e1tico del \u00e1rea de Lenguajes y Sistemas Inform\u00e1ticos del Departamento de Tecnolog\u00edas y Sistemas de Informaci\u00f3n, adscrito a la Escuela Superior de Inform\u00e1tica de la UCLM.<br \/><br \/><\/td><\/tr><\/tbody><\/table><\/figure>\n","protected":false},"excerpt":{"rendered":"<p>Relaci\u00f3n de tesis defendidas y en proceso en el contexto del Grupo CHICO 2022 T\u00edtulo: SILE-AT: Entorno de aprendizaje situado e inmersivo para desarrollo de pensamiento algor\u00edtmico. Autor: Javier A. Jim\u00e9nez. Dirigida por: C\u00e9sar A. Collazos y Manuel Ortega. Javier A. Jim\u00e9nez es Profesor Titular en la Universidad de Nari\u00f1o (Colombia). 2020 T\u00edtulo: Modelo de &hellip; <\/p>\n<p class=\"link-more\"><a href=\"https:\/\/blog.uclm.es\/grupochico\/tesis-doctorales\/\" class=\"more-link\">Continuar leyendo<span class=\"screen-reader-text\"> \u00abTesis Doctorales\u00bb<\/span><\/a><\/p>\n","protected":false},"author":151,"featured_media":0,"parent":0,"menu_order":0,"comment_status":"closed","ping_status":"closed","template":"","meta":{"footnotes":""},"class_list":["post-1354","page","type-page","status-publish","hentry"],"_links":{"self":[{"href":"https:\/\/blog.uclm.es\/grupochico\/wp-json\/wp\/v2\/pages\/1354","targetHints":{"allow":["GET"]}}],"collection":[{"href":"https:\/\/blog.uclm.es\/grupochico\/wp-json\/wp\/v2\/pages"}],"about":[{"href":"https:\/\/blog.uclm.es\/grupochico\/wp-json\/wp\/v2\/types\/page"}],"author":[{"embeddable":true,"href":"https:\/\/blog.uclm.es\/grupochico\/wp-json\/wp\/v2\/users\/151"}],"replies":[{"embeddable":true,"href":"https:\/\/blog.uclm.es\/grupochico\/wp-json\/wp\/v2\/comments?post=1354"}],"version-history":[{"count":0,"href":"https:\/\/blog.uclm.es\/grupochico\/wp-json\/wp\/v2\/pages\/1354\/revisions"}],"wp:attachment":[{"href":"https:\/\/blog.uclm.es\/grupochico\/wp-json\/wp\/v2\/media?parent=1354"}],"curies":[{"name":"wp","href":"https:\/\/api.w.org\/{rel}","templated":true}]}}