{"id":1165,"date":"2022-07-15T10:30:35","date_gmt":"2022-07-15T10:30:35","guid":{"rendered":"https:\/\/blog.uclm.es\/grupochico\/?page_id=1165"},"modified":"2023-01-17T19:52:42","modified_gmt":"2023-01-17T19:52:42","slug":"convenio-plantea","status":"publish","type":"page","link":"https:\/\/blog.uclm.es\/grupochico\/convenio-plantea\/","title":{"rendered":"Convenio PlanTEA"},"content":{"rendered":"\n<p class=\"has-text-align-center\"><a name=\"inicio\"><\/a>[ <a href=\"#resumen\">Resumen<\/a> | <a href=\"#objetivo\">Objetivo<\/a> | <a href=\"#paquetes\">Paquetes<\/a> | <a href=\"#periodo\">Periodo<\/a> | <a href=\"#participantes\">Participantes<\/a> | <a href=\"#financiacion\">Financiaci\u00f3n<\/a> ]<\/p>\n\n\n\n<h2 class=\"wp-block-heading\"><a name=\"resumen\"><\/a><strong>Resumen<\/strong><\/h2>\n\n\n\n<p>El trastorno del espectro autista (TEA) se define como una disfunci\u00f3n del neurodesarrollo cr\u00f3nica, que se manifiesta desde edades tempranas y se caracteriza por una serie de s\u00edntomas relacionados con la comunicaci\u00f3n, la interacci\u00f3n social y la falta de flexibilidad en el pensamiento y el comportamiento. Se trata de uno de los des\u00f3rdenes neurol\u00f3gicos m\u00e1s comunes en ni\u00f1os y adolescentes; siendo la prevalencia en Espa\u00f1a de un 1%, similar a la media europea. <\/p>\n\n\n\n<p>El TEA presenta una gran variabilidad en sus manifestaciones, en las que influyen el propio desarrollo del individuo, los apoyos recibidos, la presencia de comorbilidad y el nivel de desarrollo del lenguaje. Por ello, es necesario abordarlo desde la especificidad de cada paciente, ofreciendo apoyos individualizados y adaptados a sus circunstancias y capacidades particulares. Adem\u00e1s, este trastorno impacta no solo en quien lo presenta sino tambi\u00e9n en su familia, que suele ser el principal apoyo de la persona con TEA. Por tanto, es necesario ofrecer recursos a este colectivo y a sus familias, que fomenten su autonom\u00eda personal e inclusi\u00f3n social. <\/p>\n\n\n\n<p>Dentro del TEA, el autismo de alto funcionamiento (AAF) se emplea para designar a quienes portan las caracter\u00edsticas principales del Autismo, aunque atenuadas. Las personas con AAF pueden tener un desempe\u00f1o acad\u00e9mico y otros indicadores cognitivos en niveles similares o superiores a los de la poblaci\u00f3n t\u00edpica, por lo que se pueden infravalorar sus necesidades y dificultades al desenvolverse en su d\u00eda a d\u00eda: aunque los signos del autismo puedan no ser tan evidentes, persisten los problemas de comunicaci\u00f3n e interacci\u00f3n social, adem\u00e1s de presentar rigidez conductual. Por ello, las situaciones cotidianas pueden en ocasiones resultarles desbordantes, provocando un aumento de la ansiedad y el estr\u00e9s.<\/p>\n\n\n\n<p>En este contexto, el uso de la tecnolog\u00eda en la intervenci\u00f3n y el apoyo a personas con TEA aporta muchas ventajas, ya que permite proporcionar informaci\u00f3n visual y personalizada en funci\u00f3n de las necesidades de comunicaci\u00f3n de cada persona, de sus dificultades sensoriales y de sus preferencias e intereses; adem\u00e1s de ofrecer entornos altamente predecibles. Sin embargo, los usuarios con AAF no suelen ser el p\u00fablico objetivo de las soluciones desarrolladas, a pesar de que este colectivo requiere de intervenci\u00f3n y apoyos espec\u00edficos en su d\u00eda a d\u00eda, dadas sus necesidades de anticipaci\u00f3n y dificultades de socializaci\u00f3n. Adem\u00e1s, la mayor\u00eda de los resultados existentes o no se eval\u00faan o, en caso de hacerlo, se hace con muestras muy peque\u00f1as, por lo que su validez es muy limitada.<\/p>\n\n\n\n<p>Para ello, a partir de un resultado de investigaci\u00f3n previo, materializado en un prototipo software llamado PlanTEA 1.0, que da soporte a la planificaci\u00f3n y comunicaci\u00f3n aumentativa en el \u00e1mbito de las visitas m\u00e9dicas, se pretende mejorarlo , ampliarlo , evaluarlo y validarlo.<\/p>\n\n\n\n<p>[ <a href=\"#inicio\">Volver<\/a> ]<\/p>\n\n\n\n<h2 class=\"wp-block-heading\"><a name=\"objetivo\"><\/a><strong>Objetivos<\/strong><\/h2>\n\n\n\n<pre class=\"wp-block-verse\">OBJ1. Analizar, redise\u00f1ar y dar soporte a la generalizaci\u00f3n del uso de PlanTEA 1.0 a otros dominios de aplicaci\u00f3n, es decir, soporte a un conjunto m\u00e1s amplio de tareas cotidianas (no s\u00f3lo visitas m\u00e9dicas), y a otros perfiles de usuarios (personas AAF).\n\nOBJ2. Mejorar la experiencia de usuario de la aplicaci\u00f3n PlanTEA 1.0, teniendo en cuenta la usabilidad y accesibilidad de su interfaz gr\u00e1fica.\n\nOBJ3. Ampliar  y  mejorar  el  soporte  de  PlanTEA  1.0  a  la  planificaci\u00f3n a  largo  plazo  y  la  anticipaci\u00f3n;  se  incorporar\u00e1n  mecanismos  de  gratificaci\u00f3n  y  el  refuerzo  positivo,  as\u00ed  como  otros que mejoren la autodirecci\u00f3n y autocontrol de usuario.\n\nOBJ4. Evaluar la soluci\u00f3n desarrollada.\n\nOBJ5. Poner  la  herramienta  final  a  disposici\u00f3n  de  los  potenciales  usuarios  del  sistema,  garantizando la transferencia de resultados de este proyecto, a trav\u00e9s de AUTRADE. <\/pre>\n\n\n\n<p>[ <a href=\"#inicio\">Volver<\/a> ]<\/p>\n\n\n\n<h2 class=\"wp-block-heading\"><a name=\"paquetes\"><\/a><strong>Paquetes de trabajo<\/strong><\/h2>\n\n\n\n<p>PT1. Revisi\u00f3n de contribuciones recientes en el estado del arte, organizaci\u00f3n y preparaci\u00f3n.<\/p>\n\n\n\n<p>PT2. Generalizaci\u00f3n de PlantTEA: perfil AAF y nuevos tipos de tareas cotidianas.<\/p>\n\n\n\n<p>PT3. Redise\u00f1o del prototipo de partida de PlanTEA (mejora de la usabilidad y accesibilidad)<\/p>\n\n\n\n<p>PT4. Incorporaci\u00f3n de mecanismos de soporte a la planificaci\u00f3n, anticipaci\u00f3n, gratificaci\u00f3n y autocontrol<\/p>\n\n\n\n<p>PT5. Experimentaci\u00f3n y evaluaci\u00f3n<\/p>\n\n\n\n<p>[ <a href=\"#inicio\">Volver<\/a> ]<\/p>\n\n\n\n<h2 class=\"wp-block-heading\"><a name=\"periodo\"><\/a><strong>Periodo de ejecuci\u00f3n<\/strong><\/h2>\n\n\n\n<p>2022 a 2023<\/p>\n\n\n\n<p>[ <a href=\"#inicio\">Volver<\/a> ]<\/p>\n\n\n\n<h2 class=\"wp-block-heading\"><a name=\"participantes\"><\/a><strong>Participantes<\/strong><\/h2>\n\n\n\n<p>Dra. Ana I. Molina [IP1]<\/p>\n\n\n\n<p>Dra. Carmen Lacave [IP2]<\/p>\n\n\n\n<p>Dr. Miguel \u00c1. Redondo<\/p>\n\n\n\n<p>Dr. Manuel Ortega<\/p>\n\n\n\n<p>Dr. Crescencio Bravo<\/p>\n\n\n\n<p>Dr. Yoel Arroyo<\/p>\n\n\n\n<p>Dr. Abel Toledano<\/p>\n\n\n\n<p>D\u00f1a. Patricia Hern\u00e1ndez<\/p>\n\n\n\n<p>[ <a href=\"#inicio\">Volver<\/a> ]<\/p>\n\n\n\n<h2 class=\"wp-block-heading\"><a name=\"financiacion\"><\/a><strong>Financiaci\u00f3n externa a la UCLM<\/strong><\/h2>\n\n\n\n<p>Dado su car\u00e1cter de Convenio, no proceder\u00e1 facturaci\u00f3n alguna.<\/p>\n\n\n\n<p>[ <a href=\"#inicio\">Volver<\/a> ]<\/p>\n","protected":false},"excerpt":{"rendered":"<p>[ Resumen | Objetivo | Paquetes | Periodo | Participantes | Financiaci\u00f3n ] Resumen El trastorno del espectro autista (TEA) se define como una disfunci\u00f3n del neurodesarrollo cr\u00f3nica, que se manifiesta desde edades tempranas y se caracteriza por una serie de s\u00edntomas relacionados con la comunicaci\u00f3n, la interacci\u00f3n social y la falta de flexibilidad en &hellip; <\/p>\n<p class=\"link-more\"><a href=\"https:\/\/blog.uclm.es\/grupochico\/convenio-plantea\/\" class=\"more-link\">Continuar leyendo<span class=\"screen-reader-text\"> \u00abConvenio PlanTEA\u00bb<\/span><\/a><\/p>\n","protected":false},"author":151,"featured_media":0,"parent":0,"menu_order":0,"comment_status":"closed","ping_status":"closed","template":"","meta":{"footnotes":""},"class_list":["post-1165","page","type-page","status-publish","hentry"],"_links":{"self":[{"href":"https:\/\/blog.uclm.es\/grupochico\/wp-json\/wp\/v2\/pages\/1165","targetHints":{"allow":["GET"]}}],"collection":[{"href":"https:\/\/blog.uclm.es\/grupochico\/wp-json\/wp\/v2\/pages"}],"about":[{"href":"https:\/\/blog.uclm.es\/grupochico\/wp-json\/wp\/v2\/types\/page"}],"author":[{"embeddable":true,"href":"https:\/\/blog.uclm.es\/grupochico\/wp-json\/wp\/v2\/users\/151"}],"replies":[{"embeddable":true,"href":"https:\/\/blog.uclm.es\/grupochico\/wp-json\/wp\/v2\/comments?post=1165"}],"version-history":[{"count":3,"href":"https:\/\/blog.uclm.es\/grupochico\/wp-json\/wp\/v2\/pages\/1165\/revisions"}],"predecessor-version":[{"id":1621,"href":"https:\/\/blog.uclm.es\/grupochico\/wp-json\/wp\/v2\/pages\/1165\/revisions\/1621"}],"wp:attachment":[{"href":"https:\/\/blog.uclm.es\/grupochico\/wp-json\/wp\/v2\/media?parent=1165"}],"curies":[{"name":"wp","href":"https:\/\/api.w.org\/{rel}","templated":true}]}}

<p class="has-text-align-center"><a name="inicio"></a>[ <a href="#resumen">Resumen</a> | <a href="#objetivo">Objetivo</a> | <a href="#paquetes">Paquetes</a> | <a href="#periodo">Periodo</a> | <a href="#participantes">Participantes</a> | <a href="#financiacion">Financiación</a> ]</p>



<h2 class="wp-block-heading"><a name="resumen"></a><strong>Resumen</strong></h2>



<p>El trastorno del espectro autista (TEA) se define como una disfunción del neurodesarrollo crónica, que se manifiesta desde edades tempranas y se caracteriza por una serie de síntomas relacionados con la comunicación, la interacción social y la falta de flexibilidad en el pensamiento y el comportamiento. Se trata de uno de los desórdenes neurológicos más comunes en niños y adolescentes; siendo la prevalencia en España de un 1%, similar a la media europea. </p>



<p>El TEA presenta una gran variabilidad en sus manifestaciones, en las que influyen el propio desarrollo del individuo, los apoyos recibidos, la presencia de comorbilidad y el nivel de desarrollo del lenguaje. Por ello, es necesario abordarlo desde la especificidad de cada paciente, ofreciendo apoyos individualizados y adaptados a sus circunstancias y capacidades particulares. Además, este trastorno impacta no solo en quien lo presenta sino también en su familia, que suele ser el principal apoyo de la persona con TEA. Por tanto, es necesario ofrecer recursos a este colectivo y a sus familias, que fomenten su autonomía personal e inclusión social. </p>



<p>Dentro del TEA, el autismo de alto funcionamiento (AAF) se emplea para designar a quienes portan las características principales del Autismo, aunque atenuadas. Las personas con AAF pueden tener un desempeño académico y otros indicadores cognitivos en niveles similares o superiores a los de la población típica, por lo que se pueden infravalorar sus necesidades y dificultades al desenvolverse en su día a día: aunque los signos del autismo puedan no ser tan evidentes, persisten los problemas de comunicación e interacción social, además de presentar rigidez conductual. Por ello, las situaciones cotidianas pueden en ocasiones resultarles desbordantes, provocando un aumento de la ansiedad y el estrés.</p>



<p>En este contexto, el uso de la tecnología en la intervención y el apoyo a personas con TEA aporta muchas ventajas, ya que permite proporcionar información visual y personalizada en función de las necesidades de comunicación de cada persona, de sus dificultades sensoriales y de sus preferencias e intereses; además de ofrecer entornos altamente predecibles. Sin embargo, los usuarios con AAF no suelen ser el público objetivo de las soluciones desarrolladas, a pesar de que este colectivo requiere de intervención y apoyos específicos en su día a día, dadas sus necesidades de anticipación y dificultades de socialización. Además, la mayoría de los resultados existentes o no se evalúan o, en caso de hacerlo, se hace con muestras muy pequeñas, por lo que su validez es muy limitada.</p>



<p>Para ello, a partir de un resultado de investigación previo, materializado en un prototipo software llamado PlanTEA 1.0, que da soporte a la planificación y comunicación aumentativa en el ámbito de las visitas médicas, se pretende mejorarlo , ampliarlo , evaluarlo y validarlo.</p>



<p>[ <a href="#inicio">Volver</a> ]</p>



<h2 class="wp-block-heading"><a name="objetivo"></a><strong>Objetivos</strong></h2>



<pre class="wp-block-verse">OBJ1. Analizar, rediseñar y dar soporte a la generalización del uso de PlanTEA 1.0 a otros dominios de aplicación, es decir, soporte a un conjunto más amplio de tareas cotidianas (no sólo visitas médicas), y a otros perfiles de usuarios (personas AAF).

OBJ2. Mejorar la experiencia de usuario de la aplicación PlanTEA 1.0, teniendo en cuenta la usabilidad y accesibilidad de su interfaz gráfica.

OBJ3. Ampliar  y  mejorar  el  soporte  de  PlanTEA  1.0  a  la  planificación a  largo  plazo  y  la  anticipación;  se  incorporarán  mecanismos  de  gratificación  y  el  refuerzo  positivo,  así  como  otros que mejoren la autodirección y autocontrol de usuario.

OBJ4. Evaluar la solución desarrollada.

OBJ5. Poner  la  herramienta  final  a  disposición  de  los  potenciales  usuarios  del  sistema,  garantizando la transferencia de resultados de este proyecto, a través de AUTRADE. </pre>



<p>[ <a href="#inicio">Volver</a> ]</p>



<h2 class="wp-block-heading"><a name="paquetes"></a><strong>Paquetes de trabajo</strong></h2>



<p>PT1. Revisión de contribuciones recientes en el estado del arte, organización y preparación.</p>



<p>PT2. Generalización de PlantTEA: perfil AAF y nuevos tipos de tareas cotidianas.</p>



<p>PT3. Rediseño del prototipo de partida de PlanTEA (mejora de la usabilidad y accesibilidad)</p>



<p>PT4. Incorporación de mecanismos de soporte a la planificación, anticipación, gratificación y autocontrol</p>



<p>PT5. Experimentación y evaluación</p>



<p>[ <a href="#inicio">Volver</a> ]</p>



<h2 class="wp-block-heading"><a name="periodo"></a><strong>Periodo de ejecución</strong></h2>



<p>2022 a 2023</p>



<p>[ <a href="#inicio">Volver</a> ]</p>



<h2 class="wp-block-heading"><a name="participantes"></a><strong>Participantes</strong></h2>



<p>Dra. Ana I. Molina [IP1]</p>



<p>Dra. Carmen Lacave [IP2]</p>



<p>Dr. Miguel Á. Redondo</p>



<p>Dr. Manuel Ortega</p>



<p>Dr. Crescencio Bravo</p>



<p>Dr. Yoel Arroyo</p>



<p>Dr. Abel Toledano</p>



<p>Dña. Patricia Hernández</p>



<p>[ <a href="#inicio">Volver</a> ]</p>



<h2 class="wp-block-heading"><a name="financiacion"></a><strong>Financiación externa a la UCLM</strong></h2>



<p>Dado su carácter de Convenio, no procederá facturación alguna.</p>



<p>[ <a href="#inicio">Volver</a> ]</p>

<p>[ Resumen | Objetivo | Paquetes | Periodo | Participantes | Financiación ] Resumen El trastorno del espectro autista (TEA) se define como una disfunción del neurodesarrollo crónica, que se manifiesta desde edades tempranas y se caracteriza por una serie de síntomas relacionados con la comunicación, la interacción social y la falta de flexibilidad en &hellip; </p>
<p class="link-more"><a href="https://blog.uclm.es/grupochico/convenio-plantea/" class="more-link">Continuar leyendo<span class="screen-reader-text"> «Convenio PlanTEA»</span></a></p>
