{"id":1121,"date":"2022-07-13T12:01:28","date_gmt":"2022-07-13T11:01:28","guid":{"rendered":"https:\/\/blog.uclm.es\/grupochico\/?page_id=1121"},"modified":"2022-07-13T12:01:28","modified_gmt":"2022-07-13T11:01:28","slug":"proyecto-codifica","status":"publish","type":"page","link":"https:\/\/blog.uclm.es\/grupochico\/proyecto-codifica\/","title":{"rendered":"Proyecto CODIFICA"},"content":{"rendered":"\n<p class=\"has-text-align-center\"><a name=\"inicio\"><\/a>[ <a href=\"#resumen\">Resumen<\/a> | <a href=\"#objetivo\">Objetivo<\/a> | <a href=\"#paquetes\">Paquetes<\/a> | <a href=\"#periodo\">Periodo<\/a> | <a href=\"#participantes\">Participantes<\/a> | <a href=\"#financiacion\">Financiaci\u00f3n<\/a> ]<\/p>\n\n\n\n<h2 class=\"wp-block-heading\"><a name=\"resumen\"><\/a><strong>Resumen<\/strong><\/h2>\n\n\n\n<p>La demanda de competencias digitales se ha convertido en una necesidad evidente en nuestra sociedad y en el actual proceso de transformaci\u00f3n digital, habiendo crecido de forma exponencial en los \u00faltimos a\u00f1os. Esto provoca que las habilidades de programaci\u00f3n se est\u00e9n convirtiendo en una competencia cada vez m\u00e1s necesaria.<\/p>\n\n\n\n<p>Sin embargo, la programaci\u00f3n es una disciplina compleja, en la que los programadores noveles sufren una amplia variedad de dificultades y d\u00e9ficits que, a menudo, desembocan en un rechazo hacia ella, especialmente en las primeras etapas de su aprendizaje.<\/p>\n\n\n\n<p>Por ello, es necesario identificar los principales factores que influyen en el \u00e9xito o el fracaso en esta disciplina. Entre ellos, destaca la conveniencia de considerar las caracter\u00edsticas individuales y la diversidad de los programadores, as\u00ed como que cualquier propuesta que se haga sea evaluada con usuarios finales, de cara a validar su efectividad. Por otra parte, la literatura resalta la importancia de considerar otros aspectos, como el soporte computacional a escenarios efectivos de programaci\u00f3n en grupo y la incorporaci\u00f3n de estilos de interacci\u00f3n innovadores, que mejoren la motivaci\u00f3n y el compromiso de los usuarios.<\/p>\n\n\n\n<p>En este proyecto nos marcamos el objetivo de evolucionar trabajos previos en tres ejes fundamentales: <\/p>\n\n\n\n<p>a) Estudio de la influencia de las diferencias individuales (personalidad, habilidades, g\u00e9nero, &#8230;) en tareas de aprendizaje de la programaci\u00f3n que repercutan en la motivaci\u00f3n, el compromiso y la aceptaci\u00f3n de esta disciplina y el entorno software que le da soporte. Tener en cuenta la diversidad de los programadores permitir\u00e1 seleccionar y personalizar contenidos, abstracciones, visualizaciones y simulaciones, logrando un entorno m\u00e1s centrado en el usuario\/aprendiz.<\/p>\n\n\n\n<p>b) Estudio y caracterizaci\u00f3n de los factores individuales en contextos de programaci\u00f3n en grupo (conocimientos previos, g\u00e9nero, personalidad, &#8230;) que pueden tener implicaciones en el desempe\u00f1o colaborativo (comunicaci\u00f3n, cohesi\u00f3n, toma de decisiones, &#8230;) de los programadores y en el resultado obtenido o en el aprendizaje logrado. Para ello, se desarrollar\u00e1n algoritmos que ayuden a la formaci\u00f3n de grupos eficaces, utilizando variables no consideradas hasta el momento como la facilidad para el pensamiento abstracto o la actitud hacia la programaci\u00f3n. Estos algoritmos ser\u00e1n integrados como componentes en herramientas desarrolladas previamente por el equipo de investigaci\u00f3n.<\/p>\n\n\n\n<p>c) Implementaci\u00f3n y estudio del efecto de la incorporaci\u00f3n de estilos de interacci\u00f3n natural y manipulativa, para mejorar la construcci\u00f3n y simulaci\u00f3n de programas en entornos de programaci\u00f3n. Para ello, se desarrollar\u00e1n los componentes necesarios (<em>plug-ins<\/em> en la plataforma Eclipse), que ser\u00e1n incorporados a herramientas desarrolladas en proyectos anteriores.<\/p>\n\n\n\n<p>De forma transversal, pero no menos importante, desarrollaremos una intensa labor de evaluaci\u00f3n con la participaci\u00f3n de usuarios finales (centros de ense\u00f1anza superior y universidades, espa\u00f1olas y extranjeras), lo que supone el paso inicial para la transferencia de resultados, especialmente de las herramientas software desarrolladas. Para ello, y apoy\u00e1ndonos en el equipamiento del laboratorio de usabilidad con el que se cuenta, se realizar\u00e1n evaluaciones que combinen m\u00e9todos cuantitativos y cualitativos, lo que dar\u00e1 lugar a evaluaciones m\u00e1s completas de la funcionalidad, usabilidad, aceptaci\u00f3n y utilidad de los desarrollos realizados en este proyecto.<\/p>\n\n\n\n<p>[ <a href=\"#inicio\">Volver<\/a> ]<\/p>\n\n\n\n<h2 class=\"wp-block-heading\"><a name=\"objetivo\"><\/a><strong>Hip\u00f3tesis de investigaci\u00f3n y objetivos<\/strong><\/h2>\n\n\n\n<h3 class=\"wp-block-heading\">Hip\u00f3tesis de investigaci\u00f3n<\/h3>\n\n\n\n<pre class=\"wp-block-verse\">Es factible definir conceptualmente y apoyar tecnol\u00f3gicamente aspectos relacionados con las diferencias individuales (aptitud para el pensamiento abstracto, actitud hacia la programaci\u00f3n, estilo de aprendizaje, g\u00e9nero, entre otros) en tareas de programaci\u00f3n colaborativa y estilos de interacci\u00f3n natural para mejorar el desempe\u00f1o de la programaci\u00f3n colaborativa.<\/pre>\n\n\n\n<h3 class=\"wp-block-heading\">Objetivos<\/h3>\n\n\n\n<pre class=\"wp-block-verse\">An\u00e1lisis, desarrollo y evaluaci\u00f3n de modelos conceptuales y herramientas de software para el dise\u00f1o y la validaci\u00f3n de la abstracci\u00f3n adaptativa, la visualizaci\u00f3n y la simulaci\u00f3n de programas en tareas de programaci\u00f3n colaborativa, explorando la interacci\u00f3n natural y manipulativa como paradigma de interacci\u00f3n.<\/pre>\n\n\n\n<p>[ <a href=\"#inicio\">Volver<\/a> ]<\/p>\n\n\n\n<h2 class=\"wp-block-heading\"><a name=\"paquetes\"><\/a><strong>Paquetes de trabajo<\/strong><\/h2>\n\n\n\n<p>PT1. Revisi\u00f3n de las contribuciones recientes en el estado del arte, organizaci\u00f3n y preparaci\u00f3n.<\/p>\n\n\n\n<p>PT2. An\u00e1lisis y dise\u00f1o de aspectos relacionados con las diferencias individuales en el aprendizaje de la programaci\u00f3n.<\/p>\n\n\n\n<p>PT3. An\u00e1lisis y dise\u00f1o de aspectos relacionados con el trabajo colaborativo.<\/p>\n\n\n\n<p>PT4. Dise\u00f1o y desarrollo de m\u00f3dulos de soporte a las diferencias individuales y a la interacci\u00f3n manipulativa.<\/p>\n\n\n\n<p>PT5. Dise\u00f1o y desarrollo de m\u00f3dulos de software de soporte a la programaci\u00f3n e interacci\u00f3n colaborativa.<\/p>\n\n\n\n<p>PT6. Dise\u00f1o y desarrollo de m\u00f3dulos de software de soporte al seguimiento y an\u00e1lisis avanzado de tareas de programaci\u00f3n.<\/p>\n\n\n\n<p>PT7. Experimentaci\u00f3n y evaluaci\u00f3n.<\/p>\n\n\n\n<p>PT8. Coordinaci\u00f3n, difusi\u00f3n, transferencia y cierre del proyecto.<\/p>\n\n\n\n<p>[ <a href=\"#inicio\">Volver<\/a> ]<\/p>\n\n\n\n<h2 class=\"wp-block-heading\"><a name=\"periodo\"><\/a><strong>Periodo de ejecuci\u00f3n<\/strong><\/h2>\n\n\n\n<p>2022 a 2025<\/p>\n\n\n\n<p>[ <a href=\"#inicio\">Volver<\/a> ]<\/p>\n\n\n\n<h2 class=\"wp-block-heading\"><a name=\"participantes\"><\/a><strong>Participantes<\/strong><\/h2>\n\n\n\n<p>Dr. Miguel \u00c1ngel Redondo [IP1]<\/p>\n\n\n\n<p>Dra. Ana Isabel Molina [IP2]<\/p>\n\n\n\n<p>Dr. Manuel Ortega<\/p>\n\n\n\n<p>Dr. Crescencio Bravo<\/p>\n\n\n\n<p>Dra. Carmen Lacave<\/p>\n\n\n\n<p>Dr. Yoel Arroyo<\/p>\n\n\n\n<p>Dr. \u00d3scar Navarro<\/p>\n\n\n\n<p>Dr. C\u00e9sar Collazos<\/p>\n\n\n\n<p>Dr. Cristian Rusu<\/p>\n\n\n\n<p>Dr. Christian Xavier Navarro<\/p>\n\n\n\n<p>Dr. \u00d3scar Revelo<\/p>\n\n\n\n<p>D\u00f1a. Sara Lago<\/p>\n\n\n\n<p>[ <a href=\"#inicio\">Volver<\/a> ]<\/p>\n\n\n\n<h2 class=\"wp-block-heading\"><a name=\"financiacion\"><\/a><strong>Financiaci\u00f3n externa a la UCLM<\/strong><\/h2>\n\n\n\n<p><strong>95.227 \u20ac<\/strong> (incluyendo costes indirectos) aportados por el Ministerio de Ciencia e Innovaci\u00f3n (MICINN), en materia de costes marginales obtenidos en convocatoria p\u00fablica competitiva con identificador de referencia <strong>PID2021-125122OB-I00<\/strong>.<\/p>\n\n\n\n<p>[ <a href=\"#inicio\">Volver<\/a> ]<\/p>\n","protected":false},"excerpt":{"rendered":"<p>[ Resumen | Objetivo | Paquetes | Periodo | Participantes | Financiaci\u00f3n ] Resumen La demanda de competencias digitales se ha convertido en una necesidad evidente en nuestra sociedad y en el actual proceso de transformaci\u00f3n digital, habiendo crecido de forma exponencial en los \u00faltimos a\u00f1os. Esto provoca que las habilidades de programaci\u00f3n se est\u00e9n &hellip; <\/p>\n<p class=\"link-more\"><a href=\"https:\/\/blog.uclm.es\/grupochico\/proyecto-codifica\/\" class=\"more-link\">Continuar leyendo<span class=\"screen-reader-text\"> \u00abProyecto CODIFICA\u00bb<\/span><\/a><\/p>\n","protected":false},"author":151,"featured_media":0,"parent":0,"menu_order":0,"comment_status":"closed","ping_status":"closed","template":"","meta":{"footnotes":""},"class_list":["post-1121","page","type-page","status-publish","hentry"],"_links":{"self":[{"href":"https:\/\/blog.uclm.es\/grupochico\/wp-json\/wp\/v2\/pages\/1121","targetHints":{"allow":["GET"]}}],"collection":[{"href":"https:\/\/blog.uclm.es\/grupochico\/wp-json\/wp\/v2\/pages"}],"about":[{"href":"https:\/\/blog.uclm.es\/grupochico\/wp-json\/wp\/v2\/types\/page"}],"author":[{"embeddable":true,"href":"https:\/\/blog.uclm.es\/grupochico\/wp-json\/wp\/v2\/users\/151"}],"replies":[{"embeddable":true,"href":"https:\/\/blog.uclm.es\/grupochico\/wp-json\/wp\/v2\/comments?post=1121"}],"version-history":[{"count":0,"href":"https:\/\/blog.uclm.es\/grupochico\/wp-json\/wp\/v2\/pages\/1121\/revisions"}],"wp:attachment":[{"href":"https:\/\/blog.uclm.es\/grupochico\/wp-json\/wp\/v2\/media?parent=1121"}],"curies":[{"name":"wp","href":"https:\/\/api.w.org\/{rel}","templated":true}]}}

<p class="has-text-align-center"><a name="inicio"></a>[ <a href="#resumen">Resumen</a> | <a href="#objetivo">Objetivo</a> | <a href="#paquetes">Paquetes</a> | <a href="#periodo">Periodo</a> | <a href="#participantes">Participantes</a> | <a href="#financiacion">Financiación</a> ]</p>



<h2 class="wp-block-heading"><a name="resumen"></a><strong>Resumen</strong></h2>



<p>La demanda de competencias digitales se ha convertido en una necesidad evidente en nuestra sociedad y en el actual proceso de transformación digital, habiendo crecido de forma exponencial en los últimos años. Esto provoca que las habilidades de programación se estén convirtiendo en una competencia cada vez más necesaria.</p>



<p>Sin embargo, la programación es una disciplina compleja, en la que los programadores noveles sufren una amplia variedad de dificultades y déficits que, a menudo, desembocan en un rechazo hacia ella, especialmente en las primeras etapas de su aprendizaje.</p>



<p>Por ello, es necesario identificar los principales factores que influyen en el éxito o el fracaso en esta disciplina. Entre ellos, destaca la conveniencia de considerar las características individuales y la diversidad de los programadores, así como que cualquier propuesta que se haga sea evaluada con usuarios finales, de cara a validar su efectividad. Por otra parte, la literatura resalta la importancia de considerar otros aspectos, como el soporte computacional a escenarios efectivos de programación en grupo y la incorporación de estilos de interacción innovadores, que mejoren la motivación y el compromiso de los usuarios.</p>



<p>En este proyecto nos marcamos el objetivo de evolucionar trabajos previos en tres ejes fundamentales: </p>



<p>a) Estudio de la influencia de las diferencias individuales (personalidad, habilidades, género, &#8230;) en tareas de aprendizaje de la programación que repercutan en la motivación, el compromiso y la aceptación de esta disciplina y el entorno software que le da soporte. Tener en cuenta la diversidad de los programadores permitirá seleccionar y personalizar contenidos, abstracciones, visualizaciones y simulaciones, logrando un entorno más centrado en el usuario/aprendiz.</p>



<p>b) Estudio y caracterización de los factores individuales en contextos de programación en grupo (conocimientos previos, género, personalidad, &#8230;) que pueden tener implicaciones en el desempeño colaborativo (comunicación, cohesión, toma de decisiones, &#8230;) de los programadores y en el resultado obtenido o en el aprendizaje logrado. Para ello, se desarrollarán algoritmos que ayuden a la formación de grupos eficaces, utilizando variables no consideradas hasta el momento como la facilidad para el pensamiento abstracto o la actitud hacia la programación. Estos algoritmos serán integrados como componentes en herramientas desarrolladas previamente por el equipo de investigación.</p>



<p>c) Implementación y estudio del efecto de la incorporación de estilos de interacción natural y manipulativa, para mejorar la construcción y simulación de programas en entornos de programación. Para ello, se desarrollarán los componentes necesarios (<em>plug-ins</em> en la plataforma Eclipse), que serán incorporados a herramientas desarrolladas en proyectos anteriores.</p>



<p>De forma transversal, pero no menos importante, desarrollaremos una intensa labor de evaluación con la participación de usuarios finales (centros de enseñanza superior y universidades, españolas y extranjeras), lo que supone el paso inicial para la transferencia de resultados, especialmente de las herramientas software desarrolladas. Para ello, y apoyándonos en el equipamiento del laboratorio de usabilidad con el que se cuenta, se realizarán evaluaciones que combinen métodos cuantitativos y cualitativos, lo que dará lugar a evaluaciones más completas de la funcionalidad, usabilidad, aceptación y utilidad de los desarrollos realizados en este proyecto.</p>



<p>[ <a href="#inicio">Volver</a> ]</p>



<h2 class="wp-block-heading"><a name="objetivo"></a><strong>Hipótesis de investigación y objetivos</strong></h2>



<h3 class="wp-block-heading">Hipótesis de investigación</h3>



<pre class="wp-block-verse">Es factible definir conceptualmente y apoyar tecnológicamente aspectos relacionados con las diferencias individuales (aptitud para el pensamiento abstracto, actitud hacia la programación, estilo de aprendizaje, género, entre otros) en tareas de programación colaborativa y estilos de interacción natural para mejorar el desempeño de la programación colaborativa.</pre>



<h3 class="wp-block-heading">Objetivos</h3>



<pre class="wp-block-verse">Análisis, desarrollo y evaluación de modelos conceptuales y herramientas de software para el diseño y la validación de la abstracción adaptativa, la visualización y la simulación de programas en tareas de programación colaborativa, explorando la interacción natural y manipulativa como paradigma de interacción.</pre>



<p>[ <a href="#inicio">Volver</a> ]</p>



<h2 class="wp-block-heading"><a name="paquetes"></a><strong>Paquetes de trabajo</strong></h2>



<p>PT1. Revisión de las contribuciones recientes en el estado del arte, organización y preparación.</p>



<p>PT2. Análisis y diseño de aspectos relacionados con las diferencias individuales en el aprendizaje de la programación.</p>



<p>PT3. Análisis y diseño de aspectos relacionados con el trabajo colaborativo.</p>



<p>PT4. Diseño y desarrollo de módulos de soporte a las diferencias individuales y a la interacción manipulativa.</p>



<p>PT5. Diseño y desarrollo de módulos de software de soporte a la programación e interacción colaborativa.</p>



<p>PT6. Diseño y desarrollo de módulos de software de soporte al seguimiento y análisis avanzado de tareas de programación.</p>



<p>PT7. Experimentación y evaluación.</p>



<p>PT8. Coordinación, difusión, transferencia y cierre del proyecto.</p>



<p>[ <a href="#inicio">Volver</a> ]</p>



<h2 class="wp-block-heading"><a name="periodo"></a><strong>Periodo de ejecución</strong></h2>



<p>2022 a 2025</p>



<p>[ <a href="#inicio">Volver</a> ]</p>



<h2 class="wp-block-heading"><a name="participantes"></a><strong>Participantes</strong></h2>



<p>Dr. Miguel Ángel Redondo [IP1]</p>



<p>Dra. Ana Isabel Molina [IP2]</p>



<p>Dr. Manuel Ortega</p>



<p>Dr. Crescencio Bravo</p>



<p>Dra. Carmen Lacave</p>



<p>Dr. Yoel Arroyo</p>



<p>Dr. Óscar Navarro</p>



<p>Dr. César Collazos</p>



<p>Dr. Cristian Rusu</p>



<p>Dr. Christian Xavier Navarro</p>



<p>Dr. Óscar Revelo</p>



<p>Dña. Sara Lago</p>



<p>[ <a href="#inicio">Volver</a> ]</p>



<h2 class="wp-block-heading"><a name="financiacion"></a><strong>Financiación externa a la UCLM</strong></h2>



<p><strong>95.227 €</strong> (incluyendo costes indirectos) aportados por el Ministerio de Ciencia e Innovación (MICINN), en materia de costes marginales obtenidos en convocatoria pública competitiva con identificador de referencia <strong>PID2021-125122OB-I00</strong>.</p>



<p>[ <a href="#inicio">Volver</a> ]</p>

<p>[ Resumen | Objetivo | Paquetes | Periodo | Participantes | Financiación ] Resumen La demanda de competencias digitales se ha convertido en una necesidad evidente en nuestra sociedad y en el actual proceso de transformación digital, habiendo crecido de forma exponencial en los últimos años. Esto provoca que las habilidades de programación se estén &hellip; </p>
<p class="link-more"><a href="https://blog.uclm.es/grupochico/proyecto-codifica/" class="more-link">Continuar leyendo<span class="screen-reader-text"> «Proyecto CODIFICA»</span></a></p>
