{"id":841,"date":"2024-05-12T14:48:02","date_gmt":"2024-05-12T14:48:02","guid":{"rendered":"https:\/\/blog.uclm.es\/grupoINTERMED\/?page_id=841"},"modified":"2025-10-16T13:40:34","modified_gmt":"2025-10-16T13:40:34","slug":"escuela-de-traductores-de-toledo-sbply-19-180501-000087","status":"publish","type":"page","link":"https:\/\/blog.uclm.es\/grupoINTERMED\/escuela-de-traductores-de-toledo-sbply-19-180501-000087\/","title":{"rendered":"Escuela de Traductores de Toledo (SBPLY\/19\/180501\/000087)"},"content":{"rendered":"\n<p><strong>Proyecto \u00abLa Escuela de Traductores de Toledo y las traducciones de obras m\u00e9dicas: textos, transmisi\u00f3n manuscrita y recepci\u00f3n\u00bb (Ref. SBPLY\/19\/180501\/000087).<\/strong><\/p>\n\n\n\n<p>IP: Mar\u00eda Teresa Santamar\u00eda Hern\u00e1ndez (UCLM).<\/p>\n\n\n\n<p>Duraci\u00f3n: 01\/01\/2020-20\/03\/2023.<\/p>\n\n\n\n<p>Entidad financiadora: Consejer\u00eda de Educaci\u00f3n, Cultura y Deportes de la Junta de Comunidades de Castilla-La Mancha.<\/p>\n\n\n\n<p>\u00c1mbito: regional.<\/p>\n\n\n\n<p>Centro de destino: Facultad de Humanidades de Albacete.<\/p>\n","protected":false},"excerpt":{"rendered":"<p>Proyecto \u00abLa Escuela de Traductores de Toledo y las traducciones de obras m\u00e9dicas: textos, transmisi\u00f3n manuscrita y recepci\u00f3n\u00bb (Ref. SBPLY\/19\/180501\/000087). IP: Mar\u00eda Teresa Santamar\u00eda Hern\u00e1ndez (UCLM). Duraci\u00f3n: 01\/01\/2020-20\/03\/2023. Entidad financiadora: Consejer\u00eda de Educaci\u00f3n, Cultura y Deportes de la Junta de &hellip; <a href=\"https:\/\/blog.uclm.es\/grupoINTERMED\/escuela-de-traductores-de-toledo-sbply-19-180501-000087\/\">Sigue leyendo <span class=\"meta-nav\">&rarr;<\/span><\/a><\/p>\n","protected":false},"author":166,"featured_media":0,"parent":0,"menu_order":0,"comment_status":"closed","ping_status":"closed","template":"","meta":{"footnotes":""},"class_list":["post-841","page","type-page","status-publish","hentry"],"_links":{"self":[{"href":"https:\/\/blog.uclm.es\/grupoINTERMED\/wp-json\/wp\/v2\/pages\/841","targetHints":{"allow":["GET"]}}],"collection":[{"href":"https:\/\/blog.uclm.es\/grupoINTERMED\/wp-json\/wp\/v2\/pages"}],"about":[{"href":"https:\/\/blog.uclm.es\/grupoINTERMED\/wp-json\/wp\/v2\/types\/page"}],"author":[{"embeddable":true,"href":"https:\/\/blog.uclm.es\/grupoINTERMED\/wp-json\/wp\/v2\/users\/166"}],"replies":[{"embeddable":true,"href":"https:\/\/blog.uclm.es\/grupoINTERMED\/wp-json\/wp\/v2\/comments?post=841"}],"version-history":[{"count":2,"href":"https:\/\/blog.uclm.es\/grupoINTERMED\/wp-json\/wp\/v2\/pages\/841\/revisions"}],"predecessor-version":[{"id":1001,"href":"https:\/\/blog.uclm.es\/grupoINTERMED\/wp-json\/wp\/v2\/pages\/841\/revisions\/1001"}],"wp:attachment":[{"href":"https:\/\/blog.uclm.es\/grupoINTERMED\/wp-json\/wp\/v2\/media?parent=841"}],"curies":[{"name":"wp","href":"https:\/\/api.w.org\/{rel}","templated":true}]}}