{"id":592,"date":"2021-02-11T14:59:13","date_gmt":"2021-02-11T13:59:13","guid":{"rendered":"http:\/\/blog.uclm.es\/repeme\/?page_id=592"},"modified":"2025-10-18T15:48:54","modified_gmt":"2025-10-18T15:48:54","slug":"capitulos","status":"publish","type":"page","link":"https:\/\/blog.uclm.es\/grupoINTERMED\/capitulos\/","title":{"rendered":"CAP\u00cdTULOS DE LIBRO"},"content":{"rendered":"\n<p><strong>| 2025 |<\/strong><\/p>\n\n\n\n<p>D\u00edaz Marcos, Marina (en prensa), \u00abGerard of Cremona and Galen\u2019s <em>De simplicibus medicinis liber I<\/em>: preliminary notes to the critical edition\u00bb, en D. Juste &amp; C. Dufoss\u00e9 (eds.), ____, xx-xx.<\/p>\n\n\n\n<p><strong>| 2024 |<\/strong><\/p>\n\n\n\n<p>Santamar\u00eda Hern\u00e1ndez, Mar\u00eda Teresa (2024), \u00abThe Theory of Humours Applied to Food in the Middle Ages: From the Graeco-Roman Tradition to Mediaeval Latin Europe\u00bb, en G. Alvar Nu\u00f1o (ed.), <em>Food, Feasting and Table Manners in the Late Middle Ages. Volume I: The Iberian Peninsula in the European Context<\/em>, 91-110. London: Routledge.&nbsp;ISBN: <a href=\"https:\/\/www.routledge.com\/Food-Feasting-and-Table-Manners-in-the-Late-Middle-Ages-Volume-I-The-Iberian-Peninsula-in-the-European-Context\/Nuno\/p\/book\/9781032331201?srsltid=AfmBOoofwAEYdcMOmdAjESFNf4v4NxMFN4Vg49e5FzpRUQjDsXVGQRdQ\">978-1-03-233120-1<\/a><\/p>\n\n\n\n<p>Mart\u00ednez Prieto, Roc\u00edo (2024), \u00abUsos terap\u00e9uticos de la mandr\u00e1gora, la dragontea y la verbena en algunos textos tardoantiguos y altomedievales: aproximaci\u00f3n al estudio de la transmisi\u00f3n de un fragmento del <em>Cod. Sang. 751<\/em> (St. Gallen, Stiftsbibliothek, p. 392)\u00bb, en J. M. Maestre Maestre, M. A. D\u00edaz Gito, A. D\u00e1vila P\u00e9rez, E. del Pino Gonz\u00e1lez &amp; B. Pozuelo Calero (eds.), <em>Humanismo y<\/em> <em>pervivencia del Mundo Cl\u00e1sico. Homenaje al profesor Eustaquio S\u00e1nchez Salor (VI.2)<\/em>, 835-864. Lisboa-Alca\u00f1iz-M\u00e9xico, Universidade de Lisboa-Instituto de Estudios Human\u00edsticos-Universidad Nacional Aut\u00f3noma de M\u00e9xico (UNAM). ISBN: <a href=\"https:\/\/rodin.uca.es\/bitstream\/handle\/10498\/34414\/C2024Humanismo%20y%20Pervivencia%20VI.pdf?sequence=1&amp;isAllowed=y\">978-8-41-799932-2<\/a><\/p>\n\n\n\n<p><strong>| 2023 |<\/strong><\/p>\n\n\n\n<p>Santamar\u00eda Hern\u00e1ndez, Mar\u00eda Teresa (2023), \u00abLa <em>uirtus attractiua<\/em> de los purgantes en el <em>De catharticis<\/em> pseudogal\u00e9nico: el s\u00edmil como recurso de explicaci\u00f3n conceptual\u00bb, en N. Palmieri (ed.), <em>Images et analogies dans les textes m\u00e9dicaux latins: Antiquit\u00e9 et Moyen \u00c2ge<\/em>, 161-170. Saint \u00c9tienne: Publications de l&#8217;Universit\u00e9 de Saint-\u00c9tienne. ISBN: <a href=\"https:\/\/dialnet.unirioja.es\/servlet\/libro?codigo=984531\">9782862727769<\/a><\/p>\n\n\n\n<p>Pascual Barea, Joaqu\u00edn (2023), \u00abBeneficios y riesgos del vino para el cuerpo y la mente en la&nbsp;<em>Florida Corona&nbsp;<\/em>(1491) de Antonio Gazi y la&nbsp;<em>Ianua Vitae&nbsp;<\/em>de \u00c1lvaro de Castro (c. 1525)\u00bb, en R. Massanet Rodr\u00edguez&nbsp;(ed.), <em>La medicina en la Edad Moderna desde el prisma de las Humanidades<\/em>, 193-203. Berl\u00edn: De Gruyter. ISBN: <a href=\"https:\/\/www.degruyterbrill.com\/document\/doi\/10.1515\/9783110913170\/html\">978-3-11-099095-9<\/a>; doi: <a href=\"https:\/\/doi.org\/10.1515\/9783110913170-017\">10.1515\/9783110913170-017<\/a><\/p>\n\n\n\n<p>Pascual Barea, Joaqu\u00edn (2023), \u00abCur Galenus in capitis vulneribus medendis Romanum morem secutus optima medicamenta non adhiberet\u00bb, en N. de Mico <em>et al.<\/em> (eds.), <em>Roma Latina, Roma Aeterna<\/em>. <em>Acta conventus Academiae Latinitati Fovendae (Romae, 12-15.VI.2022)<\/em>, vol. I, 27-35. Marneffe: Melissa. ISBN:&nbsp;<a href=\"https:\/\/dialnet.unirioja.es\/servlet\/libro?codigo=985865\">978-2-87-290032-9<\/a><\/p>\n\n\n\n<p>Pascual Barea, Joaqu\u00edn (2023), \u00abToponimia del Reino de Mauror\u00bb, en J. D. Mata Marchena &amp; C. Montero Oliva (coords.),&nbsp;<em>Actas de las Jornadas&nbsp;El Reino Taifa de Mor\u00f3n (1013-1066).&nbsp;22 a 24 de octubre de 2013<\/em>, 83-131. Mor\u00f3n de la Frontera: Ayuntamiento. ISBN: <a href=\"https:\/\/dialnet.unirioja.es\/servlet\/libro?codigo=974878\">978-84-09-52437-2<\/a><\/p>\n\n\n\n<p>D\u00edaz Marcos, Marina (2023), \u00abLos remedios de Galeno contra las enfermedades de la piel seg\u00fan la versi\u00f3n de Theodoricus Gerardus Gaudanus\u00bb, en R. Massanet Rodr\u00edguez (ed.), <em>La medicina en la Edad Moderna desde el prisma de las Humanidades<\/em>, 205-220. Berl\u00edn: De Gruyter. ISBN: 978-31-10-99095-9; doi: <a href=\"https:\/\/doi.org\/10.1515\/9783110913170-018\">10.1515\/9783110913170-018<\/a><\/p>\n\n\n\n<p>Zaben, Dana &amp; Sol\u00e1 Portillo, Sara (2023), \u00abThe Evolution of Medical Arabic: from the Arabian Peninsula to the Iberian Peninsula\u00bb, en J. C. Carvajal &amp; M. Fierro (eds.), <em>Intellectual Connections between Jazirat al- \u2018Arab and Jazirat al-Andalus<\/em>, 57-71. Madrid: Casa \u00c1rabe. ISBN: <a href=\"https:\/\/riuma.uma.es\/xmlui\/bitstream\/handle\/10630\/25775\/Sola%26Zaben2022SAS2021.pdf?sequence=1\">978-84-09-44238-6<\/a><\/p>\n\n\n\n<p><strong>| 2022 |<\/strong><\/p>\n\n\n\n<p>Santamar\u00eda Hern\u00e1ndez, Mar\u00eda Teresa (2022), \u00abEl pseudogal\u00e9nico <em>Liber secretorum ad Monteum<\/em> traducido del \u00e1rabe por Gerardo de Cremona: un compendio de historias m\u00e9dicas y farmacolog\u00eda antigua\u00bb, en L. Merino <em>et al.<\/em> (eds.),<em> Verbo et opere: homenaje al profesor C\u00e9sar Chaparro<\/em>, 419-427. C\u00e1ceres: Universidad de Extremadura. ISBN: <a href=\"https:\/\/dialnet.unirioja.es\/servlet\/libro?codigo=918880\">978-84-9127-133-8<\/a><\/p>\n\n\n\n<p>Santamar\u00eda Hern\u00e1ndez, Mar\u00eda Teresa (2022), \u00abEl cat\u00e1logo de afecciones femeninas en la <em>Ianua vitae<\/em> de \u00c1lvaro de Castro, o la pervivencia de una antigua doctrina\u00bb, en C. Pinheiro <em>et al.<\/em> (eds.),<em> Gynecia. Studies on Gynaecology in Ancient, Medieval and Early-Modern Texts<\/em>, 157-170. Lisboa: Edi\u00e7\u00f5es Afrontamento. ISBN: <a href=\"https:\/\/repositorio.ulisboa.pt\/bitstream\/10451\/57594\/3\/Gynecia_Studies%20on%20Gynaecology%20FINAL.pdf\">978-97-23-61977-5<\/a><\/p>\n\n\n\n<p>Pascual Barea, Joaqu\u00edn (2022), \u00abLa influencia en el feto de la imaginaci\u00f3n de la madre desde la Medicina Antigua hasta Rodrigo de Castro\u00bb, en C. Pinheiro <em>et al.<\/em> (eds.),<em> Gynecia. Studies on Gynaecology in Ancient, Medieval and Early-Modern Texts<\/em>, 199-213. Lisboa: Edi\u00e7\u00f5es Afrontamento. ISBN: <a href=\"https:\/\/repositorio.ulisboa.pt\/bitstream\/10451\/57594\/3\/Gynecia_Studies%20on%20Gynaecology%20FINAL.pdf\">978-97-23-61977-5<\/a><\/p>\n\n\n\n<p>Santamar\u00eda Hern\u00e1ndez, Mar\u00eda Teresa (2022), \u00abEl cap\u00edtulo sobre la peon\u00eda del <em>Herbario<\/em> de pseudo Apuleyo: relaci\u00f3n con la fitoterapia herm\u00e9tica\u00bb, en T. Gonz\u00e1lez Rol\u00e1n <em>et al.<\/em> (eds.), <em>Pinguis Humus<\/em>.<em> Vol\u00famenes dedicados a la Profesora Francisca Moya del Ba\u00f1o<\/em>, 399-409. Madrid: SELat &#8211; Ediciones Cl\u00e1sicas. ISBN: <a href=\"https:\/\/dialnet.unirioja.es\/servlet\/libro?codigo=875966\">978-84-7882-885-2<\/a><\/p>\n\n\n\n<p>Mart\u00ednez Prieto, Roc\u00edo (2022), \u00abArabismos en el <em>Antidotarium <\/em>(ms. 97-10, Catedral de Toledo, s. XVI?) de \u00c1lvaro de Castro: un ejemplo de la introducci\u00f3n del l\u00e9xico \u00e1rabe en la medicina latina\u00bb, en T. Gonz\u00e1lez Rol\u00e1n <em>et al.<\/em> (eds.), <em>Pinguis Humus<\/em>. <em>Vol\u00famenes dedicados a la Profesora Francisca Moya del Ba\u00f1o<\/em>, 131-142. Madrid: SELat &#8211; Ediciones Cl\u00e1sicas. ISBN: <a href=\"https:\/\/dialnet.unirioja.es\/servlet\/libro?codigo=875966\">978-84-7882-885-2<\/a><\/p>\n\n\n\n<p>Santamar\u00eda Hern\u00e1ndez, Mar\u00eda Teresa (2022), \u00ab<em>Pro suo iure aliquando loquitur<\/em>: humanismo m\u00e9dico y medicina \u00e1rabo-latina, o los l\u00edmites de una norma asumida\u00bb, en I. Suay <em>et al. <\/em>(eds.), <em>Ciencia, Medicina y Ley<\/em>, 349-352. Valencia: Universitat de Val\u00e8ncia &#8211; Sociedad Espa\u00f1ola de Historia de la Medicina. ISBN: <a href=\"https:\/\/ruidera.uclm.es\/server\/api\/core\/bitstreams\/ec98fa92-1787-4079-b030-4f6ab75e298d\/content\">978-84-09-42017-9<\/a><\/p>\n\n\n\n<p>Pascual Barea, Joaqu\u00edn (2022), \u00abLa prohibici\u00f3n del consumo de alcohol seg\u00fan el m\u00e9dico \u00c1lvaro de Castro hacia 1525: circunstancias, causas y autoridades antiguas y medievales\u00bb, en I. Suay <em>et al. <\/em>(eds.), <em>Ciencia, Medicina y Ley<\/em>, 332-334. Valencia: Universitat de Val\u00e8ncia &#8211; Sociedad Espa\u00f1ola de Historia de la Medicina. ISBN:<a href=\"https:\/\/ruidera.uclm.es\/server\/api\/core\/bitstreams\/ec98fa92-1787-4079-b030-4f6ab75e298d\/content\"> 978-84-09-42017-9<\/a><\/p>\n\n\n\n<p>D\u00edaz Marcos, Marina (2022), \u00abLa ense\u00f1anza y la pr\u00e1ctica m\u00e9dicas en Europa durante la Baja Edad Media a trav\u00e9s del tratado de los Simples de Galeno\u00bb, en I. Suay <em>et al. <\/em>(eds.), <em>Ciencia, Medicina y Ley<\/em>, 317-319. Valencia: Universitat de Val\u00e8ncia &#8211; Sociedad Espa\u00f1ola de Historia de la Medicina. ISBN:<a href=\"https:\/\/ruidera.uclm.es\/server\/api\/core\/bitstreams\/ec98fa92-1787-4079-b030-4f6ab75e298d\/content\"> 978-84-09-42017-9<\/a><\/p>\n\n\n\n<p>Zaben, Dana (2022), \u00abEl proceso de trasvase del <em>De materia medica <\/em>de Diosc\u00f3rides desde la Antig\u00fcedad hasta el Renacimiento: texto e iconograf\u00eda\u00bb, en F. Gonz\u00e1lez Moreno <em>et al. <\/em>(eds.), <em>El libro, de lo material a lo simb\u00f3lico<\/em>, 9-18. Berl\u00edn: Peter Lang. ISBN (PDF): 9783631871881; e-ISBN: 9783631871898; ISBN: 9783631860090; doi: <br><a href=\"https:\/\/www.peterlang.com\/document\/1220633\">10.3726\/b19361<\/a><\/p>\n\n\n\n<p><strong>| 2021 |<\/strong><\/p>\n\n\n\n<p>Santamar\u00eda Hern\u00e1ndez, Mar\u00eda Teresa (2021), \u00abHumores y cat\u00e1rticos en la medicina altomedieval: tradici\u00f3n oribasiana en el <em>De augmento humorum<\/em> pseudohipocr\u00e1tico\u00bb, en M. T. Santamar\u00eda Hern\u00e1ndez (ed.), <em>Estudios sobre Galeno latino y sus fuentes<\/em>, 13-26. Cuenca: Universidad de Castilla-La Mancha. e-ISBN 978-84-9044-467-2; ISBN: <a href=\"https:\/\/dialnet.unirioja.es\/servlet\/libro?codigo=852037\">978-84-9044-466-5<\/a><\/p>\n\n\n\n<p>Santamar\u00eda Hern\u00e1ndez, Mar\u00eda Teresa (2021), &nbsp;\u00abThe Latin Commentary by Pedro Jaime Esteve on the Second Book of the Hippocratic <em>Epidemics<\/em> (Valencia 1551)\u00bb, en P. Pormann (ed.), <em>Hippocratic Commentaries in the Greek, Latin, Syriac and Arabic Traditions<\/em>, 319-332. Leiden \u2013 Boston: Brill. e-ISBN: 978-90-04-47020-0; ISBN: <a href=\"https:\/\/brill.com\/display\/title\/60875?srsltid=AfmBOorHiEI6NYvw9hgWRoxKiRbQYdXTEX8SUlMhrjivQdWKIzz9d0rT\">978-90-04-47019-4<\/a><\/p>\n\n\n\n<p>Pascual Barea, Joaqu\u00edn (2021), \u201c<em>Equiferi&nbsp;<\/em>y&nbsp;<em>aquifolia<\/em>: Cebros y acebos en&nbsp;la toponimia de la pen\u00ednsula ib\u00e9rica\u201d, en Luis Unceta G\u00f3mez&nbsp;<em>et al<\/em>. (eds.), <em>\u00abAmice benigneque honorem nostrum habes\u00bb: Estudios Ling\u00fc\u00edsticos en homenaje al Profesor Benjam\u00edn Garc\u00eda-Hern\u00e1ndez<\/em>, 455-468. Madrid: Universidad Aut\u00f3noma de Madrid. ISBN: <a href=\"https:\/\/dialnet.unirioja.es\/servlet\/libro?codigo=824667\">978-84-8344-777-2<\/a><\/p>\n\n\n\n<p>Pascual Barea, Joaqu\u00edn (2021), \u00abGaleno y otras fuentes de la&nbsp;<em>Ianua vitae<\/em>&nbsp;(ca. 1525) de \u00c1lvaro de Castro\u00bb, en M. T. Santamar\u00eda Hern\u00e1ndez (ed.), <em>Estudios sobre Galeno latino y sus fuentes<\/em>, 217-228. Cuenca: Universidad de Castilla-La Mancha. e-ISBN 978-84-9044-467-2; ISBN: <a href=\"https:\/\/dialnet.unirioja.es\/servlet\/libro?codigo=852037\">978-84-9044-466-5<\/a><\/p>\n\n\n\n<p>D\u00edaz Marcos, Marina (2021), \u00abLa t\u00e9cnica traductora de Gerardo de Cremona en sus versiones m\u00e9dicas. Una propuesta a partir del<em> De simplicium medicamentorum facultatibus<\/em>\u00ab, en M. T. Santamar\u00eda Hern\u00e1ndez (ed.), <em>Estudios sobre Galeno latino y sus fuentes<\/em>, 199-216. Cuenca: Universidad de Castilla-La Mancha. e-ISBN 978-84-9044-467-2; ISBN: <a href=\"https:\/\/dialnet.unirioja.es\/servlet\/libro?codigo=852037\">978-84-9044-466-5<\/a><\/p>\n\n\n\n<p>D\u00edaz Marcos, Marina (2021), \u00ab\u00cdndice de manuscritos\u00bb, en M. T. Santamar\u00eda Hern\u00e1ndez (ed.), <em>Estudios sobre Galeno latino y sus fuentes<\/em>, 387-392. Cuenca: Universidad de Castilla-La Mancha. e-ISBN 978-84-9044-467-2; ISBN: <a href=\"https:\/\/dialnet.unirioja.es\/servlet\/libro?codigo=852037\">978-84-9044-466-5<\/a><\/p>\n\n\n\n<p>D\u00edaz Marcos, Marina (2021), \u00abLos usos terap\u00e9uticos de la vid en la versi\u00f3n latina medieval del <em>De simpl. med. fac.<\/em> de Galeno\u00bb, en J. de la Villa Polo <em>et al.<\/em> (eds.), <em>Forum Classicorum. Perspectivas y avances sobre el Mundo Cl\u00e1sico<\/em>, vol. II, 977-1004. Madrid: Sociedad Espa\u00f1ola de Estudios Cl\u00e1sicos &#8211; Guillermo Escolar Editor. ISBN: <a href=\"https:\/\/dialnet.unirioja.es\/servlet\/libro?codigo=852312\">978-84-09-34322-5<\/a>; ISBN (volumen II): 978-84-09-34323-3; e-ISBN: 978-84-09-34325-6<\/p>\n\n\n\n<p>Zaben, Dana (2021), \u00abEn torno a las fuentes \u00e1rabes del libro I del <em>De simplicium medicamentorum facultatibus<\/em> de Galeno y su pervivencia en las versiones latinas de Gerardo de Cremona: estudio lexicol\u00f3gico y t\u00e9cnica de traducci\u00f3n\u00bb, en M. T. Santamar\u00eda Hern\u00e1ndez (ed.), <em>Estudios sobre Galeno latino y sus fuentes<\/em>, 141-161. Cuenca: Universidad de Castilla-La Mancha. ISBN: <a href=\"https:\/\/dialnet.unirioja.es\/servlet\/libro?codigo=852037\">978-84-9044-466-5<\/a><\/p>\n\n\n\n<p>Mart\u00ednez Prieto, Roc\u00edo (2021), \u00ab<em>Stultorum infinitus est numerus<\/em>: el humanismo filol\u00f3gico en la Edad Moderna espa\u00f1ola a trav\u00e9s de <em>El Quijote<\/em>\u00ab, en H. Ch. Hagedorn, S. Molina Plaza&nbsp;&amp;&nbsp;M. Rigal Arag\u00f3n&nbsp;(coords.), <em>Literatura, cr\u00edtica, libertad. Estudios en homenaje a Juan Bravo Castillo<\/em>, 339-346. Cuenca: Universidad de Castilla-La Mancha. ISBN: <a href=\"https:\/\/ruidera.uclm.es\/items\/83b8f2b6-151d-4f62-a95c-71dd52a1a1ed\">978-84-9044-404-7<\/a>; e-ISBN: 978-84-9044-403-0<\/p>\n\n\n\n<p>Mart\u00ednez Prieto, Roc\u00edo (2021), \u00abTres citas problem\u00e1ticas a Galeno en el <em>Antidotarium <\/em>de \u00c1lvaro de Castro: colaci\u00f3n de fragmentos y establecimiento de fuentes\u00bb, en M. T. Santamar\u00eda Hern\u00e1ndez (ed.), <em>Estudios sobre Galeno latino y sus fuentes<\/em>, 229-244. Cuenca: Universidad de Castilla-La Mancha. ISBN: <a href=\"https:\/\/dialnet.unirioja.es\/servlet\/libro?codigo=852037\">978-84-9044-466-5<\/a><\/p>\n\n\n\n<p>Mart\u00ednez Prieto, Roc\u00edo (2021), \u00abLa transmisi\u00f3n de la medicina \u00e1rabe en el Occidente medieval: traducciones \u00e1rabo-latinas en el <em>Antidotarium <\/em>de \u00c1lvaro de Castro\u201d, en C. Codo\u00f1er Merino <em>et al.<\/em> (eds.), <em>Nuevos Estudios de Lat\u00edn Medieval Hisp\u00e1nico<\/em>, 321-328.Firenze: SISMEL-Edizioni del Galluzzo. ISBN: <a href=\"https:\/\/www.sismel.it\/pubblicazioni\/1823-nuevos-estudios-de-latn-medieval-hispnico\">978-88-8450-972-7<\/a><\/p>\n\n\n\n<p>Sol\u00e1 Portillo, Sara (2021), \u00abEl aceite en la traducci\u00f3n \u00e1rabe de los <em>Simples<\/em> de Galeno\u00bb, en M. T. Santamar\u00eda Hern\u00e1ndez (ed.), <em>Estudios sobre Galeno latino y sus fuentes<\/em>, 141-161. Cuenca: Universidad de Castilla-La Mancha. ISBN: <a href=\"https:\/\/dialnet.unirioja.es\/servlet\/libro?codigo=852037\">978-84-9044-466-5<\/a><\/p>\n\n\n\n<p><strong>| 2020 |<\/strong><\/p>\n\n\n\n<p>D\u00edaz Marcos, Marina (2020), \u00abLa tradici\u00f3n latina renacentista del <em>De simplicium medicamentorum facultatibus <\/em>de Galeno.\u00bb, en F. Schaffenrath y M\u00aa. T. Santamar\u00eda Hern\u00e1ndez (eds.), <em>Acta Conventus Neo-latini Albasitensis. Proceedings of the Seventeenth International Congress of Neo-Latin Studies (Albacete 2018)<\/em>. Serie: <em>Acta Conventus Neo-Latini, 17<\/em>, 236-247. Leiden: Koninklijke Brill NV. ISBN: 978-90-04-42709-9; e-ISBN: 978-90-04-42710-5; doi: <a href=\"https:\/\/brill.com\/edcollbook\/title\/57218?srsltid=AfmBOopJCNCY2z5gNrcM7qFGo7uPdHuWC7i185Q9MZqzPrKe3qSyJv59\">10.1163\/9789004427105_017<\/a><\/p>\n\n\n\n<p><strong>| 2019 |<\/strong><\/p>\n\n\n\n<p>Santamar\u00eda Hern\u00e1ndez, Mar\u00eda Teresa (2019), \u00abRecursos de modernizaci\u00f3n de un escrito m\u00e9dico: los&nbsp;<em>Fundamenta medicorum<\/em>&nbsp;del converso toledano \u00c1lvaro de Castro. Con edici\u00f3n y traducci\u00f3n al espa\u00f1ol de la ep\u00edstola del licenciado De Ca\u00f1ete\u00bb, en M. \u00c1. Gonz\u00e1lez Manjarr\u00e9s (ed.),&nbsp;<em>Praxi theoremata coniungamus: Amato Lusitano y la medicina de su tiempo<\/em>, 35-45.<em>&nbsp;<\/em>Madrid: Guillermo Escolar Editor. ISBN: <a href=\"https:\/\/www.guillermoescolareditor.com\/libro\/praxi-theoremata-coniungamus_117606\/\">978-84-17134-95-2<\/a><\/p>\n\n\n\n<p>Santamar\u00eda Hern\u00e1ndez, Mar\u00eda Teresa (2019), \u00abDe la Antig\u00fcedad al siglo XII toledano: la compleja transmisi\u00f3n de la &#8216;enfermedad bovina&#8217; y su confusi\u00f3n con el muermo equino\u00bb, en&nbsp;L. A. Garc\u00eda Al\u00eda (dir.) &amp; J. J. Garc\u00eda G\u00f3mez (coord.), <em>Las ciencias veterinarias al servicio de la sociedad. Actas del XXV Congreso Nacional y XVI Congreso Iberoamericano de Historia de la Veterinaria: Toledo, 15, 16 y 17 de Noviembre de 2019<\/em>, 41-55. Toledo: Colegio Oficial de Veterinarios de Toledo. ISBN: <a href=\"https:\/\/historiaveterinaria.org\/update\/his2019.pdf\">9788409148363<\/a><\/p>\n\n\n\n<p>Santamar\u00eda Hern\u00e1ndez, Mar\u00eda Teresa (2019), \u00abL\u00e9xico incomprendido en la <em>Mulomedicina<\/em> <em>Chironis<\/em>:&nbsp;an\u00e1lisis de conjeturas y propuesta de enmiendas\u00bb,&nbsp;en L. Sannicandro &amp; M. Schwarzenberger (eds.), <em>Morborum et signa et causas praedicere curasque monstrare<\/em>:&nbsp;<em>La medicina veterinaria nel mondo antico e medievale. Atti del V Convegno Internazionale&nbsp;(Monaco di Baviera, 29-31 marzo 2017)<\/em> (Serie: <em>Commentaria Classica<\/em>, Supplemento&nbsp;V), 153-177. Catania:&nbsp;<em>Litterae Press<\/em>. ISBN&nbsp;<a href=\"http:\/\/www.commentariaclassica.altervista.org\/Commentaria_Classica\/V_-_2018_%28Supplemento%29.html\">9788894227123<\/a>; ISSN&nbsp;2283-5652<\/p>\n\n\n\n<p><strong>| 2018 |<\/strong><\/p>\n\n\n\n<p>Santamar\u00eda Hern\u00e1ndez, Mar\u00eda Teresa: 92 art\u00edculos en E. Montero Cartelle (dir.), M. \u00c1. Gonz\u00e1lez Manjarr\u00e9s (rev.) <em>et al.<\/em> (2018),&nbsp;<em>Dictionarium Latinum Andrologiae, Gynecologiae et Embryologiae ab Antiquitate usque ad XVI saeculum&nbsp;(DILAGE). Diccionario latino de Androlog\u00eda, Ginecolog\u00eda y Embriolog\u00eda desde la Antig\u00fcedad hasta el siglo XVI (DILAGE)<\/em> (Series <em>Textes et \u00c9tudes du Moyen \u00c2ge<\/em>, 74). Roma: F\u00e9d\u00e9ration Internationale des Instituts d\u2019\u00c9tudes M\u00e9di\u00e9vales: Brepols. ISBN: <a href=\"https:\/\/www.brepols.net\/products\/IS-9782503581637-1\">978-2-503-58163-7<\/a><\/p>\n\n\n\n<p>Santamar\u00eda Hern\u00e1ndez, Mar\u00eda Teresa (2018),&nbsp;\u00abEl lat\u00edn de la medicina human\u00edstica y la&nbsp; barbarie m\u00e9dica: claves ling\u00fc\u00edsticas de un enfrentamiento parcial\u00bb, en A. Steiner-Weber, F.R\u00f6mer&nbsp;<em>et al.<\/em> (eds.),&nbsp;<em>Acta Conventus Neo-Latini Vindobonensis: Proceedings of the Sixteenth International Congress of Neo-Latin Studies (Vienna 2015)<\/em>, 581-590. Leiden\/Boston: Brill. ISBN: <a href=\"https:\/\/brill.com\/edcollbook\/title\/36233?srsltid=AfmBOooFPsavTQH5kAnJvA_Y6JzzOooioThL2qkTnvwijdfiY786Hd5F\">978-90-04-36152-2<\/a><\/p>\n\n\n\n<p><strong>| 2017 |<\/strong><\/p>\n\n\n\n<p>D\u00edaz Marcos, Marina  (2017), \u00abEstructuras predicativas en verbos de expresi\u00f3n en lat\u00edn: <em>clamo<\/em>\u00ab, en J. Villa Polo <em>et al.<\/em> (eds.), <em>Conventus classicorum. Temas y formas del mundo cl\u00e1sico. Temes i formes del m\u00f3n cl\u00e0ssic<\/em>, 467-476. Madrid: Sociedad Espa\u00f1ola de Estudios Cl\u00e1sicos. ISBN (obra completa): <a href=\"https:\/\/www.estudiosclasicos.org\/publicaciones\/conventus-classicorum-temas-y-formas-del-mundo-clasico\/\">978-84-697-8169-2<\/a>; ISBN (vol. I): 978-84-697-8214-9<\/p>\n\n\n\n<p>Mart\u00ednez Prieto, Roc\u00edo (2017), \u00abM\u00e9todos, problemas y resultados en la edici\u00f3n y el estudio filol\u00f3gico de textos in\u00e9ditos: mi aventura predoctoral con un antidotario del siglo XVI\u201d, en Vicerrectorado de Investigaci\u00f3n y Pol\u00edtica Cient\u00edfica (ed.), <em>VII Jornadas Doctorales de la Universidad de Castilla-La Mancha. Libro de res\u00famenes<\/em>, 55. Albacete: Universidad de Castilla-La Mancha. ISBN: <a href=\"https:\/\/www.academia.edu\/35268293\/M%C3%A9todos_problemas_y_resultados_en_la_edici%C3%B3n_y_el_estudio_filol%C3%B3gico_de_textos_in%C3%A9ditos_mi_aventura_predoctoral_con_un_antidotario_del_siglo_XVI\">978-84-17238-22-3<\/a><\/p>\n\n\n\n<p><strong>| 2016 |<\/strong><\/p>\n\n\n\n<p><\/p>\n\n\n\n<p>Santamar\u00eda Hern\u00e1ndez, Mar\u00eda Teresa (2016), \u00abLas traducciones en los \u00abFundamenta medicorum\u00bb de \u00c1lvaro de Castro\u00bb, en M. T. Santamar\u00eda Hern\u00e1ndez (ed.), <em>Traducci\u00f3n y transmisi\u00f3n doctrinal de la medicina grecolatina desde la Antig\u00fcedad hasta el mundo moderno: nuevas aportaciones sobre autores y textos<\/em>, 67-84. Cuenca: Ediciones de la Universidad de Castilla-La Mancha. ISBN: <a href=\"https:\/\/dialnet.unirioja.es\/servlet\/libro?codigo=696924\">978-84-9044-245-6<\/a><\/p>\n\n\n\n<p>Mart\u00ednez Prieto, Roc\u00edo (2016), \u00abLa recepci\u00f3n del humanismo m\u00e9dico en el <em>Libro de Theriaca <\/em>(1575) del boticario toledano Lorenzo P\u00e9rez\u00bb, en M. T. Santamar\u00eda Hern\u00e1ndez (ed.), <em>Traducci\u00f3n y transmisi\u00f3n doctrinal de la medicina grecolatina desde la Antig\u00fcedad hasta el mundo moderno: nuevas aportaciones sobre autores y textos<\/em>, 133-154. Cuenca: Ediciones de la Universidad de Castilla-La Mancha. ISBN: <a href=\"https:\/\/dialnet.unirioja.es\/servlet\/libro?codigo=696924\">978-84-9044-245-6<\/a><\/p>\n\n\n\n<p><strong>| 2015 |<\/strong><\/p>\n\n\n\n<p>Mart\u00ednez Prieto, Roc\u00edo (2015), \u00abA short approach to the analysis of the textual tradition of an extract about phytotherapy from the <em>Codex Sangallensis<\/em> 751&#8243;, en N. Olaya Montero <em>et al<\/em>.(eds.), <em>II Jornadas Predoctorales en Estudios de la Antig\u00fcedad y de la Edad Media. \u039a\u03c4\u1fc6\u03bc\u03b1 \u1f10\u03c2 \u03b1\u1f30\u03b5\u1f76: el texto como herramienta com\u00fan para estudiar el pasado<\/em>, 115-119. Oxford: British Archaeological Reports. ISBN: <a href=\"https:\/\/www.academia.edu\/17577027\/A_short_approach_to_the_analysis_of_the_textual_tradition_of_an_extract_about_phytotherapy_from_the_Codex_Sangallensis_751\">9781407314556<\/a><\/p>\n\n\n\n<p>Mart\u00ednez Prieto, Roc\u00edo (2015), \u00abEmpleo de fuentes en el <em>Libro de Theriaca<\/em> (Toledo, 1575) del boticario Lorenzo P\u00e9rez: un posible testimonio del humanismo m\u00e9dico toledano\u00bb, en M. Movell\u00e1n Luis &amp; R. Verano Lia\u00f1o (eds.), <em>E barbatulis puellisque. Actas del II Congreso Ganimedes de Investigadores Noveles de Filolog\u00eda Cl\u00e1sica<\/em>, 223-233. Sevilla: Editorial Universidad de Sevilla. ISBN: <a href=\"https:\/\/dialnet.unirioja.es\/servlet\/libro?codigo=661084\">978-84-472-1813-4<\/a><\/p>\n\n\n\n<p><\/p>\n","protected":false},"excerpt":{"rendered":"<p>| 2025 | D\u00edaz Marcos, Marina (en prensa), \u00abGerard of Cremona and Galen\u2019s De simplicibus medicinis liber I: preliminary notes to the critical edition\u00bb, en D. Juste &amp; C. Dufoss\u00e9 (eds.), ____, xx-xx. | 2024 | Santamar\u00eda Hern\u00e1ndez, Mar\u00eda Teresa &hellip; <a href=\"https:\/\/blog.uclm.es\/grupoINTERMED\/capitulos\/\">Sigue leyendo <span class=\"meta-nav\">&rarr;<\/span><\/a><\/p>\n","protected":false},"author":164,"featured_media":0,"parent":0,"menu_order":0,"comment_status":"closed","ping_status":"closed","template":"","meta":{"footnotes":""},"class_list":["post-592","page","type-page","status-publish","hentry"],"_links":{"self":[{"href":"https:\/\/blog.uclm.es\/grupoINTERMED\/wp-json\/wp\/v2\/pages\/592","targetHints":{"allow":["GET"]}}],"collection":[{"href":"https:\/\/blog.uclm.es\/grupoINTERMED\/wp-json\/wp\/v2\/pages"}],"about":[{"href":"https:\/\/blog.uclm.es\/grupoINTERMED\/wp-json\/wp\/v2\/types\/page"}],"author":[{"embeddable":true,"href":"https:\/\/blog.uclm.es\/grupoINTERMED\/wp-json\/wp\/v2\/users\/164"}],"replies":[{"embeddable":true,"href":"https:\/\/blog.uclm.es\/grupoINTERMED\/wp-json\/wp\/v2\/comments?post=592"}],"version-history":[{"count":20,"href":"https:\/\/blog.uclm.es\/grupoINTERMED\/wp-json\/wp\/v2\/pages\/592\/revisions"}],"predecessor-version":[{"id":1166,"href":"https:\/\/blog.uclm.es\/grupoINTERMED\/wp-json\/wp\/v2\/pages\/592\/revisions\/1166"}],"wp:attachment":[{"href":"https:\/\/blog.uclm.es\/grupoINTERMED\/wp-json\/wp\/v2\/media?parent=592"}],"curies":[{"name":"wp","href":"https:\/\/api.w.org\/{rel}","templated":true}]}}