{"id":584,"date":"2021-02-11T14:57:21","date_gmt":"2021-02-11T13:57:21","guid":{"rendered":"http:\/\/blog.uclm.es\/repeme\/?page_id=584"},"modified":"2025-10-18T21:41:41","modified_gmt":"2025-10-18T21:41:41","slug":"cursos-y-talleres","status":"publish","type":"page","link":"https:\/\/blog.uclm.es\/grupoINTERMED\/cursos-y-talleres\/","title":{"rendered":"CURSOS Y TALLERES"},"content":{"rendered":"\n<p><strong>Cursos y talleres impartidos y organizados<\/strong><\/p>\n\n\n\n<p><strong>| 2026 |<\/strong><\/p>\n\n\n\n<p><em>Curso de Formaci\u00f3n Continua en Griego Cl\u00e1sico. Nivel avanzado <\/em>(CFCGCNAV-1) de 3 cr\u00e9ditos ECTS \/ 30 h (Universidad de Castilla-La Mancha, 08\/04\/2026-10\/06\/2026), organizado por Marina D\u00edaz Marcos.<\/p>\n\n\n\n<p><em>Curso de Formaci\u00f3n Continua en Griego Cl\u00e1sico. Nivel intermedio <\/em>(CFCGCNIN-1) de 3 cr\u00e9ditos ECTS \/ 30 h (Universidad de Castilla-La Mancha, 12\/01\/2026-20\/03\/2026), organizado por Marina D\u00edaz Marcos.<\/p>\n\n\n\n<p><strong>| 2025 |<\/strong><\/p>\n\n\n\n<p><em>Curso de Formaci\u00f3n Continua en Griego Cl\u00e1sico. Nivel inicial <\/em>(CFCGCNI-1) de 3 cr\u00e9ditos ECTS \/ 30 h (Universidad de Castilla-La Mancha, 01\/10\/2025-17\/12\/2025), organizado por Marina D\u00edaz Marcos.<\/p>\n\n\n\n<p><strong>| 2020 |<\/strong><\/p>\n\n\n\n<p><em>Curso Propio de Lat\u00edn Inicial  (3\u00aa ed.) <\/em>de 3 cr\u00e9ditos ECTS \/ 30 h (Universidad de Castilla-La Mancha, 01\/07\/2019-30\/06\/2020), impartido por Marina D\u00edaz Marcos.<\/p>\n\n\n\n<p><strong>| 2019 |<\/strong><\/p>\n\n\n\n<p><em>Curso Propio de Lat\u00edn Inicial (2\u00aa ed.) <\/em>de 3 cr\u00e9ditos ECTS \/ 30 h (Universidad de Castilla-La Mancha, 01\/10\/2019-20\/12\/2019), impartido por Marina D\u00edaz Marcos.<\/p>\n\n\n\n<p><em>Curso de Experto en Recuperaci\u00f3n y Transmisi\u00f3n del patrimonio textual de la ciencia grecolatina y \u00e1rabe (EXRDP)<\/em> de 15 cr\u00e9ditos ECTS \/ 150 h (Universidad de Castilla-La Mancha, 01\/07\/2019-30\/06\/2020), impartido por Marina D\u00edaz Marcos y Roc\u00edo Mart\u00ednez Prieto.<\/p>\n\n\n\n<p><em>Curso Propio de Transmisi\u00f3n e Interpretaci\u00f3n del Patrimonio Textual de la Ciencia<\/em> <em>(2\u00aa ed.)<\/em> de 3 cr\u00e9ditos ECTS \/ 30 h (Universidad de Castilla-La Mancha, 01\/10\/2019-20\/12\/2019), impartido por Roc\u00edo Mart\u00ednez Prieto.<\/p>\n\n\n\n<p><strong>| 2018 |<\/strong><\/p>\n\n\n\n<p><em>Curso Propio de Lat\u00edn Inicial (1\u00aa ed.)<\/em> de 3 cr\u00e9ditos ECTS \/ 30 h (Universidad de Castilla-La Mancha, 01\/10\/2018-21\/12\/2018), impartido por Marina D\u00edaz Marcos y Roc\u00edo Mart\u00ednez Prieto.<\/p>\n\n\n\n<p><em>Curso Propio de Transmisi\u00f3n e Interpretaci\u00f3n del Patrimonio Textual de la Ciencia<\/em> <em>(1\u00aa ed.)<\/em> de 3 cr\u00e9ditos ECTS \/ 30 h (Universidad de Castilla-La Mancha, 01\/10\/2018-21\/12\/2018), impartido por Marina D\u00edaz Marcos y Roc\u00edo Mart\u00ednez Prieto.<\/p>\n","protected":false},"excerpt":{"rendered":"<p>Cursos y talleres impartidos y organizados | 2026 | Curso de Formaci\u00f3n Continua en Griego Cl\u00e1sico. Nivel avanzado (CFCGCNAV-1) de 3 cr\u00e9ditos ECTS \/ 30 h (Universidad de Castilla-La Mancha, 08\/04\/2026-10\/06\/2026), organizado por Marina D\u00edaz Marcos. Curso de Formaci\u00f3n Continua &hellip; <a href=\"https:\/\/blog.uclm.es\/grupoINTERMED\/cursos-y-talleres\/\">Sigue leyendo <span class=\"meta-nav\">&rarr;<\/span><\/a><\/p>\n","protected":false},"author":164,"featured_media":0,"parent":0,"menu_order":0,"comment_status":"closed","ping_status":"closed","template":"sidebar-page.php","meta":{"footnotes":""},"class_list":["post-584","page","type-page","status-publish","hentry"],"_links":{"self":[{"href":"https:\/\/blog.uclm.es\/grupoINTERMED\/wp-json\/wp\/v2\/pages\/584","targetHints":{"allow":["GET"]}}],"collection":[{"href":"https:\/\/blog.uclm.es\/grupoINTERMED\/wp-json\/wp\/v2\/pages"}],"about":[{"href":"https:\/\/blog.uclm.es\/grupoINTERMED\/wp-json\/wp\/v2\/types\/page"}],"author":[{"embeddable":true,"href":"https:\/\/blog.uclm.es\/grupoINTERMED\/wp-json\/wp\/v2\/users\/164"}],"replies":[{"embeddable":true,"href":"https:\/\/blog.uclm.es\/grupoINTERMED\/wp-json\/wp\/v2\/comments?post=584"}],"version-history":[{"count":4,"href":"https:\/\/blog.uclm.es\/grupoINTERMED\/wp-json\/wp\/v2\/pages\/584\/revisions"}],"predecessor-version":[{"id":1183,"href":"https:\/\/blog.uclm.es\/grupoINTERMED\/wp-json\/wp\/v2\/pages\/584\/revisions\/1183"}],"wp:attachment":[{"href":"https:\/\/blog.uclm.es\/grupoINTERMED\/wp-json\/wp\/v2\/media?parent=584"}],"curies":[{"name":"wp","href":"https:\/\/api.w.org\/{rel}","templated":true}]}}