{"id":22,"date":"2015-11-18T15:48:56","date_gmt":"2015-11-18T14:48:56","guid":{"rendered":"http:\/\/blog.uclm.es\/repeme\/?page_id=22"},"modified":"2025-10-09T13:49:56","modified_gmt":"2025-10-09T13:49:56","slug":"objetivos","status":"publish","type":"page","link":"https:\/\/blog.uclm.es\/grupoINTERMED\/","title":{"rendered":"\u00bfQui\u00e9nes somos?"},"content":{"rendered":"\n<p><em>Interpretes Medicinae <\/em>(INTERMED) es un grupo de investigaci\u00f3n consolidado de larga trayectoria dedicado a la recuperaci\u00f3n del patrimonio escrito de la Medicina europea, en las vertientes del texto m\u00e9dico grecolatino antiguo, medieval y renacentista; de sus fuentes; de los aspectos ling\u00fc\u00edsticos y literarios de la Medicina occidental y su proyecci\u00f3n en la literatura no t\u00e9cnica; y de la iconograf\u00eda relacionada con aspectos m\u00e9dicos. Especial atenci\u00f3n se presta a la lexicolog\u00eda y a la transmisi\u00f3n manuscrita de los textos.<\/p>\n\n\n\n<p>El grupo consolidado de I+D ha liderado la Redes de Excelencia \u201c<em>Opera Medica<\/em>: Recuperaci\u00f3n del Patrimonio Textual Grecolatino de la Medicina Europea\u201d (FFI2016-81769-REDT, MINECO) y \u00ab<em>Opera Medica<\/em>: Recuperaci\u00f3n del Patrimonio Textual Grecolatino de la Medicina Europea II\u00bb (RED2018-102781-T), adem\u00e1s de haber desarrollado diferentes proyectos de \u00e1mbito nacional, regional y privado.<\/p>\n\n\n\n<p>Este blog pretende difundir los resultados derivados de los proyectos y actividades de investigaci\u00f3n desarrollados por los miembros de INTERMED, incluido en el <a href=\"https:\/\/investigacion.uclm.es\/Home\/Misiones\/Investigacion\/OfertaCientificoTecnica\/GruposInvestigacion\/DetalleGrupo?idgrupo=294\">cat\u00e1logo de grupos de investigaci\u00f3n de la Universidad de Castilla-La Mancha<\/a>.<\/p>\n","protected":false},"excerpt":{"rendered":"<p>Interpretes Medicinae (INTERMED) es un grupo de investigaci\u00f3n consolidado de larga trayectoria dedicado a la recuperaci\u00f3n del patrimonio escrito de la Medicina europea, en las vertientes del texto m\u00e9dico grecolatino antiguo, medieval y renacentista; de sus fuentes; de los aspectos &hellip; <a href=\"https:\/\/blog.uclm.es\/grupoINTERMED\/\">Sigue leyendo <span class=\"meta-nav\">&rarr;<\/span><\/a><\/p>\n","protected":false},"author":164,"featured_media":0,"parent":0,"menu_order":0,"comment_status":"closed","ping_status":"closed","template":"sidebar-page.php","meta":{"footnotes":""},"class_list":["post-22","page","type-page","status-publish","hentry"],"_links":{"self":[{"href":"https:\/\/blog.uclm.es\/grupoINTERMED\/wp-json\/wp\/v2\/pages\/22","targetHints":{"allow":["GET"]}}],"collection":[{"href":"https:\/\/blog.uclm.es\/grupoINTERMED\/wp-json\/wp\/v2\/pages"}],"about":[{"href":"https:\/\/blog.uclm.es\/grupoINTERMED\/wp-json\/wp\/v2\/types\/page"}],"author":[{"embeddable":true,"href":"https:\/\/blog.uclm.es\/grupoINTERMED\/wp-json\/wp\/v2\/users\/164"}],"replies":[{"embeddable":true,"href":"https:\/\/blog.uclm.es\/grupoINTERMED\/wp-json\/wp\/v2\/comments?post=22"}],"version-history":[{"count":3,"href":"https:\/\/blog.uclm.es\/grupoINTERMED\/wp-json\/wp\/v2\/pages\/22\/revisions"}],"predecessor-version":[{"id":870,"href":"https:\/\/blog.uclm.es\/grupoINTERMED\/wp-json\/wp\/v2\/pages\/22\/revisions\/870"}],"wp:attachment":[{"href":"https:\/\/blog.uclm.es\/grupoINTERMED\/wp-json\/wp\/v2\/media?parent=22"}],"curies":[{"name":"wp","href":"https:\/\/api.w.org\/{rel}","templated":true}]}}