{"id":1156,"date":"2025-10-18T15:48:26","date_gmt":"2025-10-18T15:48:26","guid":{"rendered":"https:\/\/blog.uclm.es\/grupoINTERMED\/?page_id=1156"},"modified":"2025-10-18T21:43:17","modified_gmt":"2025-10-18T21:43:17","slug":"congresos-y-workshops","status":"publish","type":"page","link":"https:\/\/blog.uclm.es\/grupoINTERMED\/congresos-y-workshops\/","title":{"rendered":"Congresos y workshops"},"content":{"rendered":"\n<p><strong>| 2025 |<\/strong><\/p>\n\n\n\n<p>Marina D\u00edaz Marcos: Organizaci\u00f3n, como presidente de la delegaci\u00f3n de Castilla-La Mancha de la Sociedad Espa\u00f1ola de Estudios Cl\u00e1sicos, de la jornada \u00abActualizaci\u00f3n metodol\u00f3gica para la ense\u00f1anza de las lenguas cl\u00e1sicas\u00bb (10 horas) destinada a docentes de Lat\u00edn, Griego y Cultura Cl\u00e1sica de Secundaria y Bachillerato. Entidad colaboradora: Centro Regional de Formaci\u00f3n del Profesorado de la Junta de Comunidades de Castilla-La Mancha.<\/p>\n\n\n\n<p><strong>| 2024 |<\/strong><\/p>\n\n\n\n<p>Marina D\u00edaz Marcos: \u00ab<em>Mulieres sumus!<\/em>: ampliando el canon escolar desde la perspectiva de g\u00e9nero a trav\u00e9s de los textos grecolatinos y las redes sociales\u00bb (comunicaci\u00f3n en el Congreso <em>Las Humanidades y la Ense\u00f1anza Secundaria en Castilla-La Mancha<\/em>, Universidad de Castilla-La Mancha, 18-20\/04\/2024).<\/p>\n\n\n\n<p>Marina D\u00edaz Marcos: \u00abDel pasado al presente: <em>Mulieres sumus!<\/em>, divulgar la literatura grecolatina en femenino\u00bb (conferencia en el \u00abIV Curso <em>El mundo cl\u00e1sico en las ciencias y las artes<\/em>\u00bb, organizado por la secci\u00f3n de Murcia de la <em>Sociedad Espa\u00f1ola de Estudios Cl\u00e1sicos<\/em>, 07\/03\/2024).<\/p>\n\n\n\n<p><strong>| 2023 |<\/strong><\/p>\n\n\n\n<p>Marina D\u00edaz Marcos: \u00abPosibilidades did\u00e1cticas de una herramienta de aprendizaje online: el caso de <em>Mulieres sumus!<\/em>\u00bb (ponencia invitada en <em>Viva filolog\u00eda: I Workshop<\/em> <em>sobre la Ense\u00f1anza de la Filolog\u00eda<\/em>, Universidad de Castilla-La Mancha, 03\/05\/2023).<\/p>\n\n\n\n<p>Mar\u00eda Teresa Santamar\u00eda Hern\u00e1ndez: Organizaci\u00f3n de <em>Viva filolog\u00eda: I Workshop<\/em> <em>sobre la Ense\u00f1anza de la Filolog\u00eda<\/em> (Universidad de Castilla-La Mancha, 03\/05\/2023).<\/p>\n","protected":false},"excerpt":{"rendered":"<p>| 2025 | Marina D\u00edaz Marcos: Organizaci\u00f3n, como presidente de la delegaci\u00f3n de Castilla-La Mancha de la Sociedad Espa\u00f1ola de Estudios Cl\u00e1sicos, de la jornada \u00abActualizaci\u00f3n metodol\u00f3gica para la ense\u00f1anza de las lenguas cl\u00e1sicas\u00bb (10 horas) destinada a docentes de &hellip; <a href=\"https:\/\/blog.uclm.es\/grupoINTERMED\/congresos-y-workshops\/\">Sigue leyendo <span class=\"meta-nav\">&rarr;<\/span><\/a><\/p>\n","protected":false},"author":166,"featured_media":0,"parent":0,"menu_order":0,"comment_status":"closed","ping_status":"closed","template":"","meta":{"footnotes":""},"class_list":["post-1156","page","type-page","status-publish","hentry"],"_links":{"self":[{"href":"https:\/\/blog.uclm.es\/grupoINTERMED\/wp-json\/wp\/v2\/pages\/1156","targetHints":{"allow":["GET"]}}],"collection":[{"href":"https:\/\/blog.uclm.es\/grupoINTERMED\/wp-json\/wp\/v2\/pages"}],"about":[{"href":"https:\/\/blog.uclm.es\/grupoINTERMED\/wp-json\/wp\/v2\/types\/page"}],"author":[{"embeddable":true,"href":"https:\/\/blog.uclm.es\/grupoINTERMED\/wp-json\/wp\/v2\/users\/166"}],"replies":[{"embeddable":true,"href":"https:\/\/blog.uclm.es\/grupoINTERMED\/wp-json\/wp\/v2\/comments?post=1156"}],"version-history":[{"count":6,"href":"https:\/\/blog.uclm.es\/grupoINTERMED\/wp-json\/wp\/v2\/pages\/1156\/revisions"}],"predecessor-version":[{"id":1185,"href":"https:\/\/blog.uclm.es\/grupoINTERMED\/wp-json\/wp\/v2\/pages\/1156\/revisions\/1185"}],"wp:attachment":[{"href":"https:\/\/blog.uclm.es\/grupoINTERMED\/wp-json\/wp\/v2\/media?parent=1156"}],"curies":[{"name":"wp","href":"https:\/\/api.w.org\/{rel}","templated":true}]}}