{"id":1108,"date":"2025-10-18T14:22:39","date_gmt":"2025-10-18T14:22:39","guid":{"rendered":"https:\/\/blog.uclm.es\/grupoINTERMED\/?page_id=1108"},"modified":"2025-10-18T14:27:03","modified_gmt":"2025-10-18T14:27:03","slug":"premio-internacional-gerardo-de-cremona","status":"publish","type":"page","link":"https:\/\/blog.uclm.es\/grupoINTERMED\/premio-internacional-gerardo-de-cremona\/","title":{"rendered":"Premio Internacional Gerardo de Cremona"},"content":{"rendered":"\n<figure class=\"wp-block-image size-large\"><img loading=\"lazy\" decoding=\"async\" width=\"1024\" height=\"536\" src=\"https:\/\/blog.uclm.es\/grupoINTERMED\/wp-content\/uploads\/sites\/27\/2025\/10\/logo-pgc_png_grande-1024x536.png\" alt=\"\" class=\"wp-image-1112\" srcset=\"https:\/\/blog.uclm.es\/grupoINTERMED\/wp-content\/uploads\/sites\/27\/2025\/10\/logo-pgc_png_grande-1024x536.png 1024w, https:\/\/blog.uclm.es\/grupoINTERMED\/wp-content\/uploads\/sites\/27\/2025\/10\/logo-pgc_png_grande-300x157.png 300w, https:\/\/blog.uclm.es\/grupoINTERMED\/wp-content\/uploads\/sites\/27\/2025\/10\/logo-pgc_png_grande-768x402.png 768w, https:\/\/blog.uclm.es\/grupoINTERMED\/wp-content\/uploads\/sites\/27\/2025\/10\/logo-pgc_png_grande-1536x805.png 1536w, https:\/\/blog.uclm.es\/grupoINTERMED\/wp-content\/uploads\/sites\/27\/2025\/10\/logo-pgc_png_grande-2048x1073.png 2048w, https:\/\/blog.uclm.es\/grupoINTERMED\/wp-content\/uploads\/sites\/27\/2025\/10\/logo-pgc_png_grande-500x262.png 500w\" sizes=\"auto, (max-width: 1024px) 100vw, 1024px\" \/><\/figure>\n\n\n\n<p>Comit\u00e9 Organizador del <em>V Premio Internacional Gerardo de Cremona<\/em> para la Promoci\u00f3n de la Traducci\u00f3n en el Mediterr\u00e1neo (Escuela de Traductores de Toledo, UCLM).<\/p>\n\n\n\n<p>La ceremonia de entrega de la quinta edici\u00f3n del Premio Internacional de Traducci\u00f3n Gerardo de Cremona tuvo lugar el 4 de octubre en el sal\u00f3n de actos de la Escuela de Traductores de Toledo (Espa\u00f1a). La ceremonia estuvo presidida por el Rector de la Universidad de Castilla-La Mancha,\u00a0<strong>Miguel \u00c1ngel Collado<\/strong>, el Director General de Universidades de la Junta de Castilla-la Mancha,\u00a0<strong>Ricardo Cuevas<\/strong>, la concejala de Hacienda del Ayuntamiento de Toledo,\u00a0<strong>Mar \u00c1lvarez<\/strong>, el concejal de Cultura del Ayuntamiento de Cremona,\u00a0<strong>Luca Burgazzi<\/strong>, el Presidente del Programa MED-21,\u00a0<strong>Mohamed Aziza<\/strong>\u00a0y la Directora de la Escuela de Traductores de Toledo,\u00a0<strong>Mar\u00eda Teresa Santamar\u00eda<\/strong>.<\/p>\n\n\n\n<figure class=\"wp-block-image size-large\"><img loading=\"lazy\" decoding=\"async\" width=\"1024\" height=\"683\" src=\"https:\/\/blog.uclm.es\/grupoINTERMED\/wp-content\/uploads\/sites\/27\/2025\/10\/Premio-GErardo-Cremona_oct19-1-1536x1024-1-1024x683.jpg\" alt=\"\" class=\"wp-image-1114\" srcset=\"https:\/\/blog.uclm.es\/grupoINTERMED\/wp-content\/uploads\/sites\/27\/2025\/10\/Premio-GErardo-Cremona_oct19-1-1536x1024-1-1024x683.jpg 1024w, https:\/\/blog.uclm.es\/grupoINTERMED\/wp-content\/uploads\/sites\/27\/2025\/10\/Premio-GErardo-Cremona_oct19-1-1536x1024-1-300x200.jpg 300w, https:\/\/blog.uclm.es\/grupoINTERMED\/wp-content\/uploads\/sites\/27\/2025\/10\/Premio-GErardo-Cremona_oct19-1-1536x1024-1-768x512.jpg 768w, https:\/\/blog.uclm.es\/grupoINTERMED\/wp-content\/uploads\/sites\/27\/2025\/10\/Premio-GErardo-Cremona_oct19-1-1536x1024-1-450x300.jpg 450w, https:\/\/blog.uclm.es\/grupoINTERMED\/wp-content\/uploads\/sites\/27\/2025\/10\/Premio-GErardo-Cremona_oct19-1-1536x1024-1.jpg 1536w\" sizes=\"auto, (max-width: 1024px) 100vw, 1024px\" \/><figcaption class=\"wp-element-caption\">Mesa de autoridades.<\/figcaption><\/figure>\n\n\n\n<p>En sus discursos, las autoridades recalcaron la importancia de unos premios que reconozcan la labor de mediaci\u00f3n intercultural que realizan los traductores, especialmente en la regi\u00f3n mediterr\u00e1nea. Del mismo modo, expresaron la necesidad de un compromiso de las instituciones en apoyo de los centros de investigaci\u00f3n y de ense\u00f1anza dedicados al estudio de la traducci\u00f3n.<\/p>\n\n\n\n<p>Los galardonados con el Premio Gerardo de Cremona en su quinta edici\u00f3n han sido&nbsp;<strong>Salvador Pe\u00f1a<\/strong>, profesor de la Universidad de M\u00e1laga y autor de numerosas traducciones del \u00e1rabe, el franc\u00e9s y el ingl\u00e9s al espa\u00f1ol, entre ellas la \u00faltima versi\u00f3n de Mil y una noches, que recibi\u00f3 el Premio Nacional a la Mejor Traducci\u00f3n de 2017. En su discurso de agradecimiento, Salvador Pe\u00f1a destac\u00f3 el papel de la traducci\u00f3n como utop\u00eda realizable. En la categor\u00eda de traductores de la orilla sur, el premio ha sido concedido al traductor marroqu\u00ed afincado en Austria&nbsp;<strong>Hamid Lechhab<\/strong>, que destaca por sus traducciones al \u00e1rabe de obras filos\u00f3ficas en lengua alemana y defini\u00f3 el car\u00e1cter de transmisor de cultura de la traducci\u00f3n.<\/p>\n\n\n\n<figure class=\"wp-block-image size-large\"><img loading=\"lazy\" decoding=\"async\" width=\"1024\" height=\"683\" src=\"https:\/\/blog.uclm.es\/grupoINTERMED\/wp-content\/uploads\/sites\/27\/2025\/10\/Premio-GErardo-Cremona_oct19-4-1536x1024-1-1024x683.jpg\" alt=\"\" class=\"wp-image-1115\" srcset=\"https:\/\/blog.uclm.es\/grupoINTERMED\/wp-content\/uploads\/sites\/27\/2025\/10\/Premio-GErardo-Cremona_oct19-4-1536x1024-1-1024x683.jpg 1024w, https:\/\/blog.uclm.es\/grupoINTERMED\/wp-content\/uploads\/sites\/27\/2025\/10\/Premio-GErardo-Cremona_oct19-4-1536x1024-1-300x200.jpg 300w, https:\/\/blog.uclm.es\/grupoINTERMED\/wp-content\/uploads\/sites\/27\/2025\/10\/Premio-GErardo-Cremona_oct19-4-1536x1024-1-768x512.jpg 768w, https:\/\/blog.uclm.es\/grupoINTERMED\/wp-content\/uploads\/sites\/27\/2025\/10\/Premio-GErardo-Cremona_oct19-4-1536x1024-1-450x300.jpg 450w, https:\/\/blog.uclm.es\/grupoINTERMED\/wp-content\/uploads\/sites\/27\/2025\/10\/Premio-GErardo-Cremona_oct19-4-1536x1024-1.jpg 1536w\" sizes=\"auto, (max-width: 1024px) 100vw, 1024px\" \/><figcaption class=\"wp-element-caption\">Las autoridades del Premio junto a los galardonados.<\/figcaption><\/figure>\n\n\n\n<p>En la categor\u00eda de instituciones, el premio ha reca\u00eddo sobre el\u00a0<strong>Instituto Superior \u00c1rabe de Traducci\u00f3n<\/strong>, instituci\u00f3n acad\u00e9mica e investigadora dependiente de la Liga \u00c1rabe y con sede en Argel. Su directora, Inam Bioud, enfatiz\u00f3 en su discurso la necesidad de apoyar la traducci\u00f3n reforzando los v\u00ednculos existentes entre las instituciones mediterr\u00e1neas dedicadas a esta disciplina. El \u00faltimo galard\u00f3n recay\u00f3 sobre el\u00a0<strong>Servicio de Traducci\u00f3n de la Comisi\u00f3n Espa\u00f1ola de Ayuda al Refugiado,\u00a0<\/strong>que presta apoyo ling\u00fc\u00edstico a los solicitantes de asilo en todo el territorio espa\u00f1ol. El Presidente de CEAR, Carlos Berzosa, destac\u00f3 el papel de la traducci\u00f3n como herramienta para luchar contra los prejuicios existentes sobre las personas refugiadas.<\/p>\n\n\n\n<figure class=\"wp-block-image size-large\"><img loading=\"lazy\" decoding=\"async\" width=\"1024\" height=\"683\" src=\"https:\/\/blog.uclm.es\/grupoINTERMED\/wp-content\/uploads\/sites\/27\/2025\/10\/Premio-GErardo-Cremona_oct19-6-1-1536x1024-1-1024x683.jpg\" alt=\"\" class=\"wp-image-1116\" srcset=\"https:\/\/blog.uclm.es\/grupoINTERMED\/wp-content\/uploads\/sites\/27\/2025\/10\/Premio-GErardo-Cremona_oct19-6-1-1536x1024-1-1024x683.jpg 1024w, https:\/\/blog.uclm.es\/grupoINTERMED\/wp-content\/uploads\/sites\/27\/2025\/10\/Premio-GErardo-Cremona_oct19-6-1-1536x1024-1-300x200.jpg 300w, https:\/\/blog.uclm.es\/grupoINTERMED\/wp-content\/uploads\/sites\/27\/2025\/10\/Premio-GErardo-Cremona_oct19-6-1-1536x1024-1-768x512.jpg 768w, https:\/\/blog.uclm.es\/grupoINTERMED\/wp-content\/uploads\/sites\/27\/2025\/10\/Premio-GErardo-Cremona_oct19-6-1-1536x1024-1-450x300.jpg 450w, https:\/\/blog.uclm.es\/grupoINTERMED\/wp-content\/uploads\/sites\/27\/2025\/10\/Premio-GErardo-Cremona_oct19-6-1-1536x1024-1.jpg 1536w\" sizes=\"auto, (max-width: 1024px) 100vw, 1024px\" \/><\/figure>\n\n\n\n<p>En el acto participaron los miembros del Comit\u00e9 Ejecutivo del Premio, compuesto por la directora de la Escuela de Traductores de Toledo, Mar\u00eda Teresa Santamar\u00eda, el presidente del Programa MED 21, Mohamed Aziza, el director adjunto de la Fundaci\u00f3n Rey Abdul-Aziz, Mohamed Sghir Janjar y el miembro de ACE Traductores, Juan Pablo Arias. Entre el p\u00fablico se encontraban personalidades como la Vicerrectora de Internacionalizaci\u00f3n de la Universidad de Castilla-La Mancha, F\u00e1tima Guadamillas, el miembro de la Direcci\u00f3n General de Traducci\u00f3n de la Comisi\u00f3n Europea en Madrid, Luis Gonz\u00e1lez, o el catedr\u00e1tico de Historia Medieval, Ricardo Izquierdo. La ceremonia estuvo amenizada por varias piezas musicales interpretadas por el violoncelista Chiki Serrano.<\/p>\n","protected":false},"excerpt":{"rendered":"<p>Comit\u00e9 Organizador del V Premio Internacional Gerardo de Cremona para la Promoci\u00f3n de la Traducci\u00f3n en el Mediterr\u00e1neo (Escuela de Traductores de Toledo, UCLM). La ceremonia de entrega de la quinta edici\u00f3n del Premio Internacional de Traducci\u00f3n Gerardo de Cremona &hellip; <a href=\"https:\/\/blog.uclm.es\/grupoINTERMED\/premio-internacional-gerardo-de-cremona\/\">Sigue leyendo <span class=\"meta-nav\">&rarr;<\/span><\/a><\/p>\n","protected":false},"author":166,"featured_media":0,"parent":0,"menu_order":0,"comment_status":"closed","ping_status":"closed","template":"","meta":{"footnotes":""},"class_list":["post-1108","page","type-page","status-publish","hentry"],"_links":{"self":[{"href":"https:\/\/blog.uclm.es\/grupoINTERMED\/wp-json\/wp\/v2\/pages\/1108","targetHints":{"allow":["GET"]}}],"collection":[{"href":"https:\/\/blog.uclm.es\/grupoINTERMED\/wp-json\/wp\/v2\/pages"}],"about":[{"href":"https:\/\/blog.uclm.es\/grupoINTERMED\/wp-json\/wp\/v2\/types\/page"}],"author":[{"embeddable":true,"href":"https:\/\/blog.uclm.es\/grupoINTERMED\/wp-json\/wp\/v2\/users\/166"}],"replies":[{"embeddable":true,"href":"https:\/\/blog.uclm.es\/grupoINTERMED\/wp-json\/wp\/v2\/comments?post=1108"}],"version-history":[{"count":3,"href":"https:\/\/blog.uclm.es\/grupoINTERMED\/wp-json\/wp\/v2\/pages\/1108\/revisions"}],"predecessor-version":[{"id":1117,"href":"https:\/\/blog.uclm.es\/grupoINTERMED\/wp-json\/wp\/v2\/pages\/1108\/revisions\/1117"}],"wp:attachment":[{"href":"https:\/\/blog.uclm.es\/grupoINTERMED\/wp-json\/wp\/v2\/media?parent=1108"}],"curies":[{"name":"wp","href":"https:\/\/api.w.org\/{rel}","templated":true}]}}