{"id":1080,"date":"2025-10-17T11:46:16","date_gmt":"2025-10-17T11:46:16","guid":{"rendered":"https:\/\/blog.uclm.es\/grupoINTERMED\/?page_id=1080"},"modified":"2025-10-17T11:58:30","modified_gmt":"2025-10-17T11:58:30","slug":"estancias","status":"publish","type":"page","link":"https:\/\/blog.uclm.es\/grupoINTERMED\/estancias\/","title":{"rendered":"Estancias de investigaci\u00f3n"},"content":{"rendered":"\n<p>Marina D\u00edaz Marcos (01\/07\/2025-01\/08\/2025): Estancia de investigaci\u00f3n en el CNRS (<em>Centre National de la Recherche Scientifique<\/em>) de Par\u00eds. Anfitriona: Alessia Guardasole (directora del equipo <em>M\u00e9decine grecque et litt\u00e9rature technique<\/em> y del laboratorio <em>Orient &amp; M\u00e9diterran\u00e9e (UMR8167)<\/em>, asociado al CNRS, Sorbonne Universit\u00e9, l\u2019Universit\u00e9 Paris 1 Panth\u00e9on-Sorbonne, l\u2019\u00c9cole Pratique des Hautes \u00c9tudes y el Coll\u00e8ge de France). Estancia financiada con el programa \u00abAyudas para estancias en universidades y centros de investigaci\u00f3n en el extranjero a\u00f1o 2025 en el \u00e1mbito del Plan Propio de Investigaci\u00f3n susceptibles de cofinanciaci\u00f3n por el <em>Fondo Europeo de Desarrollo Regional <\/em>(FEDER)\u00bb.<\/p>\n\n\n\n<p>Marina D\u00edaz Marcos (17-18\/03\/2025): Consulta de manuscritos en la Bayerische Staatsbibliothek de M\u00fanich.<\/p>\n\n\n\n<p>Marina D\u00edaz Marcos (26-27\/02\/2024): Consulta de fondos bibliogr\u00e1ficos en la Biblioteca Nacional de Espa\u00f1a.<\/p>\n\n\n\n<p>Marina D\u00edaz Marcos (22-23\/06\/2022): consulta de los manuscritos 97-8 y 97-9 del Archivo y Biblioteca Capitular de la Catedral de Toledo.<\/p>\n\n\n\n<p>Marina D\u00edaz Marcos (01\/07\/2021\/01\/08\/2021): estancia postdoctoral en la la Universidade de Lisboa, bajo la coordinaci\u00f3n de los doctores Bernardo Machado Mota y Rodrigo Miguel Correia Furtado. Estancia financiada con el proyecto \u00ab<em>Ianua vitae<\/em>: edici\u00f3n cr\u00edtica y base de datos de un diccionario manuscrito sobre medicamentos simples (IAVI)\u00bb (Programa <em>Logos<\/em> de la Fundaci\u00f3n BBVA).<\/p>\n\n\n\n<p>Marina D\u00edaz Marcos (15\/01\/2020-31\/05\/2020): estancia predoctoral en la Sapienza Universit\u00e0 di Roma, bajo la direcci\u00f3n de los doctores Luisa Valente y Massimiliano Lenzi. Estancia financiada con el programa \u00abAyudas para estancias en universidades y centros de investigaci\u00f3n en el extranjero a\u00f1o 2020 en el \u00e1mbito del Plan Propio de Investigaci\u00f3n susceptibles de cofinanciaci\u00f3n por el Fondo Europeo de Desarrollo Regional (DEFER)\u00bb.<\/p>\n\n\n\n<p>Marina D\u00edaz Marcos (01\/05\/2019-01\/06\/2019): estancia predoctoral en la Universit\u00e0 degli Studi di Roma \u00abTor Vergata\u00bb, bajo la direcci\u00f3n de los doctores Fabio Stok y Lorenzo Perilli. Estancia financiada con el programa \u00abAyudas para estancias en universidades y centros de investigaci\u00f3n en el extranjero a\u00f1o 2019 en el \u00e1mbito del Plan Propio de Investigaci\u00f3n susceptibles de cofinanciaci\u00f3n por el Fondo Europeo de Desarrollo Regional (DEFER)\u00bb.<\/p>\n\n\n\n<p>Marina D\u00edaz Marcos (23-24\/04\/2017): estancia breve en el\u00a0<em>Thesaurus Linguae Latinae<\/em>\u00a0(M\u00fanich).<\/p>\n\n\n\n<p>Roc\u00edo Mart\u00ednez Prieto (07\/0672017-07\/07\/2017): estancia predoctoral en el Warburg Institute (University of London), supervisada por el Prof. Dr. Charles Burnett (Professor of the History of Arabic\/Islamic Influences in Europe at the Warburg Institute, University of London, and Co-Director of the\u00a0Centre for the History of Arabic Studies in Europe). Estancia financiada por una ayuda para estancias en otras universidades y centros de investigaci\u00f3n para el a\u00f1o 2017 de la Universidad de Castilla-La Mancha.<\/p>\n\n\n\n<p>Mar\u00eda Teresa Santamar\u00eda Hern\u00e1ndez (01\/09\/2010-28\/02\/2011): estancia en el Institut f\u00fcr Geschichte, Theorie und Ethik der Medizin (Johannes Gutenberg-Universit\u00e4t Mainz) con Subvenci\u00f3n del Ministerio Educaci\u00f3n para Estancias de movilidad de profesores e investigadores espa\u00f1oles en centros extranjeros de ense\u00f1anza superior e investigaci\u00f3n: Estancias de movilidad de profesores e investigadores s\u00e9niores en centros extranjeros de investigaci\u00f3n.<\/p>\n","protected":false},"excerpt":{"rendered":"<p>Marina D\u00edaz Marcos (01\/07\/2025-01\/08\/2025): Estancia de investigaci\u00f3n en el CNRS (Centre National de la Recherche Scientifique) de Par\u00eds. Anfitriona: Alessia Guardasole (directora del equipo M\u00e9decine grecque et litt\u00e9rature technique y del laboratorio Orient &amp; M\u00e9diterran\u00e9e (UMR8167), asociado al CNRS, Sorbonne &hellip; <a href=\"https:\/\/blog.uclm.es\/grupoINTERMED\/estancias\/\">Sigue leyendo <span class=\"meta-nav\">&rarr;<\/span><\/a><\/p>\n","protected":false},"author":166,"featured_media":0,"parent":0,"menu_order":0,"comment_status":"closed","ping_status":"closed","template":"","meta":{"footnotes":""},"class_list":["post-1080","page","type-page","status-publish","hentry"],"_links":{"self":[{"href":"https:\/\/blog.uclm.es\/grupoINTERMED\/wp-json\/wp\/v2\/pages\/1080","targetHints":{"allow":["GET"]}}],"collection":[{"href":"https:\/\/blog.uclm.es\/grupoINTERMED\/wp-json\/wp\/v2\/pages"}],"about":[{"href":"https:\/\/blog.uclm.es\/grupoINTERMED\/wp-json\/wp\/v2\/types\/page"}],"author":[{"embeddable":true,"href":"https:\/\/blog.uclm.es\/grupoINTERMED\/wp-json\/wp\/v2\/users\/166"}],"replies":[{"embeddable":true,"href":"https:\/\/blog.uclm.es\/grupoINTERMED\/wp-json\/wp\/v2\/comments?post=1080"}],"version-history":[{"count":4,"href":"https:\/\/blog.uclm.es\/grupoINTERMED\/wp-json\/wp\/v2\/pages\/1080\/revisions"}],"predecessor-version":[{"id":1093,"href":"https:\/\/blog.uclm.es\/grupoINTERMED\/wp-json\/wp\/v2\/pages\/1080\/revisions\/1093"}],"wp:attachment":[{"href":"https:\/\/blog.uclm.es\/grupoINTERMED\/wp-json\/wp\/v2\/media?parent=1080"}],"curies":[{"name":"wp","href":"https:\/\/api.w.org\/{rel}","templated":true}]}}