{"id":167,"date":"2017-03-05T21:25:56","date_gmt":"2017-03-05T20:25:56","guid":{"rendered":"http:\/\/blog.uclm.es\/grupo-eei\/?page_id=167"},"modified":"2024-07-23T07:19:42","modified_gmt":"2024-07-23T07:19:42","slug":"estancias-de-investigadores","status":"publish","type":"page","link":"https:\/\/blog.uclm.es\/grupo-eei\/estancias-de-investigadores\/","title":{"rendered":"Estancias de investigadores \/ Research visits"},"content":{"rendered":"<h1><strong>ESTANCIAS DE INVESTIGACI\u00d3N \/ RESEARCH STAYS\u00a0<\/strong><\/h1>\n<hr \/>\n<p><strong>Autora \/ Author:\u00a0 <\/strong>Carmen D\u00edaz-Mora <strong>\u00a0 \u00a0 \u00a0 \u00a0 \u00a0 \u00a0 \u00a0 \u00a0 \u00a0 \u00a0 \u00a0 \u00a0 \u00a0 \u00a0 \u00a0 \u00a0 \u00a0 \u00a0 \u00a0 \u00a0 \u00a0 \u00a0 \u00a0 \u00a0 \u00a0 \u00a0 \u00a0 \u00a0 \u00a0 \u00a0 \u00a0 \u00a0Centro de destino \/ Destination institution: <\/strong>European Centre for International Political Economy -ECIPE- (Bruselas)<strong><br \/>\nFechas \/ Date: <\/strong>9 abril 2024-9 mayo 2024<strong><br \/>\nTema de la estancia \/ Research topic: <\/strong>International Trade in Services.<\/p>\n<p><strong>Autora \/ Author:<\/strong>\u00a0 Carmen D\u00edaz-Rold\u00e1n\u00a0 \u00a0 \u00a0 \u00a0 \u00a0 \u00a0 \u00a0 \u00a0 \u00a0 \u00a0 \u00a0 \u00a0 \u00a0 \u00a0 \u00a0 \u00a0 \u00a0 \u00a0 \u00a0 \u00a0 \u00a0 \u00a0 \u00a0 \u00a0 \u00a0 \u00a0 \u00a0 \u00a0 \u00a0 \u00a0 <strong>Centro de destino \/ Destination institution:<\/strong> C\u00e1tedra de Econom\u00eda y Movilidad (Fundaci\u00f3n CajaCanarias_ULL), Universidad de La Laguna<br \/>\n<strong>Fechas \/ Date:<\/strong> marzo 2023<br \/>\n<strong>Tema de la estancia \/ Research topic:\u00a0<\/strong>Reglas monetarias en los modelos macroecon\u00f3micos.<\/p>\n<p><strong>Autora \/ Author:<\/strong>\u00a0 Mar\u00eda \u00c1ngeles Davia Rodr\u00edguez\u00a0 \u00a0 \u00a0 \u00a0 \u00a0 \u00a0 \u00a0 \u00a0 \u00a0 \u00a0 \u00a0 \u00a0 \u00a0 \u00a0 \u00a0 \u00a0 \u00a0 \u00a0 \u00a0 \u00a0 <strong>Centro de destino \/ Destination institution:<\/strong>\u00a0Department of Sociology at the University of Cambridge<br \/>\n<strong>Fechas \/ Date:<\/strong> febrero-julio 2020<br \/>\n<strong>Tema de la estancia \/ Research topic:<\/strong> \u00a0Solidaridad intergeneracional de hijos a padres en Europa<\/p>\n<hr \/>\n<p><strong>Autora \/ Author:<\/strong>\u00a0 Mar\u00eda \u00c1ngeles Davia Rodr\u00edguez\u00a0 \u00a0 \u00a0 \u00a0 \u00a0 \u00a0 \u00a0 \u00a0 \u00a0 \u00a0 \u00a0 \u00a0 \u00a0 \u00a0 \u00a0 \u00a0 \u00a0 \u00a0 \u00a0 \u00a0 <strong>Centro de destino \/ Destination institution:<\/strong> HIVA (Research Institute for Work and Society)<br \/>\n<strong>Fechas \/ Date:<\/strong> agosto 2018<br \/>\n<strong>Tema de la estancia \/ Research topic:<\/strong>\u00a0 Teletrabajo \u00bfoportunidad de conciliaci\u00f3n para hombres y mujeres o \u00abtrampa\u00bb para la doble jornada laboral de las mujeres?<\/p>\n<hr \/>\n<p><strong>Autora \/ Author:<\/strong>\u00a0Nuria Legazpe Moraleja<br \/>\n<strong>Centro de destino \/ Destination institution:<\/strong> Institute for Social and Economic Research &#8211; University of Essex<br \/>\n<strong>Fechas \/ Date:<\/strong> agosto 2017<br \/>\n<strong>Tema de la estancia \/ Research topic:<\/strong>\u00a0 Diferencias internacionales del fen\u00f3meno de la transmisi\u00f3n intergeneracional de la pobreza<\/p>\n<hr \/>\n<p><strong>Autora \/ Author:<\/strong>\u00a0Sara Fern\u00e1ndez L\u00f3pez<br \/>\n<strong>Centro de destino \/ Destination institution:<\/strong> Universidade do Minho <strong>Fechas \/ Date:<\/strong> marzo-junio 2017\u00a0 \u00a0 \u00a0 \u00a0 \u00a0 \u00a0 \u00a0 \u00a0 \u00a0 \u00a0 \u00a0 \u00a0 \u00a0 \u00a0 \u00a0 \u00a0 \u00a0 \u00a0 \u00a0 \u00a0 \u00a0 \u00a0 \u00a0 \u00a0 \u00a0 \u00a0 \u00a0 \u00a0 \u00a0 \u00a0 \u00a0 \u00a0 \u00a0 \u00a0 \u00a0 \u00a0 \u00a0 \u00a0 \u00a0 <strong>Tema de la estancia \/ Research topic:<\/strong>\u00a0\u00a0Innovaci\u00f3n abierta<\/p>\n<hr \/>\n<p><strong>Autora \/ Author:<\/strong>\u00a0Nuria Legazpe Moraleja<br \/>\n<strong>Centro de destino \/ Destination institution:<\/strong> Universidad de Oviedo\u00a0 <strong>Fechas \/ Date:<\/strong> marzo-mayo 2017\u00a0 \u00a0 \u00a0 \u00a0 \u00a0 \u00a0 \u00a0 \u00a0 \u00a0 \u00a0 \u00a0 \u00a0 \u00a0 \u00a0 \u00a0 \u00a0 \u00a0 \u00a0 \u00a0 \u00a0 \u00a0 \u00a0 \u00a0 \u00a0 \u00a0 \u00a0 \u00a0 \u00a0 \u00a0 \u00a0 \u00a0 \u00a0 \u00a0 \u00a0 \u00a0 \u00a0 \u00a0 \u00a0 \u00a0 <strong>Tema de la estancia \/ Research topic:<\/strong>\u00a0\u00a0Decisiones de maternidad y el autoempleo en las mujeres espa\u00f1ola<\/p>\n<hr \/>\n<p><strong>Autora \/ Author:<\/strong>\u00a0Mar\u00eda del Carmen D\u00edaz Mora\u00a0 \u00a0 \u00a0 \u00a0 \u00a0 \u00a0 \u00a0 \u00a0 \u00a0 \u00a0 \u00a0 \u00a0 \u00a0 \u00a0 \u00a0 \u00a0 \u00a0 \u00a0 \u00a0 \u00a0 \u00a0 \u00a0 \u00a0 \u00a0 \u00a0 <strong>Centro de destino \/ Destination institution:<\/strong>\u00a0Dipartimento di Scienze per l&#8217;Economia e l&#8217;Impresa de la Universidad de Florencia<br \/>\n<strong>Fechas \/ Date:<\/strong> junio-julio 2016<br \/>\n<strong>Tema de la estancia \/ Research topic:<\/strong>\u00a0\u00a0Comercio internacional<\/p>\n<hr \/>\n<p><strong>Autora \/ Author:<\/strong>\u00a0Bel\u00e9n Gonz\u00e1lez D\u00edaz<br \/>\n<strong>Centro de destino \/ Destination institution:<\/strong>\u00a0Dipartimento di Scienze per l&#8217;Economia e l&#8217;Impresa de la Universidad de Florencia<br \/>\n<strong>Fechas \/ Date:<\/strong> junio-julio 2016<br \/>\n<strong>Tema de la estancia \/ Research topic:<\/strong>\u00a0\u00a0Comercio internacional<\/p>\n<hr \/>\n<p><strong>Autora \/ Author:<\/strong>\u00a0 Mar\u00eda \u00c1ngeles Davia Rodr\u00edguez\u00a0 \u00a0 \u00a0 \u00a0 \u00a0 \u00a0 \u00a0 \u00a0 \u00a0 \u00a0 \u00a0 \u00a0 \u00a0 \u00a0 \u00a0 \u00a0 \u00a0 \u00a0 \u00a0 \u00a0 <strong>Centro de destino \/ Destination institution:<\/strong>\u00a0Department of Sociology at the University of Cambridge<br \/>\n<strong>Fechas \/ Date:<\/strong>\u00a0septiembre 2016<br \/>\n<strong>Tema de la estancia \/ Research topic:<\/strong> \u00a0Solidaridad intergeneracional de hijos a padres en Europa<\/p>\n<hr \/>\n<p><strong>Autora \/ Author:<\/strong>\u00a0 Mar\u00eda \u00c1ngeles Davia Rodr\u00edguez\u00a0 \u00a0 \u00a0 \u00a0 \u00a0 \u00a0 \u00a0 \u00a0 \u00a0 \u00a0 \u00a0 \u00a0 \u00a0 \u00a0 \u00a0 \u00a0 \u00a0 \u00a0 \u00a0 \u00a0 <strong>Centro de destino \/ Destination institution:<\/strong> WZB, Wissenschaftszentrum Berlin f\u00fcr Sozialforschung<br \/>\n<strong>Fecha\/Date:<\/strong> agosto 2016<br \/>\n<strong>Tema de la estancia \/ Research topic:<\/strong>\u00a0Transmisi\u00f3n Intergeneracional de la Pobreza, desigualdad de oportunidades<\/p>\n<hr \/>\n<h1><\/h1>\n<h1><strong>INVESTIGADORES VISITANTES \/ VISITING RESEARCHERS<br \/>\n<\/strong><\/h1>\n<hr \/>\n<p><strong>Autor \/ Author:<\/strong>\u00a0 Juan Carlos Castro Lim\u00f3n<br \/>\n<strong>Centro de procedencia \/ Home institution:<\/strong>\u00a0Universidad Aut\u00f3noma de Baja California, M\u00e9xico<br \/>\n<strong>Fechas \/ Date:<\/strong>\u00a0febrero 2023 &#8211; julio 2023 \u2013\u00a0\u00a0Albacete Campus<br \/>\n<strong>Tema de la estancia \/ Research topic:\u00a0<\/strong>\u00ad\u00ad\u00ad\u00ad\u00ad\u00ad\u00ad\u00ad\u00ad\u00ad\u00adAdopci\u00f3n de Tecnolog\u00edas de la Industria 4.0 en mipymes y grandes empresas: una comparaci\u00f3n de Espa\u00f1a y M\u00e9xico<\/p>\n<hr \/>\n<p><strong>Autor \/ Author:\u00a0<\/strong>\u00a0C\u00e9sar Manuel Trejo<br \/>\n<strong>Centro de procedencia \/ Home institution:<\/strong>\u00a0Universidad Aut\u00f3noma de Baja California, M\u00e9xico<br \/>\n<strong>Fechas \/ Date:<\/strong>\u00a0febrero 2023 \u2013 julio 2023\u2013\u00a0\u00a0Albacete Campus<br \/>\n<strong>Tema de la estancia \/ Research topic:<\/strong>\u00a0Desajuste educativo en el mercado laboral de M\u00e9xico<\/p>\n<hr \/>\n<p><strong>Autor \/ Author:<\/strong><span style=\"font-style: inherit;font-weight: inherit\">\u00a0 Liliana Gonz\u00e1lez Ramos<br \/>\n<\/span><strong>Centro de procedencia \/ Home institution:<\/strong><span style=\"font-style: inherit;font-weight: inherit\">\u00a0Universidad Aut\u00f3noma de Baja California, M\u00e9xico<br \/>\n<\/span><strong>Fechas \/ Date:<\/strong><span style=\"font-style: inherit;font-weight: inherit\">\u00a0febrero-julio 2012 \u2013\u00a0\u00a0Albacete Campus<br \/>\n<\/span><strong>Tema de la estancia \/ Research topic:\u00a0<\/strong>La eco-innovaci\u00f3n como facilitador a la econom\u00eda circular en la actividad vitivin\u00edcola en Baja California<\/p>\n<hr \/>\n<p><strong>Autor \/ Author:\u00a0<\/strong>\u00a0Mar\u00eda Alejandra Gonz\u00e1lez Escobar<br \/>\n<strong>Centro de procedencia \/ Home institution:<\/strong><span style=\"font-style: inherit;font-weight: inherit\">\u00a0Universidad Aut\u00f3noma de Baja California, M\u00e9xico<br \/>\n<\/span><strong>Fechas \/ Date:<\/strong>\u00a0febrero-2021 &#8211; julio 2021\u2013\u00a0\u00a0<span style=\"font-style: inherit;font-weight: inherit\">Albacete Campus<br \/>\n<\/span><strong>Tema de la estancia \/ Research topic:<\/strong><span style=\"font-style: inherit;font-weight: inherit\"> Condiciones del mercado laboral agr\u00edcola en M\u00e9xico: \u00bfQu\u00e9 se espera con el T-MEC?<br \/>\n<\/span><\/p>\n<hr \/>\n<p><strong style=\"font-size: 16px\">Autor \/ Author:<\/strong><span style=\"font-size: 16px\">\u00a0 Javier\u00a0 Castell\u00f3n<br \/>\n<\/span><strong style=\"font-size: 16px\">Centro de procedencia \/ Home institution:<\/strong><span style=\"font-size: 16px\"> Universidad Aut\u00f3noma de Baja California, M\u00e9xico<br \/>\n<\/span><strong style=\"font-size: 16px\">Fechas \/ Date:<\/strong><span style=\"font-size: 16px\"> febrero-julio 2019 \u2013\u00a0\u00a0<\/span><span style=\"font-size: 16px\">Albacete Campus<br \/>\n<\/span><strong style=\"font-size: 16px\">Tema de la estancia \/ Research topic:<\/strong><span style=\"font-size: 16px\"> \u00a0Efectos macroecon\u00f3micos del cr\u00e9dito al consumo y condiciones del mercado laboral en M\u00e9xico<br \/>\n<\/span><\/p>\n<hr \/>\n<p><strong>Autor \/ Author:\u00a0<\/strong> Mois\u00e9s Librado<br \/>\n<strong style=\"font-size: 16px\">Centro de procedencia \/ Home institution:<\/strong><span style=\"font-size: 16px\"> Universidad Aut\u00f3noma de Baja California, M\u00e9xico<br \/>\n<\/span><span style=\"font-size: 16px\"><strong>Fechas \/ Date:<\/strong> febrero-2019 enero 2020\u2013\u00a0\u00a0<\/span><span style=\"font-size: 16px\">Albacete Campus<br \/>\n<\/span><strong style=\"font-size: 16px\">Tema de la estancia \/ Research topic:<\/strong><span style=\"font-size: 16px\"> \u00a0Crecimiento micro-empresarial y el efecto flypaper en la condici\u00f3n socioecon\u00f3mica de los microempresarios: evidencia para el alivio de la pobreza en M\u00e9xico<br \/>\n<\/span><\/p>\n<hr \/>\n<p><strong>Autora \/ Author:<\/strong>\u00a0 Roc\u00edo Nirari Arredondo Botello\u00a0 \u00a0 \u00a0 \u00a0 \u00a0 \u00a0 \u00a0 \u00a0 \u00a0 \u00a0 \u00a0 \u00a0 \u00a0 \u00a0 \u00a0 \u00a0 \u00a0 \u00a0 \u00a0 \u00a0 <strong style=\"font-size: 16px\">Centro de procedencia \/ Home institution:<\/strong><span style=\"font-size: 16px\"> Universidad Aut\u00f3noma de Baja California, M\u00e9xico<br \/>\n<\/span><strong style=\"font-size: 16px\">Fechas \/ Date:<\/strong><span style=\"font-size: 16px\"> febrero-2019 febrero 2020 \u2013\u00a0\u00a0<\/span><span style=\"font-size: 16px\">Albacete Campus\u00a0 \u00a0 \u00a0 \u00a0 \u00a0 <\/span><strong style=\"font-size: 16px\">Tema de la estancia \/ Research topic:<\/strong><span style=\"font-size: 16px\"> An\u00e1lisis del Trabajo Decente en M\u00e9xico<br \/>\n<\/span><\/p>\n<hr \/>\n<p style=\"text-align: justify\"><strong style=\"font-size: 16px;text-align: justify\">Autora \/ Author:<\/strong><span style=\"font-size: 16px;text-align: justify\">\u00a0 Karina Isabel Salinas<br \/>\n<\/span><strong style=\"font-size: 16px;text-align: justify\">Centro de procedencia \/ Home institution:<\/strong><span style=\"font-size: 16px;text-align: justify\"> Universidad Aut\u00f3noma de Baja California, M\u00e9xico<br \/>\n<\/span><strong style=\"font-size: 16px;text-align: justify\">Fechas \/ Date:<\/strong><span style=\"font-size: 16px;text-align: justify\"> febrero-julio 2019 \u2013\u00a0\u00a0<\/span><span style=\"font-size: 16px;text-align: justify\">Albacete Campus<br \/>\n<\/span><strong style=\"font-size: 16px;text-align: justify\">Tema de la estancia \/ Research topic:<\/strong><span style=\"font-size: 16px;text-align: justify\"> An\u00e1lisis del impacto del crecimiento econ\u00f3mico en la pobreza en M\u00e9xico<br \/>\n<\/span><\/p>\n<hr \/>\n<p style=\"text-align: justify\"><span style=\"font-size: 16px\"><strong>Autora \/ Author:\u00a0<\/strong> Adriana L\u00f3pez<br \/>\n<\/span><span style=\"font-size: 16px;text-align: justify\"><strong>Centro de procedencia \/ Home institution:<\/strong> Universidad Aut\u00f3noma de Baja California, M\u00e9xico<br \/>\n<strong>Fechas \/ Date:<\/strong> febrero-julio 2019 \u2013\u00a0\u00a0<\/span><span style=\"font-size: 16px;text-align: justify\">Albacete Campus<br \/>\n<\/span><strong style=\"font-size: 16px\">Tema de la estancia \/ Research topic:<\/strong><span style=\"font-size: 16px\"> Capital humano y el \u00e9xito microempresarial en la regi\u00f3n sur de M\u00e9xico<br \/>\n<\/span><\/p>\n<hr \/>\n<p style=\"text-align: justify\"><strong>Autor \/ Author:\u00a0<\/strong> Sebastien Payet<br \/>\n<strong style=\"font-size: 16px;text-align: justify\">Centro de procedencia \/ Home institution:<\/strong><span style=\"font-size: 16px;text-align: justify\"> Universidad de Florencia (Italia)<br \/>\n<\/span><strong style=\"font-size: 16px;text-align: justify\">Fechas \/ Date:<\/strong><span style=\"font-size: 16px;text-align: justify\"> 14 enero al 30 junio de 2019\u00a0<\/span><span style=\"font-size: 16px;text-align: justify\">\u2013\u00a0\u00a0<\/span><span style=\"font-size: 16px;text-align: justify\">Toledo Campus<br \/>\n<\/span><strong style=\"font-size: 16px\">Tema de la estancia \/ Research topic:<\/strong><span style=\"font-size: 16px\"> Global Value Chains in Agro-food industries<br \/>\n<\/span><\/p>\n<hr \/>\n<p style=\"text-align: justify\"><strong style=\"font-size: 16px;text-align: justify\">Autora \/<\/strong> <span style=\"font-size: 16px;text-align: justify\"><strong>Author<\/strong><strong>:\u00a0<\/strong> <\/span><span style=\"font-size: 16px;text-align: justify\">Dr Maria Iacovou<br \/>\n<\/span><strong style=\"font-size: 16px;text-align: justify\">Centro de procedencia \/ Home institution:<\/strong><span style=\"font-size: 16px;text-align: justify\"> Cambridge University (UK)\u00a0 \u00a0 <\/span><strong style=\"font-size: 16px;text-align: justify\">Fechas \/ Date:\u00a0<\/strong><span style=\"font-size: 16px;text-align: justify\">13-18 junio 2018 \/ 13-18 June 2018 \u2013 Albacete Campus\u00a0 <\/span><strong style=\"font-size: 16px;text-align: justify\">T<\/strong><strong style=\"font-size: 16px;text-align: justify\">ema de la estancia \/\u00a0Research topic:<\/strong><span style=\"font-size: 16px;text-align: justify\">\u00a0solidaridad intra-hogar entre generaciones en la UE<\/span><strong style=\"font-size: 16px;text-align: justify\"> \/<\/strong> <span style=\"font-size: 16px;text-align: justify\">intra-family intergenerational solidarity in the EU<br \/>\n<\/span><\/p>\n<hr \/>\n<p style=\"text-align: justify\"><strong>Autor \/<\/strong> <strong>Author:\u00a0<\/strong> Luis Patricio Cancino<br \/>\n<strong style=\"font-size: 16px;text-align: justify\">Centro de procedencia\/ Home institution:<\/strong><span style=\"font-size: 16px;text-align: justify\">\u00a0<\/span><span style=\"font-size: 16px;text-align: justify\">Universidad Aut\u00f3noma de Baja California (M\u00e9xico)<br \/>\n<\/span><strong style=\"font-size: 16px;text-align: justify\">F<\/strong><strong style=\"font-size: 16px;text-align: justify\">echas \/ Date:\u00a0<\/strong><span style=\"font-size: 16px;text-align: justify\">marzo-mayo 2018 \/ March-May 2018 \u2013 Albacete Campus<br \/>\n<\/span><strong style=\"font-size: 16px;text-align: justify\">Tema de la estancia \/\u00a0<\/strong><strong style=\"font-size: 16px;text-align: justify\">Research topic:\u00a0<\/strong><span style=\"font-size: 16px;text-align: justify\">pr\u00e1cticas sostenibles en las bodegas del Valle de Guadalupe (Mexico) \/ <\/span><em style=\"font-size: 16px;text-align: justify\">Sustainable practices in Guadalupe Valley wineries<\/em><span style=\"font-size: 16px;text-align: justify\"> (M\u00e9xico)<br \/>\n<\/span><\/p>\n<hr \/>\n<p style=\"text-align: justify\"><strong style=\"font-size: 16px\">Autor \/<\/strong> <span style=\"font-size: 16px\"><strong>Author:\u00a0<\/strong> <\/span><span style=\"font-size: 16px\">Gabriel Pruneda<br \/>\n<\/span><strong style=\"font-size: 16px;text-align: justify\">Centro de procedencia \/ Home institution:<\/strong><span style=\"font-size: 16px;text-align: justify\">\u00a0Universidad de Oviedo\u00a0 <\/span><strong style=\"font-size: 16px;text-align: justify\">Fechas \/ Date:<\/strong><span style=\"font-size: 16px;text-align: justify\">\u00a0diciembre 2017 &#8211; Campus de Albacete<br \/>\n<\/span><strong style=\"font-size: 16px;text-align: justify\">Tema de la estancia \/ Research topic:\u00a0<\/strong><span style=\"font-size: 16px;text-align: justify\">Rendimiento en el trabajo en las personas con discapacidad<br \/>\n<\/span><\/p>\n<hr \/>\n<p style=\"text-align: justify\"><strong>Autor \/ Author:\u00a0 <\/strong>Rafael Tavares<strong><br \/>\nCentro de procedencia \/ Home institution:\u00a0<\/strong>Universidad Aut\u00f3noma de Baja California<strong> (<a href=\"..\/..\/mu-mueir\/2016\/07\/13\/la-uclm-y-la-universidad-autonoma-de-baja-california-renuevan-sus-lazos\/\" target=\"_blank\" rel=\"noopener\">UABC<\/a>)<br \/>\n<\/strong><strong style=\"font-size: 16px;text-align: justify\">Fechas \/ Date:\u00a0<\/strong><span style=\"font-size: 16px;text-align: justify\">octubre 2017 &#8211; Campus de Albacete<br \/>\n<\/span><strong style=\"font-size: 16px;text-align: justify\">Tema de la estancia \/ Research topic:\u00a0<\/strong><span style=\"font-size: 16px;text-align: justify\">Impacto de la tecnolog\u00eda en el empleo y los salarios en M\u00e9xico<br \/>\n<\/span><\/p>\n<hr \/>\n<p style=\"text-align: justify\"><strong>Autora \/ Author:\u00a0 <\/strong>Rocio Nirari Arredondo Botello<strong><br \/>\nCentro de procedencia\/ Home institution:\u00a0<\/strong>Universidad Aut\u00f3noma de Baja California<strong> (<a href=\"..\/..\/mu-mueir\/2016\/07\/13\/la-uclm-y-la-universidad-autonoma-de-baja-california-renuevan-sus-lazos\/\" target=\"_blank\" rel=\"noopener\">UABC<\/a>)<br \/>\n<\/strong><strong style=\"font-size: 16px;text-align: justify\">Fechas \/ Date:\u00a0<\/strong><span style=\"font-size: 16px;text-align: justify\">Abril y mayo de 2017 &#8211; Campus de Albacete <\/span><strong style=\"font-size: 16px;text-align: justify\"><br \/>\n<\/strong><strong style=\"font-size: 16px;text-align: justify\">Seminario \/ Seminar:<\/strong><span style=\"font-size: 16px;text-align: justify\"> Informalidad en el mercado de trabajo de los j\u00f3venes en M\u00e9xico<br \/>\n<\/span><\/p>\n<hr \/>\n<p style=\"text-align: justify\"><strong>Autora \/ Author:\u00a0 <a href=\"http:\/\/www.urv.cat\/creip\/qui-som\/membres\/view.php?ID=67\" target=\"_blank\" rel=\"noopener noreferrer\">Elisenda Jov\u00e9 Llopis<\/a><\/strong><strong><br \/>\nCentro de procedencia \/ Home institution: <\/strong>Miembro del <strong><a href=\"http:\/\/www.urv.cat\/creip\/index.html\" target=\"_blank\" rel=\"noopener noreferrer\">CREIP<\/a> <\/strong>(<em>Centre de Recerca en Economia Industrial i Economia P\u00fablica<\/em>) y doctoranda en la Universidad Rovira i Virgili<br \/>\n<strong>Fechas \/ Date:\u00a0<\/strong>2 y 3 de marzo de 2017 &#8211; Campus de Albacete \u00a0 \u00a0 \u00a0 \u00a0 \u00a0 \u00a0 \u00a0 \u00a0 <strong>Seminario \/ Seminar:\u00a0\u00a0<\/strong>Estrategias de eco-innovaci\u00f3n: una comparaci\u00f3n de empresas espa\u00f1olas de servicios y manufacturas\u00a0\u00a0\u00a0\u00a0\u00a0\u00a0<strong><br \/>\n<\/strong><\/p>\n<hr \/>\n<p style=\"text-align: justify\"><strong style=\"font-size: 16px\">Autor \/ Author:\u00a0 <\/strong><span style=\"font-size: 16px\">Roberto Burgue\u00f1o<br \/>\n<\/span><strong style=\"font-size: 16px\">Centro de procedencia\/ Home institution: <\/strong><span style=\"font-size: 16px\">Universidad Aut\u00f3noma de Baja California (<\/span><a style=\"font-size: 16px;font-style: inherit\" href=\"..\/..\/mu-mueir\/2016\/07\/13\/la-uclm-y-la-universidad-autonoma-de-baja-california-renuevan-sus-lazos\/\" target=\"_blank\" rel=\"noopener\">UABC<\/a><span style=\"font-size: 16px\">)<br \/>\n<\/span><strong style=\"font-size: 16px\">Fechas \/ Date:\u00a0<\/strong><span style=\"font-size: 16px\">Mayo de 2016 &#8211; Campus de Albacete y de Cuenca\u00a0 <\/span><strong style=\"font-size: 16px\">Seminario \/ Seminar: <\/strong><span style=\"font-size: 16px\">El sistema de pr\u00e1cticas externas de la UABC en los estudios de grado en Econom\u00eda y Empresa<br \/>\n<\/span><\/p>\n<hr \/>\n","protected":false},"excerpt":{"rendered":"<p>ESTANCIAS DE INVESTIGACI\u00d3N \/ RESEARCH STAYS\u00a0 Autora \/ Author:\u00a0 Carmen D\u00edaz-Mora \u00a0 \u00a0 \u00a0 \u00a0 \u00a0 \u00a0 \u00a0 \u00a0 \u00a0 \u00a0 \u00a0 \u00a0 \u00a0 \u00a0 \u00a0 \u00a0 \u00a0 \u00a0 \u00a0 \u00a0 \u00a0 \u00a0 \u00a0 \u00a0 \u00a0 \u00a0 \u00a0 \u00a0 \u00a0 \u00a0 \u00a0 \u00a0Centro de destino \/ Destination institution: European Centre for International Political Economy -ECIPE- &hellip; <a href=\"https:\/\/blog.uclm.es\/grupo-eei\/estancias-de-investigadores\/\" class=\"more-link\">Seguir leyendo <span class=\"screen-reader-text\">Estancias de investigadores \/ Research visits<\/span> <span class=\"meta-nav\">&rarr;<\/span><\/a><\/p>\n","protected":false},"author":399,"featured_media":0,"parent":0,"menu_order":0,"comment_status":"closed","ping_status":"closed","template":"","meta":{"footnotes":""},"class_list":["post-167","page","type-page","status-publish","hentry"],"_links":{"self":[{"href":"https:\/\/blog.uclm.es\/grupo-eei\/wp-json\/wp\/v2\/pages\/167","targetHints":{"allow":["GET"]}}],"collection":[{"href":"https:\/\/blog.uclm.es\/grupo-eei\/wp-json\/wp\/v2\/pages"}],"about":[{"href":"https:\/\/blog.uclm.es\/grupo-eei\/wp-json\/wp\/v2\/types\/page"}],"author":[{"embeddable":true,"href":"https:\/\/blog.uclm.es\/grupo-eei\/wp-json\/wp\/v2\/users\/399"}],"replies":[{"embeddable":true,"href":"https:\/\/blog.uclm.es\/grupo-eei\/wp-json\/wp\/v2\/comments?post=167"}],"version-history":[{"count":9,"href":"https:\/\/blog.uclm.es\/grupo-eei\/wp-json\/wp\/v2\/pages\/167\/revisions"}],"predecessor-version":[{"id":5010,"href":"https:\/\/blog.uclm.es\/grupo-eei\/wp-json\/wp\/v2\/pages\/167\/revisions\/5010"}],"wp:attachment":[{"href":"https:\/\/blog.uclm.es\/grupo-eei\/wp-json\/wp\/v2\/media?parent=167"}],"curies":[{"name":"wp","href":"https:\/\/api.w.org\/{rel}","templated":true}]}}