{"id":471,"date":"2025-05-05T07:38:51","date_gmt":"2025-05-05T07:38:51","guid":{"rendered":"https:\/\/blog.uclm.es\/grupo-compublic\/?page_id=471"},"modified":"2025-05-07T11:46:17","modified_gmt":"2025-05-07T11:46:17","slug":"encuentro-programa-media-clm-film-commission","status":"publish","type":"page","link":"https:\/\/blog.uclm.es\/grupo-compublic\/encuentro-programa-media-clm-film-commission\/","title":{"rendered":"Encuentro Programa Media- CLM Film Commission"},"content":{"rendered":"\n<p>El pasado 6 de mayo tuvo lugar el encuentro \u201cPrograma MEDIA y la Europa Creativa. Creaci\u00f3n y distribuci\u00f3n de contenidos audiovisuales europeos en el contexto de la plataformizaci\u00f3n medi\u00e1tica\u201d con la Oficina Media Espa\u00f1a y la Film Commission de Castilla-La Mancha.<\/p>\n\n\n\n<p>El encuentro, celebrado en la Sala Antonio Saura del Vicerrectorado de Cultura, Deporte y Compromiso Social, dio a conocer el programa de ayudas para la internacionalizaci\u00f3n de profesionales, empresas y producciones audiovisuales al profesorado, estudiantado y profesionales del sector asistentes.<\/p>\n\n\n\n<h2 class=\"wp-block-heading\">Galer\u00eda<\/h2>\n\n\n\n<figure class=\"wp-block-gallery has-nested-images columns-default is-cropped wp-block-gallery-1 is-layout-flex wp-block-gallery-is-layout-flex\">\n<figure class=\"wp-block-image size-large\"><img loading=\"lazy\" decoding=\"async\" width=\"1024\" height=\"683\" data-id=\"484\" src=\"https:\/\/blog.uclm.es\/grupo-compublic\/wp-content\/uploads\/sites\/217\/2025\/05\/Encuentro-Oficina-Media-CLM-Film-Commission-12-1024x683.jpg\" alt=\"\" class=\"wp-image-484\" srcset=\"https:\/\/blog.uclm.es\/grupo-compublic\/wp-content\/uploads\/sites\/217\/2025\/05\/Encuentro-Oficina-Media-CLM-Film-Commission-12-1024x683.jpg 1024w, https:\/\/blog.uclm.es\/grupo-compublic\/wp-content\/uploads\/sites\/217\/2025\/05\/Encuentro-Oficina-Media-CLM-Film-Commission-12-300x200.jpg 300w, https:\/\/blog.uclm.es\/grupo-compublic\/wp-content\/uploads\/sites\/217\/2025\/05\/Encuentro-Oficina-Media-CLM-Film-Commission-12-768x512.jpg 768w, https:\/\/blog.uclm.es\/grupo-compublic\/wp-content\/uploads\/sites\/217\/2025\/05\/Encuentro-Oficina-Media-CLM-Film-Commission-12-1536x1024.jpg 1536w, https:\/\/blog.uclm.es\/grupo-compublic\/wp-content\/uploads\/sites\/217\/2025\/05\/Encuentro-Oficina-Media-CLM-Film-Commission-12-2048x1365.jpg 2048w\" sizes=\"auto, (max-width: 767px) 89vw, (max-width: 1000px) 54vw, (max-width: 1071px) 543px, 580px\" \/><\/figure>\n\n\n\n<figure class=\"wp-block-image size-large\"><img loading=\"lazy\" decoding=\"async\" width=\"1024\" height=\"683\" data-id=\"483\" src=\"https:\/\/blog.uclm.es\/grupo-compublic\/wp-content\/uploads\/sites\/217\/2025\/05\/Encuentro-Oficina-Media-CLM-Film-Commission-3-1024x683.jpg\" alt=\"\" class=\"wp-image-483\" srcset=\"https:\/\/blog.uclm.es\/grupo-compublic\/wp-content\/uploads\/sites\/217\/2025\/05\/Encuentro-Oficina-Media-CLM-Film-Commission-3-1024x683.jpg 1024w, https:\/\/blog.uclm.es\/grupo-compublic\/wp-content\/uploads\/sites\/217\/2025\/05\/Encuentro-Oficina-Media-CLM-Film-Commission-3-300x200.jpg 300w, https:\/\/blog.uclm.es\/grupo-compublic\/wp-content\/uploads\/sites\/217\/2025\/05\/Encuentro-Oficina-Media-CLM-Film-Commission-3-768x512.jpg 768w, https:\/\/blog.uclm.es\/grupo-compublic\/wp-content\/uploads\/sites\/217\/2025\/05\/Encuentro-Oficina-Media-CLM-Film-Commission-3-1536x1024.jpg 1536w, https:\/\/blog.uclm.es\/grupo-compublic\/wp-content\/uploads\/sites\/217\/2025\/05\/Encuentro-Oficina-Media-CLM-Film-Commission-3-2048x1365.jpg 2048w\" sizes=\"auto, (max-width: 767px) 89vw, (max-width: 1000px) 54vw, (max-width: 1071px) 543px, 580px\" \/><\/figure>\n\n\n\n<figure class=\"wp-block-image size-large\"><img loading=\"lazy\" decoding=\"async\" width=\"1024\" height=\"683\" data-id=\"482\" src=\"https:\/\/blog.uclm.es\/grupo-compublic\/wp-content\/uploads\/sites\/217\/2025\/05\/Encuentro-Oficina-Media-CLM-Film-Commission-1-1-1024x683.jpg\" alt=\"\" class=\"wp-image-482\" srcset=\"https:\/\/blog.uclm.es\/grupo-compublic\/wp-content\/uploads\/sites\/217\/2025\/05\/Encuentro-Oficina-Media-CLM-Film-Commission-1-1-1024x683.jpg 1024w, https:\/\/blog.uclm.es\/grupo-compublic\/wp-content\/uploads\/sites\/217\/2025\/05\/Encuentro-Oficina-Media-CLM-Film-Commission-1-1-300x200.jpg 300w, https:\/\/blog.uclm.es\/grupo-compublic\/wp-content\/uploads\/sites\/217\/2025\/05\/Encuentro-Oficina-Media-CLM-Film-Commission-1-1-768x512.jpg 768w, https:\/\/blog.uclm.es\/grupo-compublic\/wp-content\/uploads\/sites\/217\/2025\/05\/Encuentro-Oficina-Media-CLM-Film-Commission-1-1-1536x1024.jpg 1536w, https:\/\/blog.uclm.es\/grupo-compublic\/wp-content\/uploads\/sites\/217\/2025\/05\/Encuentro-Oficina-Media-CLM-Film-Commission-1-1-2048x1365.jpg 2048w\" sizes=\"auto, (max-width: 767px) 89vw, (max-width: 1000px) 54vw, (max-width: 1071px) 543px, 580px\" \/><\/figure>\n<\/figure>\n\n\n\n<h2 class=\"wp-block-heading\">Programa<\/h2>\n\n\n\n<div data-wp-interactive=\"core\/file\" class=\"wp-block-file\"><object data-wp-bind--hidden=\"!state.hasPdfPreview\" hidden class=\"wp-block-file__embed\" data=\"https:\/\/blog.uclm.es\/grupo-compublic\/wp-content\/uploads\/sites\/217\/2025\/05\/UTF-8Programa-MEDIA-Film-Commission-CLM-ComPublicUCLM.pdf\" type=\"application\/pdf\" style=\"width:100%;height:600px\" aria-label=\"Incrustado de UTF-8Programa MEDIA-Film Commission CLM-ComPublicUCLM.\"><\/object><a id=\"wp-block-file--media-1cd57996-ab28-4319-a255-f21468cd50c2\" href=\"https:\/\/blog.uclm.es\/grupo-compublic\/wp-content\/uploads\/sites\/217\/2025\/05\/UTF-8Programa-MEDIA-Film-Commission-CLM-ComPublicUCLM.pdf\">UTF-8Programa MEDIA-Film Commission CLM-ComPublicUCLM<\/a><a href=\"https:\/\/blog.uclm.es\/grupo-compublic\/wp-content\/uploads\/sites\/217\/2025\/05\/UTF-8Programa-MEDIA-Film-Commission-CLM-ComPublicUCLM.pdf\" class=\"wp-block-file__button wp-element-button\" download aria-describedby=\"wp-block-file--media-1cd57996-ab28-4319-a255-f21468cd50c2\">Descarga<\/a><\/div>\n","protected":false},"excerpt":{"rendered":"<p>El pasado 6 de mayo tuvo lugar el encuentro \u201cPrograma MEDIA y la Europa Creativa. Creaci\u00f3n y distribuci\u00f3n de contenidos audiovisuales europeos en el contexto de la plataformizaci\u00f3n medi\u00e1tica\u201d con la Oficina Media Espa\u00f1a y la Film Commission de Castilla-La Mancha. El encuentro, celebrado en la Sala Antonio Saura del Vicerrectorado de Cultura, Deporte y &hellip; <\/p>\n<p class=\"link-more\"><a href=\"https:\/\/blog.uclm.es\/grupo-compublic\/encuentro-programa-media-clm-film-commission\/\" class=\"more-link\">Continuar leyendo<span class=\"screen-reader-text\"> \u00abEncuentro Programa Media- CLM Film Commission\u00bb<\/span><\/a><\/p>\n","protected":false},"author":135,"featured_media":0,"parent":0,"menu_order":0,"comment_status":"closed","ping_status":"closed","template":"","meta":{"footnotes":""},"class_list":["post-471","page","type-page","status-publish","hentry"],"_links":{"self":[{"href":"https:\/\/blog.uclm.es\/grupo-compublic\/wp-json\/wp\/v2\/pages\/471","targetHints":{"allow":["GET"]}}],"collection":[{"href":"https:\/\/blog.uclm.es\/grupo-compublic\/wp-json\/wp\/v2\/pages"}],"about":[{"href":"https:\/\/blog.uclm.es\/grupo-compublic\/wp-json\/wp\/v2\/types\/page"}],"author":[{"embeddable":true,"href":"https:\/\/blog.uclm.es\/grupo-compublic\/wp-json\/wp\/v2\/users\/135"}],"replies":[{"embeddable":true,"href":"https:\/\/blog.uclm.es\/grupo-compublic\/wp-json\/wp\/v2\/comments?post=471"}],"version-history":[{"count":3,"href":"https:\/\/blog.uclm.es\/grupo-compublic\/wp-json\/wp\/v2\/pages\/471\/revisions"}],"predecessor-version":[{"id":485,"href":"https:\/\/blog.uclm.es\/grupo-compublic\/wp-json\/wp\/v2\/pages\/471\/revisions\/485"}],"wp:attachment":[{"href":"https:\/\/blog.uclm.es\/grupo-compublic\/wp-json\/wp\/v2\/media?parent=471"}],"curies":[{"name":"wp","href":"https:\/\/api.w.org\/{rel}","templated":true}]}}

<p>El pasado 6 de mayo tuvo lugar el encuentro “Programa MEDIA y la Europa Creativa. Creación y distribución de contenidos audiovisuales europeos en el contexto de la plataformización mediática” con la Oficina Media España y la Film Commission de Castilla-La Mancha.</p>



<p>El encuentro, celebrado en la Sala Antonio Saura del Vicerrectorado de Cultura, Deporte y Compromiso Social, dio a conocer el programa de ayudas para la internacionalización de profesionales, empresas y producciones audiovisuales al profesorado, estudiantado y profesionales del sector asistentes.</p>



<h2 class="wp-block-heading">Galería</h2>



<figure class="wp-block-gallery has-nested-images columns-default is-cropped wp-block-gallery-1 is-layout-flex wp-block-gallery-is-layout-flex">
<figure class="wp-block-image size-large"><img loading="lazy" decoding="async" width="1024" height="683" data-id="484" src="https://blog.uclm.es/grupo-compublic/wp-content/uploads/sites/217/2025/05/Encuentro-Oficina-Media-CLM-Film-Commission-12-1024x683.jpg" alt="" class="wp-image-484" srcset="https://blog.uclm.es/grupo-compublic/wp-content/uploads/sites/217/2025/05/Encuentro-Oficina-Media-CLM-Film-Commission-12-1024x683.jpg 1024w, https://blog.uclm.es/grupo-compublic/wp-content/uploads/sites/217/2025/05/Encuentro-Oficina-Media-CLM-Film-Commission-12-300x200.jpg 300w, https://blog.uclm.es/grupo-compublic/wp-content/uploads/sites/217/2025/05/Encuentro-Oficina-Media-CLM-Film-Commission-12-768x512.jpg 768w, https://blog.uclm.es/grupo-compublic/wp-content/uploads/sites/217/2025/05/Encuentro-Oficina-Media-CLM-Film-Commission-12-1536x1024.jpg 1536w, https://blog.uclm.es/grupo-compublic/wp-content/uploads/sites/217/2025/05/Encuentro-Oficina-Media-CLM-Film-Commission-12-2048x1365.jpg 2048w" sizes="auto, (max-width: 767px) 89vw, (max-width: 1000px) 54vw, (max-width: 1071px) 543px, 580px" /></figure>



<figure class="wp-block-image size-large"><img loading="lazy" decoding="async" width="1024" height="683" data-id="483" src="https://blog.uclm.es/grupo-compublic/wp-content/uploads/sites/217/2025/05/Encuentro-Oficina-Media-CLM-Film-Commission-3-1024x683.jpg" alt="" class="wp-image-483" srcset="https://blog.uclm.es/grupo-compublic/wp-content/uploads/sites/217/2025/05/Encuentro-Oficina-Media-CLM-Film-Commission-3-1024x683.jpg 1024w, https://blog.uclm.es/grupo-compublic/wp-content/uploads/sites/217/2025/05/Encuentro-Oficina-Media-CLM-Film-Commission-3-300x200.jpg 300w, https://blog.uclm.es/grupo-compublic/wp-content/uploads/sites/217/2025/05/Encuentro-Oficina-Media-CLM-Film-Commission-3-768x512.jpg 768w, https://blog.uclm.es/grupo-compublic/wp-content/uploads/sites/217/2025/05/Encuentro-Oficina-Media-CLM-Film-Commission-3-1536x1024.jpg 1536w, https://blog.uclm.es/grupo-compublic/wp-content/uploads/sites/217/2025/05/Encuentro-Oficina-Media-CLM-Film-Commission-3-2048x1365.jpg 2048w" sizes="auto, (max-width: 767px) 89vw, (max-width: 1000px) 54vw, (max-width: 1071px) 543px, 580px" /></figure>



<figure class="wp-block-image size-large"><img loading="lazy" decoding="async" width="1024" height="683" data-id="482" src="https://blog.uclm.es/grupo-compublic/wp-content/uploads/sites/217/2025/05/Encuentro-Oficina-Media-CLM-Film-Commission-1-1-1024x683.jpg" alt="" class="wp-image-482" srcset="https://blog.uclm.es/grupo-compublic/wp-content/uploads/sites/217/2025/05/Encuentro-Oficina-Media-CLM-Film-Commission-1-1-1024x683.jpg 1024w, https://blog.uclm.es/grupo-compublic/wp-content/uploads/sites/217/2025/05/Encuentro-Oficina-Media-CLM-Film-Commission-1-1-300x200.jpg 300w, https://blog.uclm.es/grupo-compublic/wp-content/uploads/sites/217/2025/05/Encuentro-Oficina-Media-CLM-Film-Commission-1-1-768x512.jpg 768w, https://blog.uclm.es/grupo-compublic/wp-content/uploads/sites/217/2025/05/Encuentro-Oficina-Media-CLM-Film-Commission-1-1-1536x1024.jpg 1536w, https://blog.uclm.es/grupo-compublic/wp-content/uploads/sites/217/2025/05/Encuentro-Oficina-Media-CLM-Film-Commission-1-1-2048x1365.jpg 2048w" sizes="auto, (max-width: 767px) 89vw, (max-width: 1000px) 54vw, (max-width: 1071px) 543px, 580px" /></figure>
</figure>



<h2 class="wp-block-heading">Programa</h2>



<div data-wp-interactive="core/file" class="wp-block-file"><object data-wp-bind--hidden="!state.hasPdfPreview" hidden class="wp-block-file__embed" data="https://blog.uclm.es/grupo-compublic/wp-content/uploads/sites/217/2025/05/UTF-8Programa-MEDIA-Film-Commission-CLM-ComPublicUCLM.pdf" type="application/pdf" style="width:100%;height:600px" aria-label="Incrustado de UTF-8Programa MEDIA-Film Commission CLM-ComPublicUCLM."></object><a id="wp-block-file--media-1cd57996-ab28-4319-a255-f21468cd50c2" href="https://blog.uclm.es/grupo-compublic/wp-content/uploads/sites/217/2025/05/UTF-8Programa-MEDIA-Film-Commission-CLM-ComPublicUCLM.pdf">UTF-8Programa MEDIA-Film Commission CLM-ComPublicUCLM</a><a href="https://blog.uclm.es/grupo-compublic/wp-content/uploads/sites/217/2025/05/UTF-8Programa-MEDIA-Film-Commission-CLM-ComPublicUCLM.pdf" class="wp-block-file__button wp-element-button" download aria-describedby="wp-block-file--media-1cd57996-ab28-4319-a255-f21468cd50c2">Descarga</a></div>

<p>El pasado 6 de mayo tuvo lugar el encuentro “Programa MEDIA y la Europa Creativa. Creación y distribución de contenidos audiovisuales europeos en el contexto de la plataformización mediática” con la Oficina Media España y la Film Commission de Castilla-La Mancha. El encuentro, celebrado en la Sala Antonio Saura del Vicerrectorado de Cultura, Deporte y &hellip; </p>
<p class="link-more"><a href="https://blog.uclm.es/grupo-compublic/encuentro-programa-media-clm-film-commission/" class="more-link">Continuar leyendo<span class="screen-reader-text"> «Encuentro Programa Media- CLM Film Commission»</span></a></p>
