{"id":405,"date":"2024-10-31T08:21:05","date_gmt":"2024-10-31T08:21:05","guid":{"rendered":"https:\/\/blog.uclm.es\/grupo-compublic\/?page_id=405"},"modified":"2024-11-08T11:35:09","modified_gmt":"2024-11-08T11:35:09","slug":"procesos-plataformizacion-medios-comunicacion","status":"publish","type":"page","link":"https:\/\/blog.uclm.es\/grupo-compublic\/procesos-plataformizacion-medios-comunicacion\/","title":{"rendered":"Procesos de plataformizaci\u00f3n y medios de comunicaci\u00f3n en Espa\u00f1a y en Europa \/\/ 10\u00ba aniversario ComPublic"},"content":{"rendered":"\n<p>Este Congreso\u00a0se ha realizado en el marco del proyecto\u00a0de investigaci\u00f3n \u201cLa plataformizaci\u00f3n audiovisual: diagn\u00f3stico propositivo de los procesos de plataformizaci\u00f3n en el panorama medi\u00e1tico espa\u00f1ol contempor\u00e1neo\u201d (2022-GRIN-34309), financiado por el Plan Propio UCLM y cofinanciado con fondos FEDER.<\/p>\n\n\n\n<p>Tambi\u00e9n cuenta con financiaci\u00f3n del Centro de Estudios Europeos \u00abLuis Ortega \u00c1lvarez\u00bb (Centro de Excelencia Jean Monnet), de la Facultad de Comunicaci\u00f3n de la Universidad de Castilla-La Mancha y de la C\u00e1tedra de Gobierno Abierto (Administraci\u00f3n de la Junta de Comunidades de Castilla-La Mancha y Universidad de Castilla-La Mancha).<\/p>\n\n\n\n<div data-wp-interactive=\"core\/file\" class=\"wp-block-file\"><object data-wp-bind--hidden=\"!state.hasPdfPreview\" hidden class=\"wp-block-file__embed\" data=\"https:\/\/blog.uclm.es\/grupo-compublic\/wp-content\/uploads\/sites\/217\/2024\/11\/Congreso-ComPublic-UCLM-Plataformizacion-2024.-Cartel-y-Programa1.pdf\" type=\"application\/pdf\" style=\"width:100%;height:600px\" aria-label=\"Incrustado de Programa Congreso ComPublic 2024.\"><\/object><a id=\"wp-block-file--media-2fb77693-872f-486e-9efd-284818e3542e\" href=\"https:\/\/blog.uclm.es\/grupo-compublic\/wp-content\/uploads\/sites\/217\/2024\/11\/Congreso-ComPublic-UCLM-Plataformizacion-2024.-Cartel-y-Programa1.pdf\">Programa Congreso ComPublic 2024<\/a><a href=\"https:\/\/blog.uclm.es\/grupo-compublic\/wp-content\/uploads\/sites\/217\/2024\/11\/Congreso-ComPublic-UCLM-Plataformizacion-2024.-Cartel-y-Programa1.pdf\" class=\"wp-block-file__button wp-element-button\" download aria-describedby=\"wp-block-file--media-2fb77693-872f-486e-9efd-284818e3542e\">Descarga<\/a><\/div>\n\n\n\n<p><\/p>\n","protected":false},"excerpt":{"rendered":"<p>Este Congreso\u00a0se ha realizado en el marco del proyecto\u00a0de investigaci\u00f3n \u201cLa plataformizaci\u00f3n audiovisual: diagn\u00f3stico propositivo de los procesos de plataformizaci\u00f3n en el panorama medi\u00e1tico espa\u00f1ol contempor\u00e1neo\u201d (2022-GRIN-34309), financiado por el Plan Propio UCLM y cofinanciado con fondos FEDER. Tambi\u00e9n cuenta con financiaci\u00f3n del Centro de Estudios Europeos \u00abLuis Ortega \u00c1lvarez\u00bb (Centro de Excelencia Jean Monnet), &hellip; <\/p>\n<p class=\"link-more\"><a href=\"https:\/\/blog.uclm.es\/grupo-compublic\/procesos-plataformizacion-medios-comunicacion\/\" class=\"more-link\">Continuar leyendo<span class=\"screen-reader-text\"> \u00abProcesos de plataformizaci\u00f3n y medios de comunicaci\u00f3n en Espa\u00f1a y en Europa \/\/ 10\u00ba aniversario ComPublic\u00bb<\/span><\/a><\/p>\n","protected":false},"author":135,"featured_media":0,"parent":0,"menu_order":0,"comment_status":"closed","ping_status":"closed","template":"","meta":{"footnotes":""},"class_list":["post-405","page","type-page","status-publish","hentry"],"_links":{"self":[{"href":"https:\/\/blog.uclm.es\/grupo-compublic\/wp-json\/wp\/v2\/pages\/405","targetHints":{"allow":["GET"]}}],"collection":[{"href":"https:\/\/blog.uclm.es\/grupo-compublic\/wp-json\/wp\/v2\/pages"}],"about":[{"href":"https:\/\/blog.uclm.es\/grupo-compublic\/wp-json\/wp\/v2\/types\/page"}],"author":[{"embeddable":true,"href":"https:\/\/blog.uclm.es\/grupo-compublic\/wp-json\/wp\/v2\/users\/135"}],"replies":[{"embeddable":true,"href":"https:\/\/blog.uclm.es\/grupo-compublic\/wp-json\/wp\/v2\/comments?post=405"}],"version-history":[{"count":8,"href":"https:\/\/blog.uclm.es\/grupo-compublic\/wp-json\/wp\/v2\/pages\/405\/revisions"}],"predecessor-version":[{"id":426,"href":"https:\/\/blog.uclm.es\/grupo-compublic\/wp-json\/wp\/v2\/pages\/405\/revisions\/426"}],"wp:attachment":[{"href":"https:\/\/blog.uclm.es\/grupo-compublic\/wp-json\/wp\/v2\/media?parent=405"}],"curies":[{"name":"wp","href":"https:\/\/api.w.org\/{rel}","templated":true}]}}