{"id":387,"date":"2024-09-19T07:09:21","date_gmt":"2024-09-19T07:09:21","guid":{"rendered":"https:\/\/blog.uclm.es\/grupo-compublic\/?page_id=387"},"modified":"2024-09-20T06:45:11","modified_gmt":"2024-09-20T06:45:11","slug":"marton-demeter","status":"publish","type":"page","link":"https:\/\/blog.uclm.es\/grupo-compublic\/invitados\/marton-demeter\/","title":{"rendered":"M\u00e1rton Demeter"},"content":{"rendered":"\n<figure class=\"wp-block-image size-large\"><img loading=\"lazy\" decoding=\"async\" width=\"1024\" height=\"438\" src=\"https:\/\/blog.uclm.es\/grupo-compublic\/wp-content\/uploads\/sites\/217\/2024\/09\/portreboritora_kesz-1024x438.jpg\" alt=\"\" class=\"wp-image-388\" srcset=\"https:\/\/blog.uclm.es\/grupo-compublic\/wp-content\/uploads\/sites\/217\/2024\/09\/portreboritora_kesz-1024x438.jpg 1024w, https:\/\/blog.uclm.es\/grupo-compublic\/wp-content\/uploads\/sites\/217\/2024\/09\/portreboritora_kesz-300x128.jpg 300w, https:\/\/blog.uclm.es\/grupo-compublic\/wp-content\/uploads\/sites\/217\/2024\/09\/portreboritora_kesz-768x329.jpg 768w, https:\/\/blog.uclm.es\/grupo-compublic\/wp-content\/uploads\/sites\/217\/2024\/09\/portreboritora_kesz.jpg 1180w\" sizes=\"auto, (max-width: 767px) 89vw, (max-width: 1000px) 54vw, (max-width: 1071px) 543px, 580px\" \/><\/figure>\n\n\n\n<ul class=\"wp-block-list\">\n<li><strong>Universidad de Origen<\/strong>: Catedr\u00e1tico de la University of Public Servicede Budapest (Hungr\u00eda)<\/li>\n\n\n\n<li><strong>Curso acad\u00e9mico estancia:<\/strong>\u00a02024\/2025.<\/li>\n\n\n\n<li><strong>L\u00edneas de inter\u00e9s:<\/strong>\u00a0 Desigualdades acad\u00e9micas globales, an\u00e1lisis de la producci\u00f3n transnacional de conocimientos y estudio de la acumulaci\u00f3n desigual de capital simb\u00f3lico y acad\u00e9mico global, incrementada en el contexto del capitalismo de plataformas.<\/li>\n<\/ul>\n\n\n\n<p>El profesor M\u00e1rton Demeter, catedr\u00e1tico de la <em>University of Public Service <\/em>de Budapest (Hungr\u00eda), realiza una estancia de investigaci\u00f3n en la Facultad de Comunicaci\u00f3n de la Universidad de Castilla-La Mancha del 1 de septiembre de 2024 al 28 de febrero de 2025.<\/p>\n\n\n\n<p>El objetivo de la estancia es trabajar en las l\u00edneas de investigaci\u00f3n que el profesor Demeter viene desarrollando en los \u00faltimos a\u00f1os, centradas en las desigualdades acad\u00e9micas globales, el an\u00e1lisis de la producci\u00f3n transnacional de conocimientos, y el estudio de la acumulaci\u00f3n desigual de capital simb\u00f3lico y acad\u00e9mico global, incrementada en el contexto del capitalismo de plataformas.<\/p>\n\n\n\n<p>Como investigadora integrante del grupo de investigaci\u00f3n Comunicaci\u00f3n P\u00fablica: Poder, Derecho y Mensaje (COMPUBLIC), la profesora Azahara Ca\u00f1edo Ramos es la tutora cient\u00edfica del investigador durante su estancia en la Universidad de Castilla-La Mancha por lo que los resultados de dicha estancia se enmarcan en las actividades cient\u00edficas del grupo.<\/p>\n\n\n\n<p>En la actualidad, el profesor Demeter y la profesora Ca\u00f1edo coordinan, junto al profesor Juan Ignacio Gallego (Universidad Carlos III de Madrid), el n\u00famero 24 de la revista RAE-IC que, bajo el t\u00edtulo \u2018Comunicaci\u00f3n y cultura audiovisual en el contexto del capitalismo de plataformas\u2019, se publicar\u00e1 en octubre de 2025. M\u00e1s informaci\u00f3n aqu\u00ed: <a rel=\"noreferrer noopener\" target=\"_blank\" href=\"http:\/\/www.revistaeic.eu\/index.php\/raeic\/proximos-numeros\">http:\/\/www.revistaeic.eu\/index.php\/raeic\/proximos-numeros<\/a><\/p>\n","protected":false},"excerpt":{"rendered":"<p>El profesor M\u00e1rton Demeter, catedr\u00e1tico de la University of Public Service de Budapest (Hungr\u00eda), realiza una estancia de investigaci\u00f3n en la Facultad de Comunicaci\u00f3n de la Universidad de Castilla-La Mancha del 1 de septiembre de 2024 al 28 de febrero de 2025. El objetivo de la estancia es trabajar en las l\u00edneas de investigaci\u00f3n que &hellip; <\/p>\n<p class=\"link-more\"><a href=\"https:\/\/blog.uclm.es\/grupo-compublic\/invitados\/marton-demeter\/\" class=\"more-link\">Continuar leyendo<span class=\"screen-reader-text\"> \u00abM\u00e1rton Demeter\u00bb<\/span><\/a><\/p>\n","protected":false},"author":135,"featured_media":0,"parent":384,"menu_order":0,"comment_status":"closed","ping_status":"closed","template":"","meta":{"footnotes":""},"class_list":["post-387","page","type-page","status-publish","hentry"],"_links":{"self":[{"href":"https:\/\/blog.uclm.es\/grupo-compublic\/wp-json\/wp\/v2\/pages\/387","targetHints":{"allow":["GET"]}}],"collection":[{"href":"https:\/\/blog.uclm.es\/grupo-compublic\/wp-json\/wp\/v2\/pages"}],"about":[{"href":"https:\/\/blog.uclm.es\/grupo-compublic\/wp-json\/wp\/v2\/types\/page"}],"author":[{"embeddable":true,"href":"https:\/\/blog.uclm.es\/grupo-compublic\/wp-json\/wp\/v2\/users\/135"}],"replies":[{"embeddable":true,"href":"https:\/\/blog.uclm.es\/grupo-compublic\/wp-json\/wp\/v2\/comments?post=387"}],"version-history":[{"count":3,"href":"https:\/\/blog.uclm.es\/grupo-compublic\/wp-json\/wp\/v2\/pages\/387\/revisions"}],"predecessor-version":[{"id":396,"href":"https:\/\/blog.uclm.es\/grupo-compublic\/wp-json\/wp\/v2\/pages\/387\/revisions\/396"}],"up":[{"embeddable":true,"href":"https:\/\/blog.uclm.es\/grupo-compublic\/wp-json\/wp\/v2\/pages\/384"}],"wp:attachment":[{"href":"https:\/\/blog.uclm.es\/grupo-compublic\/wp-json\/wp\/v2\/media?parent=387"}],"curies":[{"name":"wp","href":"https:\/\/api.w.org\/{rel}","templated":true}]}}