{"id":309,"date":"2023-10-24T07:00:32","date_gmt":"2023-10-24T07:00:32","guid":{"rendered":"https:\/\/blog.uclm.es\/grupo-compublic\/?page_id=309"},"modified":"2023-10-24T07:02:55","modified_gmt":"2023-10-24T07:02:55","slug":"ana-maria-lopez-cepeda","status":"publish","type":"page","link":"https:\/\/blog.uclm.es\/grupo-compublic\/equipo\/ana-maria-lopez-cepeda\/","title":{"rendered":"Ana Mar\u00eda L\u00f3pez Cepeda"},"content":{"rendered":"\n<figure class=\"wp-block-image size-large is-resized\"><img loading=\"lazy\" decoding=\"async\" width=\"1024\" height=\"685\" src=\"https:\/\/blog.uclm.es\/grupo-compublic\/wp-content\/uploads\/sites\/217\/2023\/10\/foto-ana-maria-lopez-cepeda-1024x685.jpg\" alt=\"\" class=\"wp-image-310\" style=\"aspect-ratio:1.4938271604938271;width:672px;height:auto\" srcset=\"https:\/\/blog.uclm.es\/grupo-compublic\/wp-content\/uploads\/sites\/217\/2023\/10\/foto-ana-maria-lopez-cepeda-1024x685.jpg 1024w, https:\/\/blog.uclm.es\/grupo-compublic\/wp-content\/uploads\/sites\/217\/2023\/10\/foto-ana-maria-lopez-cepeda-300x201.jpg 300w, https:\/\/blog.uclm.es\/grupo-compublic\/wp-content\/uploads\/sites\/217\/2023\/10\/foto-ana-maria-lopez-cepeda-768x514.jpg 768w, https:\/\/blog.uclm.es\/grupo-compublic\/wp-content\/uploads\/sites\/217\/2023\/10\/foto-ana-maria-lopez-cepeda-1536x1028.jpg 1536w, https:\/\/blog.uclm.es\/grupo-compublic\/wp-content\/uploads\/sites\/217\/2023\/10\/foto-ana-maria-lopez-cepeda-2048x1371.jpg 2048w\" sizes=\"auto, (max-width: 767px) 89vw, (max-width: 1000px) 54vw, (max-width: 1071px) 543px, 580px\" \/><\/figure>\n\n\n\n<p>Ana Mar\u00eda L\u00f3pez Cepeda es Licenciada en Periodismo y Doctora en Comunicaci\u00f3n y Periodismo por la Universidade de Santiago de Compostela (USC) y Licenciada en Derecho por la Universidad Nacional de Educaci\u00f3n a Distancia (UNED).<\/p>\n\n\n\n<p>Estancias predoctorales en la Universit\u00e0 degli Studi di Torino (Italia). Estancias de investigaci\u00f3n postdoctorales en Bournemouth University (Reino Unido), Universidade do Minho (Portugal), Universidade Nova de Lisboa (Portugal) y Universit\u00e9 Touoluse Capitole (Francia).<\/p>\n\n\n\n<p>En sus publicaciones ha abarcado temas relacionados con la investigaci\u00f3n sobre los servicios audiovisuales p\u00fablicos en Europa, en especial, sobre gobernanza e independencia, transparencia y participaci\u00f3n. Tambi\u00e9n ha centrado su investigaci\u00f3n en el estudio sobre la normativa y la estructura de medios. Ha sido Investigadora Principal del Grupo Sociolog\u00eda de la Comunicaci\u00f3n de la UCLM y del proyecto Indicadores de rentabilidad social en los medios de comunicaci\u00f3n para el desarrollo regional, financiado por la Consejer\u00eda de Educaci\u00f3n, Cultura y Deportes de la Junta de Castilla-La Mancha y el Fondo Europeo de Desarrollo Regional.<\/p>\n\n\n\n<p>Fue Vicedecana en la Facultad de Periodismo (posteriormente Facultad de Comunicaci\u00f3n de la UCLM) desde septiembre de 2017 hasta abril de 2021. Coordinadora de Movilidad de la Facultad de Periodismo en 2015 y 2016. Coordinadora de curso del grado de Periodismo en 2014, 2015, 2021 y 2022. En la actualidad es la Coordinadora del M\u00e1ster en Producci\u00f3n y Comunicaci\u00f3n Cultural de la UCLM.<\/p>\n","protected":false},"excerpt":{"rendered":"<p>Ana Mar\u00eda L\u00f3pez Cepeda es Licenciada en Periodismo y Doctora en Comunicaci\u00f3n y Periodismo por la Universidade de Santiago de Compostela (USC) y Licenciada en Derecho por la Universidad Nacional de Educaci\u00f3n a Distancia (UNED). Estancias predoctorales en la Universit\u00e0 degli Studi di Torino (Italia). Estancias de investigaci\u00f3n postdoctorales en Bournemouth University (Reino Unido), Universidade &hellip; <\/p>\n<p class=\"link-more\"><a href=\"https:\/\/blog.uclm.es\/grupo-compublic\/equipo\/ana-maria-lopez-cepeda\/\" class=\"more-link\">Continuar leyendo<span class=\"screen-reader-text\"> \u00abAna Mar\u00eda L\u00f3pez Cepeda\u00bb<\/span><\/a><\/p>\n","protected":false},"author":135,"featured_media":0,"parent":16,"menu_order":0,"comment_status":"closed","ping_status":"closed","template":"","meta":{"footnotes":""},"class_list":["post-309","page","type-page","status-publish","hentry"],"_links":{"self":[{"href":"https:\/\/blog.uclm.es\/grupo-compublic\/wp-json\/wp\/v2\/pages\/309","targetHints":{"allow":["GET"]}}],"collection":[{"href":"https:\/\/blog.uclm.es\/grupo-compublic\/wp-json\/wp\/v2\/pages"}],"about":[{"href":"https:\/\/blog.uclm.es\/grupo-compublic\/wp-json\/wp\/v2\/types\/page"}],"author":[{"embeddable":true,"href":"https:\/\/blog.uclm.es\/grupo-compublic\/wp-json\/wp\/v2\/users\/135"}],"replies":[{"embeddable":true,"href":"https:\/\/blog.uclm.es\/grupo-compublic\/wp-json\/wp\/v2\/comments?post=309"}],"version-history":[{"count":2,"href":"https:\/\/blog.uclm.es\/grupo-compublic\/wp-json\/wp\/v2\/pages\/309\/revisions"}],"predecessor-version":[{"id":313,"href":"https:\/\/blog.uclm.es\/grupo-compublic\/wp-json\/wp\/v2\/pages\/309\/revisions\/313"}],"up":[{"embeddable":true,"href":"https:\/\/blog.uclm.es\/grupo-compublic\/wp-json\/wp\/v2\/pages\/16"}],"wp:attachment":[{"href":"https:\/\/blog.uclm.es\/grupo-compublic\/wp-json\/wp\/v2\/media?parent=309"}],"curies":[{"name":"wp","href":"https:\/\/api.w.org\/{rel}","templated":true}]}}