{"id":287,"date":"2023-10-24T06:31:51","date_gmt":"2023-10-24T06:31:51","guid":{"rendered":"https:\/\/blog.uclm.es\/grupo-compublic\/?page_id=287"},"modified":"2023-10-24T07:04:01","modified_gmt":"2023-10-24T07:04:01","slug":"carlos-gonzalez-villa","status":"publish","type":"page","link":"https:\/\/blog.uclm.es\/grupo-compublic\/equipo\/carlos-gonzalez-villa\/","title":{"rendered":"Carlos Gonz\u00e1lez-Villa"},"content":{"rendered":"\n<figure class=\"wp-block-image size-large is-resized\"><img loading=\"lazy\" decoding=\"async\" width=\"1024\" height=\"683\" src=\"https:\/\/blog.uclm.es\/grupo-compublic\/wp-content\/uploads\/sites\/217\/2023\/10\/Carlos-Javier-Gonzalez-1024x683.jpg\" alt=\"\" class=\"wp-image-288\" style=\"aspect-ratio:1.499267935578331;width:670px;height:auto\" srcset=\"https:\/\/blog.uclm.es\/grupo-compublic\/wp-content\/uploads\/sites\/217\/2023\/10\/Carlos-Javier-Gonzalez-1024x683.jpg 1024w, https:\/\/blog.uclm.es\/grupo-compublic\/wp-content\/uploads\/sites\/217\/2023\/10\/Carlos-Javier-Gonzalez-300x200.jpg 300w, https:\/\/blog.uclm.es\/grupo-compublic\/wp-content\/uploads\/sites\/217\/2023\/10\/Carlos-Javier-Gonzalez-768x512.jpg 768w, https:\/\/blog.uclm.es\/grupo-compublic\/wp-content\/uploads\/sites\/217\/2023\/10\/Carlos-Javier-Gonzalez-1536x1024.jpg 1536w, https:\/\/blog.uclm.es\/grupo-compublic\/wp-content\/uploads\/sites\/217\/2023\/10\/Carlos-Javier-Gonzalez-2048x1365.jpg 2048w\" sizes=\"auto, (max-width: 767px) 89vw, (max-width: 1000px) 54vw, (max-width: 1071px) 543px, 580px\" \/><\/figure>\n\n\n\n<p>Carlos Gonz\u00e1lez-Villa es Profesor Contratado Doctor de Ciencia Pol\u00edtica y de la Administraci\u00f3n en la Universidad de Castilla-La Mancha. Ha realizado estancias de investigaci\u00f3n en la Universidad de Ljubljana, la Escuela Superior de Estudios Internacionales (SAIS) de la Universidad Johns Hopkins en Washington, DC. y la Universidad de Rijeka, entre otras.<\/p>\n\n\n\n<p>Sus publicaciones abordan cuestiones relacionadas con el nacionalismo y la econom\u00eda pol\u00edtica en el espacio post-yugoslavo, el secesionismo en la Posguerra Fr\u00eda, la pol\u00edtica exterior de Estados Unidos y la nueva ultraderecha en Europa.<\/p>\n\n\n\n<p>Perfiles:<\/p>\n\n\n\n<p>Google Scholar: <a href=\"https:\/\/scholar.google.es\/citations?user=0I0ykZMAAAAJ&amp;hl=en&amp;oi=ao\">https:\/\/scholar.google.es\/citations?user=0I0ykZMAAAAJ&amp;hl=en&amp;oi=ao<\/a><\/p>\n\n\n\n<p>ORCID: <a href=\"https:\/\/orcid.org\/0000-0002-7247-7356\">https:\/\/orcid.org\/0000-0002-7247-7356<\/a><\/p>\n","protected":false},"excerpt":{"rendered":"<p>Carlos Gonz\u00e1lez-Villa es Profesor Contratado Doctor de Ciencia Pol\u00edtica y de la Administraci\u00f3n en la Universidad de Castilla-La Mancha. Ha realizado estancias de investigaci\u00f3n en la Universidad de Ljubljana, la Escuela Superior de Estudios Internacionales (SAIS) de la Universidad Johns Hopkins en Washington, DC. y la Universidad de Rijeka, entre otras. Sus publicaciones abordan cuestiones &hellip; <\/p>\n<p class=\"link-more\"><a href=\"https:\/\/blog.uclm.es\/grupo-compublic\/equipo\/carlos-gonzalez-villa\/\" class=\"more-link\">Continuar leyendo<span class=\"screen-reader-text\"> \u00abCarlos Gonz\u00e1lez-Villa\u00bb<\/span><\/a><\/p>\n","protected":false},"author":135,"featured_media":0,"parent":16,"menu_order":0,"comment_status":"closed","ping_status":"closed","template":"","meta":{"footnotes":""},"class_list":["post-287","page","type-page","status-publish","hentry"],"_links":{"self":[{"href":"https:\/\/blog.uclm.es\/grupo-compublic\/wp-json\/wp\/v2\/pages\/287","targetHints":{"allow":["GET"]}}],"collection":[{"href":"https:\/\/blog.uclm.es\/grupo-compublic\/wp-json\/wp\/v2\/pages"}],"about":[{"href":"https:\/\/blog.uclm.es\/grupo-compublic\/wp-json\/wp\/v2\/types\/page"}],"author":[{"embeddable":true,"href":"https:\/\/blog.uclm.es\/grupo-compublic\/wp-json\/wp\/v2\/users\/135"}],"replies":[{"embeddable":true,"href":"https:\/\/blog.uclm.es\/grupo-compublic\/wp-json\/wp\/v2\/comments?post=287"}],"version-history":[{"count":5,"href":"https:\/\/blog.uclm.es\/grupo-compublic\/wp-json\/wp\/v2\/pages\/287\/revisions"}],"predecessor-version":[{"id":314,"href":"https:\/\/blog.uclm.es\/grupo-compublic\/wp-json\/wp\/v2\/pages\/287\/revisions\/314"}],"up":[{"embeddable":true,"href":"https:\/\/blog.uclm.es\/grupo-compublic\/wp-json\/wp\/v2\/pages\/16"}],"wp:attachment":[{"href":"https:\/\/blog.uclm.es\/grupo-compublic\/wp-json\/wp\/v2\/media?parent=287"}],"curies":[{"name":"wp","href":"https:\/\/api.w.org\/{rel}","templated":true}]}}