{"id":12,"date":"2019-07-22T09:20:41","date_gmt":"2019-07-22T09:20:41","guid":{"rendered":"http:\/\/blog.uclm.es\/grupo-compublic\/?page_id=12"},"modified":"2024-04-02T07:04:12","modified_gmt":"2024-04-02T07:04:12","slug":"sobre-compublic","status":"publish","type":"page","link":"https:\/\/blog.uclm.es\/grupo-compublic\/sobre-compublic\/","title":{"rendered":"Sobre COMPUBLIC"},"content":{"rendered":"\n<p>El Grupo de Investigaci\u00f3n \u201cComunicaci\u00f3n P\u00fablica: Poder, Derecho y Mensaje\u201d (ComPublic) se constituye en el a\u00f1o 2015 sobre la base del&nbsp;proyecto de investigaci\u00f3n europeo&nbsp;\u201cEuropean Media Policies Revisited: Valuing and Reclaiming Free and Independent Media in Contemporary Democratic Systems\u201d (MEDIADEM:&nbsp;<a rel=\"noreferrer noopener\" href=\"https:\/\/cordis.europa.eu\/article\/id\/91417-policies-to-support-media-freedom-and-independence\" target=\"_blank\">Policies to support media freedom and independence | MEDIADEM Project | Results in brief | FP7 | CORDIS | European Commission (europa.eu)).<\/a>&nbsp;<\/p>\n\n\n\n<p>La UCLM fue miembro del consorcio adjudicatario de la ayuda y los investigadores inicialmente adscritos al Grupo ComPublic proced\u00edan del trabajo conjunto en MEDIADEM.&nbsp;Desde el inicio se concibi\u00f3 como un&nbsp;Grupo de Investigaci\u00f3n interdisciplinar con juristas, por un lado, y especialistas en periodismo y comunicaci\u00f3n, por otro.<\/p>\n\n\n\n<p>El Grupo ha servido, de este modo, para fortalecer la labor investigadora&nbsp;conjunta&nbsp;en la Facultad de Ciencias Jur\u00eddicas y Sociales de Toledo y en la Facultad de Comunicaci\u00f3n de Cuenca,&nbsp;consolidando as\u00ed una&nbsp;alianza&nbsp;a la que se han sumado recientemente otros investigadores pertenecientes al \u00e1mbito de la Ciencia Pol\u00edtica y activos en el Grado de&nbsp;Estudios Internacionales&nbsp;en Toledo.<\/p>\n\n\n\n<p>El grupo Compublic cuenta en la actualidad con dos IPs: las profesoras <a href=\"https:\/\/blog.uclm.es\/grupo-compublic\/equipo\/susana-de-la-sierra\/\" data-type=\"page\" data-id=\"153\" target=\"_blank\" rel=\"noreferrer noopener\">Susana de la Sierra<\/a> y <a href=\"https:\/\/www.uclm.es\/Cuenca\/fcomunicacion\/NuestraFacultad\/PersonaldelaFacultadPDIyPAS\/FichaNievesLimon\" data-type=\"page\" data-id=\"16\" target=\"_blank\" rel=\"noreferrer noopener\">Nieves Lim\u00f3n<\/a>.<\/p>\n\n\n\n<p><a href=\"https:\/\/blog.uclm.es\/grupo-compublic\/wp-content\/uploads\/sites\/217\/2023\/09\/Cronologia-ComPublic.pdf\" data-type=\"attachment\" data-id=\"265\">Descarga la cronolog\u00eda del Grupo<\/a><\/p>\n\n\n\n<p><a href=\"https:\/\/blog.uclm.es\/grupo-compublic\/wp-content\/uploads\/sites\/217\/2023\/09\/Memoria-ComPublic.pdf\" data-type=\"attachment\" data-id=\"264\">Descarga la memoria del Grupo<\/a><\/p>\n","protected":false},"excerpt":{"rendered":"<p>El Grupo de Investigaci\u00f3n \u201cComunicaci\u00f3n P\u00fablica: Poder, Derecho y Mensaje\u201d (ComPublic) se constituye en el a\u00f1o 2015 sobre la base del&nbsp;proyecto de investigaci\u00f3n europeo&nbsp;\u201cEuropean Media Policies Revisited: Valuing and Reclaiming Free and Independent Media in Contemporary Democratic Systems\u201d (MEDIADEM:&nbsp;Policies to support media freedom and independence | MEDIADEM Project | Results in brief | FP7 | &hellip; <\/p>\n<p class=\"link-more\"><a href=\"https:\/\/blog.uclm.es\/grupo-compublic\/sobre-compublic\/\" class=\"more-link\">Continuar leyendo<span class=\"screen-reader-text\"> \u00abSobre COMPUBLIC\u00bb<\/span><\/a><\/p>\n","protected":false},"author":135,"featured_media":0,"parent":0,"menu_order":0,"comment_status":"closed","ping_status":"closed","template":"","meta":{"footnotes":""},"class_list":["post-12","page","type-page","status-publish","hentry"],"_links":{"self":[{"href":"https:\/\/blog.uclm.es\/grupo-compublic\/wp-json\/wp\/v2\/pages\/12","targetHints":{"allow":["GET"]}}],"collection":[{"href":"https:\/\/blog.uclm.es\/grupo-compublic\/wp-json\/wp\/v2\/pages"}],"about":[{"href":"https:\/\/blog.uclm.es\/grupo-compublic\/wp-json\/wp\/v2\/types\/page"}],"author":[{"embeddable":true,"href":"https:\/\/blog.uclm.es\/grupo-compublic\/wp-json\/wp\/v2\/users\/135"}],"replies":[{"embeddable":true,"href":"https:\/\/blog.uclm.es\/grupo-compublic\/wp-json\/wp\/v2\/comments?post=12"}],"version-history":[{"count":7,"href":"https:\/\/blog.uclm.es\/grupo-compublic\/wp-json\/wp\/v2\/pages\/12\/revisions"}],"predecessor-version":[{"id":351,"href":"https:\/\/blog.uclm.es\/grupo-compublic\/wp-json\/wp\/v2\/pages\/12\/revisions\/351"}],"wp:attachment":[{"href":"https:\/\/blog.uclm.es\/grupo-compublic\/wp-json\/wp\/v2\/media?parent=12"}],"curies":[{"name":"wp","href":"https:\/\/api.w.org\/{rel}","templated":true}]}}