{"id":58,"date":"2013-06-12T11:35:49","date_gmt":"2013-06-12T10:35:49","guid":{"rendered":"http:\/\/blog.uclm.es\/franciscosalberola\/?page_id=58"},"modified":"2022-11-29T18:16:43","modified_gmt":"2022-11-29T18:16:43","slug":"todas-las-entradas","status":"publish","type":"page","link":"https:\/\/blog.uclm.es\/franciscosalberola\/todas-las-entradas\/","title":{"rendered":"TODAS LAS ENTRADAS"},"content":{"rendered":"<ul class=\"wp-block-latest-posts__list aligncenter wp-block-latest-posts has-small-font-size\"><li><a class=\"wp-block-latest-posts__post-title\" href=\"https:\/\/blog.uclm.es\/franciscosalberola\/2013\/06\/12\/imagen-destacada\/\">SEGUNDA ENTRADA<\/a><div class=\"wp-block-latest-posts__post-full-content\"><!-- wp:image {\"id\":39,\"sizeSlug\":\"full\",\"linkDestination\":\"none\"} -->\n<figure class=\"wp-block-image size-full\"><img loading=\"lazy\" decoding=\"async\" width=\"800\" height=\"512\" src=\"https:\/\/blog.uclm.es\/franciscosalberola\/wp-content\/uploads\/sites\/150\/2013\/06\/entr_2.jpg\" alt=\"\" class=\"wp-image-39\" srcset=\"https:\/\/blog.uclm.es\/franciscosalberola\/wp-content\/uploads\/sites\/150\/2013\/06\/entr_2.jpg 800w, https:\/\/blog.uclm.es\/franciscosalberola\/wp-content\/uploads\/sites\/150\/2013\/06\/entr_2-300x192.jpg 300w, https:\/\/blog.uclm.es\/franciscosalberola\/wp-content\/uploads\/sites\/150\/2013\/06\/entr_2-768x492.jpg 768w\" sizes=\"auto, (max-width: 800px) 85vw, 800px\" \/><\/figure>\n<!-- \/wp:image -->\n\n<p style=\"text-align: left\">MOLA! este es un gran disco\u00a0 \u00a0 \u00a0 \u00a0 \u00a0 \u00a0 \u00a0 \u00a0 O QUE! y ya si los ves en directo son brutales<\/p><\/div><\/li>\n<li><a class=\"wp-block-latest-posts__post-title\" href=\"https:\/\/blog.uclm.es\/franciscosalberola\/2013\/06\/12\/hola-mundo-2\/\">bienvenidos, contarme cosas del mundo<\/a><div class=\"wp-block-latest-posts__post-full-content\">Te damos la bienvenida a <a href=\"http:\/\/blog.uclm.es\/\">Blogs UCLM<\/a>. Este es tu primer art\u00edculo. Ed\u00edtalo o b\u00f3rralo&#8230; \u00a1y comienza a publicar!<\/div><\/li>\n<\/ul>","protected":false},"excerpt":{"rendered":"","protected":false},"author":0,"featured_media":0,"parent":0,"menu_order":0,"comment_status":"closed","ping_status":"open","template":"index.php","meta":{"footnotes":""},"class_list":["post-58","page","type-page","status-publish","hentry"],"_links":{"self":[{"href":"https:\/\/blog.uclm.es\/franciscosalberola\/wp-json\/wp\/v2\/pages\/58","targetHints":{"allow":["GET"]}}],"collection":[{"href":"https:\/\/blog.uclm.es\/franciscosalberola\/wp-json\/wp\/v2\/pages"}],"about":[{"href":"https:\/\/blog.uclm.es\/franciscosalberola\/wp-json\/wp\/v2\/types\/page"}],"replies":[{"embeddable":true,"href":"https:\/\/blog.uclm.es\/franciscosalberola\/wp-json\/wp\/v2\/comments?post=58"}],"version-history":[{"count":2,"href":"https:\/\/blog.uclm.es\/franciscosalberola\/wp-json\/wp\/v2\/pages\/58\/revisions"}],"predecessor-version":[{"id":383,"href":"https:\/\/blog.uclm.es\/franciscosalberola\/wp-json\/wp\/v2\/pages\/58\/revisions\/383"}],"wp:attachment":[{"href":"https:\/\/blog.uclm.es\/franciscosalberola\/wp-json\/wp\/v2\/media?parent=58"}],"curies":[{"name":"wp","href":"https:\/\/api.w.org\/{rel}","templated":true}]}}