{"id":84,"date":"2026-01-15T12:29:58","date_gmt":"2026-01-15T11:29:58","guid":{"rendered":"https:\/\/blog.uclm.es\/femsteam\/miembros\/"},"modified":"2026-04-14T17:44:16","modified_gmt":"2026-04-14T15:44:16","slug":"equipo","status":"publish","type":"page","link":"https:\/\/blog.uclm.es\/femsteam\/equipo\/","title":{"rendered":"Equipo"},"content":{"rendered":"\n<h2 class=\"wp-block-heading has-text-align-center\"><strong>Nuestro&nbsp;equipo<\/strong><\/h2>\n\n\n\n<div class=\"wp-block-columns is-layout-flex wp-container-core-columns-is-layout-28f84493 wp-block-columns-is-layout-flex\">\n<div class=\"wp-block-column is-layout-flow wp-block-column-is-layout-flow\">\n<p class=\"has-small-font-size\">El proyecto <strong>FemSTEAM<\/strong> cuenta con un equipo multidisciplinar comprometido con la promoci\u00f3n de la igualdad y el impulso de las vocaciones cient\u00edficas y tecnol\u00f3gicas entre las mujeres. Cada miembro aporta su experiencia y conocimiento desde diferentes \u00e1reas, trabajando de manera colaborativa para alcanzar los objetivos del proyecto.<\/p>\n\n\n\n<p class=\"has-small-font-size\"><\/p>\n\n\n\n<div class=\"wp-block-columns is-not-stacked-on-mobile is-layout-flex wp-container-core-columns-is-layout-28f84493 wp-block-columns-is-layout-flex\">\n<div class=\"wp-block-column is-vertically-aligned-center is-layout-flow wp-block-column-is-layout-flow\">\n<figure class=\"wp-block-image aligncenter size-full is-resized\"><img loading=\"lazy\" decoding=\"async\" width=\"510\" height=\"680\" src=\"https:\/\/blog.uclm.es\/femsteam\/wp-content\/uploads\/sites\/336\/2026\/01\/IMG-scape.jpg\" alt=\"\" class=\"wp-image-128\" style=\"object-fit:cover;width:250px;height:250px\" srcset=\"https:\/\/blog.uclm.es\/femsteam\/wp-content\/uploads\/sites\/336\/2026\/01\/IMG-scape.jpg 510w, https:\/\/blog.uclm.es\/femsteam\/wp-content\/uploads\/sites\/336\/2026\/01\/IMG-scape-225x300.jpg 225w\" sizes=\"auto, (max-width: 510px) 100vw, 510px\" \/><figcaption class=\"wp-element-caption\"><strong>Ariadna G\u00f3mezescobar Camino<\/strong><br>Departamento de Matem\u00e1ticas. \u00c1rea de Did\u00e1ctica.<br>Facultad de Educaci\u00f3n de Toledo (UCLM)<\/figcaption><\/figure>\n<\/div>\n\n\n\n<div class=\"wp-block-column is-layout-flow wp-block-column-is-layout-flow\">\n<figure class=\"wp-block-image aligncenter size-large is-resized\"><img loading=\"lazy\" decoding=\"async\" width=\"1020\" height=\"1024\" src=\"https:\/\/blog.uclm.es\/femsteam\/wp-content\/uploads\/sites\/336\/2026\/01\/facebook_1671637584581_7011356207561513097-2-1020x1024.jpg\" alt=\"\" class=\"wp-image-129\" style=\"object-fit:cover;width:250px;height:250px\" srcset=\"https:\/\/blog.uclm.es\/femsteam\/wp-content\/uploads\/sites\/336\/2026\/01\/facebook_1671637584581_7011356207561513097-2-1020x1024.jpg 1020w, https:\/\/blog.uclm.es\/femsteam\/wp-content\/uploads\/sites\/336\/2026\/01\/facebook_1671637584581_7011356207561513097-2-300x300.jpg 300w, https:\/\/blog.uclm.es\/femsteam\/wp-content\/uploads\/sites\/336\/2026\/01\/facebook_1671637584581_7011356207561513097-2-150x150.jpg 150w, https:\/\/blog.uclm.es\/femsteam\/wp-content\/uploads\/sites\/336\/2026\/01\/facebook_1671637584581_7011356207561513097-2-768x771.jpg 768w, https:\/\/blog.uclm.es\/femsteam\/wp-content\/uploads\/sites\/336\/2026\/01\/facebook_1671637584581_7011356207561513097-2.jpg 1080w\" sizes=\"auto, (max-width: 1020px) 100vw, 1020px\" \/><figcaption class=\"wp-element-caption\"><strong>Natalia Sim\u00f3n Medina<\/strong><br>Departamento de Filosof\u00eda, Antropolog\u00eda, sociolog\u00eda y est\u00e9tica. \u00c1rea de Sociolog\u00eda<br>Facultad de Ciencias Jur\u00eddicas y Sociales de Toledo (UCLM)<\/figcaption><\/figure>\n<\/div>\n\n\n\n<div class=\"wp-block-column is-layout-flow wp-block-column-is-layout-flow\">\n<figure class=\"wp-block-image aligncenter size-full is-resized\"><img loading=\"lazy\" decoding=\"async\" width=\"452\" height=\"413\" src=\"https:\/\/blog.uclm.es\/femsteam\/wp-content\/uploads\/sites\/336\/2026\/01\/foto-perfil-edited.jpg\" alt=\"\" class=\"wp-image-178\" style=\"object-fit:cover;width:250px;height:250px\" srcset=\"https:\/\/blog.uclm.es\/femsteam\/wp-content\/uploads\/sites\/336\/2026\/01\/foto-perfil-edited.jpg 452w, https:\/\/blog.uclm.es\/femsteam\/wp-content\/uploads\/sites\/336\/2026\/01\/foto-perfil-edited-300x274.jpg 300w\" sizes=\"auto, (max-width: 452px) 100vw, 452px\" \/><figcaption class=\"wp-element-caption\"><strong>Silvia Merino Fern\u00e1ndez<\/strong><br>Personal de apoyo al proyecto.<br>Facultad de Educaci\u00f3n de Toledo (UCLM)<\/figcaption><\/figure>\n<\/div>\n<\/div>\n<\/div>\n<\/div>\n\n\n\n<div class=\"wp-block-columns is-layout-flex wp-container-core-columns-is-layout-28f84493 wp-block-columns-is-layout-flex\">\n<div class=\"wp-block-column is-layout-flow wp-block-column-is-layout-flow\" style=\"flex-basis:33.34%\">\n<div class=\"wp-block-group is-layout-constrained wp-block-group-is-layout-constrained\">\n<figure class=\"wp-block-image aligncenter size-large is-resized\"><img loading=\"lazy\" decoding=\"async\" width=\"1466\" height=\"2200\" src=\"https:\/\/blog.uclm.es\/femsteam\/wp-content\/uploads\/sites\/336\/2026\/01\/IMG_3653-edited-1.jpg\" alt=\"\" class=\"wp-image-95\" style=\"object-fit:cover;width:250px;height:250px\" srcset=\"https:\/\/blog.uclm.es\/femsteam\/wp-content\/uploads\/sites\/336\/2026\/01\/IMG_3653-edited-1.jpg 1466w, https:\/\/blog.uclm.es\/femsteam\/wp-content\/uploads\/sites\/336\/2026\/01\/IMG_3653-edited-1-200x300.jpg 200w, https:\/\/blog.uclm.es\/femsteam\/wp-content\/uploads\/sites\/336\/2026\/01\/IMG_3653-edited-1-682x1024.jpg 682w, https:\/\/blog.uclm.es\/femsteam\/wp-content\/uploads\/sites\/336\/2026\/01\/IMG_3653-edited-1-768x1153.jpg 768w, https:\/\/blog.uclm.es\/femsteam\/wp-content\/uploads\/sites\/336\/2026\/01\/IMG_3653-edited-1-1024x1536.jpg 1024w, https:\/\/blog.uclm.es\/femsteam\/wp-content\/uploads\/sites\/336\/2026\/01\/IMG_3653-edited-1-1365x2048.jpg 1365w\" sizes=\"auto, (max-width: 1466px) 100vw, 1466px\" \/><figcaption class=\"wp-element-caption\"><strong>Gema S\u00e1nchez Emeterio<\/strong><br>Departamento de Geograf\u00eda.\u00c1rea de Did\u00e1ctica de las Ciencias Sociales.<br>Facultad de Educaci\u00f3n de Toledo (UCLM)<\/figcaption><\/figure>\n<\/div>\n<\/div>\n\n\n\n<div class=\"wp-block-column is-layout-flow wp-block-column-is-layout-flow\" style=\"flex-basis:33.34%\">\n<figure class=\"wp-block-image size-full is-resized\"><img loading=\"lazy\" decoding=\"async\" width=\"640\" height=\"640\" src=\"https:\/\/blog.uclm.es\/femsteam\/wp-content\/uploads\/sites\/336\/2026\/01\/mvgg-clap_IMG_7661.jpg\" alt=\"\" class=\"wp-image-97\" style=\"object-fit:cover;width:250px;height:250px\" srcset=\"https:\/\/blog.uclm.es\/femsteam\/wp-content\/uploads\/sites\/336\/2026\/01\/mvgg-clap_IMG_7661.jpg 640w, https:\/\/blog.uclm.es\/femsteam\/wp-content\/uploads\/sites\/336\/2026\/01\/mvgg-clap_IMG_7661-300x300.jpg 300w, https:\/\/blog.uclm.es\/femsteam\/wp-content\/uploads\/sites\/336\/2026\/01\/mvgg-clap_IMG_7661-150x150.jpg 150w\" sizes=\"auto, (max-width: 640px) 100vw, 640px\" \/><figcaption class=\"wp-element-caption\"><strong>Mar\u00eda Victoria Guadamillas G\u00f3mez<\/strong><br>Departamento de Filolog\u00eda Moderna.&nbsp;<br>Facultad de Educaci\u00f3n de Toledo (UCLM)<\/figcaption><\/figure>\n<\/div>\n\n\n\n<div class=\"wp-block-column is-layout-flow wp-block-column-is-layout-flow\" style=\"flex-basis:33.33%\">\n<figure class=\"wp-block-image size-large is-resized\"><img loading=\"lazy\" decoding=\"async\" width=\"864\" height=\"1024\" src=\"https:\/\/blog.uclm.es\/femsteam\/wp-content\/uploads\/sites\/336\/2026\/01\/20180416_160121-edited-864x1024.jpg\" alt=\"\" class=\"wp-image-94\" style=\"object-fit:cover;width:250px;height:250px\" srcset=\"https:\/\/blog.uclm.es\/femsteam\/wp-content\/uploads\/sites\/336\/2026\/01\/20180416_160121-edited-864x1024.jpg 864w, https:\/\/blog.uclm.es\/femsteam\/wp-content\/uploads\/sites\/336\/2026\/01\/20180416_160121-edited-253x300.jpg 253w, https:\/\/blog.uclm.es\/femsteam\/wp-content\/uploads\/sites\/336\/2026\/01\/20180416_160121-edited-768x910.jpg 768w, https:\/\/blog.uclm.es\/femsteam\/wp-content\/uploads\/sites\/336\/2026\/01\/20180416_160121-edited-1296x1536.jpg 1296w, https:\/\/blog.uclm.es\/femsteam\/wp-content\/uploads\/sites\/336\/2026\/01\/20180416_160121-edited-1728x2048.jpg 1728w\" sizes=\"auto, (max-width: 864px) 100vw, 864px\" \/><figcaption class=\"wp-element-caption\"><strong>Jos\u00e9 Luis Gonz\u00e1lez Fern\u00e1ndez<\/strong><br>Departamento de Matem\u00e1ticas. \u00c1rea de Did\u00e1ctica.<br><br>Facultad de Educaci\u00f3n de Ciudad Real (UCLM)<\/figcaption><\/figure>\n<\/div>\n<\/div>\n\n\n\n<div class=\"wp-block-columns is-layout-flex wp-container-core-columns-is-layout-28f84493 wp-block-columns-is-layout-flex\">\n<div class=\"wp-block-column is-layout-flow wp-block-column-is-layout-flow\">\n<figure class=\"wp-block-image size-large is-resized\"><img loading=\"lazy\" decoding=\"async\" width=\"1043\" height=\"1390\" src=\"https:\/\/blog.uclm.es\/femsteam\/wp-content\/uploads\/sites\/336\/2026\/01\/WhatsApp-Image-2026-01-16-at-13.07.11-edited.jpeg\" alt=\"\" class=\"wp-image-179\" style=\"object-fit:cover;width:250px;height:250px\" srcset=\"https:\/\/blog.uclm.es\/femsteam\/wp-content\/uploads\/sites\/336\/2026\/01\/WhatsApp-Image-2026-01-16-at-13.07.11-edited.jpeg 1043w, https:\/\/blog.uclm.es\/femsteam\/wp-content\/uploads\/sites\/336\/2026\/01\/WhatsApp-Image-2026-01-16-at-13.07.11-edited-225x300.jpeg 225w, https:\/\/blog.uclm.es\/femsteam\/wp-content\/uploads\/sites\/336\/2026\/01\/WhatsApp-Image-2026-01-16-at-13.07.11-edited-768x1024.jpeg 768w\" sizes=\"auto, (max-width: 1043px) 100vw, 1043px\" \/><figcaption class=\"wp-element-caption\"><strong>Ang\u00e9lica Benito Sualdea<\/strong><br>Departamento de Did\u00e1cticas Espec\u00edficas. \u00c1rea de Did\u00e1ctica de las Matem\u00e1ticas.<br>Facultad de Formaci\u00f3n de Profesorado y Educaci\u00f3n (UAM)<\/figcaption><\/figure>\n<\/div>\n\n\n\n<div class=\"wp-block-column is-layout-flow wp-block-column-is-layout-flow\">\n<figure class=\"wp-block-image size-large is-resized\"><img loading=\"lazy\" decoding=\"async\" width=\"1024\" height=\"878\" src=\"https:\/\/blog.uclm.es\/femsteam\/wp-content\/uploads\/sites\/336\/2026\/01\/WhatsApp-Image-2026-01-19-at-11.51.49-1024x878.jpeg\" alt=\"\" class=\"wp-image-208\" style=\"object-fit:cover;width:250px;height:250px\" srcset=\"https:\/\/blog.uclm.es\/femsteam\/wp-content\/uploads\/sites\/336\/2026\/01\/WhatsApp-Image-2026-01-19-at-11.51.49-1024x878.jpeg 1024w, https:\/\/blog.uclm.es\/femsteam\/wp-content\/uploads\/sites\/336\/2026\/01\/WhatsApp-Image-2026-01-19-at-11.51.49-300x257.jpeg 300w, https:\/\/blog.uclm.es\/femsteam\/wp-content\/uploads\/sites\/336\/2026\/01\/WhatsApp-Image-2026-01-19-at-11.51.49-768x658.jpeg 768w, https:\/\/blog.uclm.es\/femsteam\/wp-content\/uploads\/sites\/336\/2026\/01\/WhatsApp-Image-2026-01-19-at-11.51.49-1536x1317.jpeg 1536w, https:\/\/blog.uclm.es\/femsteam\/wp-content\/uploads\/sites\/336\/2026\/01\/WhatsApp-Image-2026-01-19-at-11.51.49-2048x1756.jpeg 2048w\" sizes=\"auto, (max-width: 1024px) 100vw, 1024px\" \/><figcaption class=\"wp-element-caption\"><strong>Andrea de la Fuente Silva<\/strong><br>Departamento de Did\u00e1cticas Espec\u00edficas.&nbsp;\u00c1rea Did\u00e1ctica de la Matem\u00e1tica.&nbsp;<br>Facultad de Formaci\u00f3n del Profesorado y Educaci\u00f3n<br>Universidad Aut\u00f3noma de Madrid (UAM).<\/figcaption><\/figure>\n<\/div>\n\n\n\n<div class=\"wp-block-column is-layout-flow wp-block-column-is-layout-flow\">\n<figure class=\"wp-block-image size-large is-resized\"><img loading=\"lazy\" decoding=\"async\" width=\"912\" height=\"1024\" src=\"https:\/\/blog.uclm.es\/femsteam\/wp-content\/uploads\/sites\/336\/2026\/01\/WhatsApp-Image-2026-01-16-at-12.37.18-912x1024.jpeg\" alt=\"\" class=\"wp-image-174\" style=\"object-fit:cover;width:250px;height:250px\" srcset=\"https:\/\/blog.uclm.es\/femsteam\/wp-content\/uploads\/sites\/336\/2026\/01\/WhatsApp-Image-2026-01-16-at-12.37.18-912x1024.jpeg 912w, https:\/\/blog.uclm.es\/femsteam\/wp-content\/uploads\/sites\/336\/2026\/01\/WhatsApp-Image-2026-01-16-at-12.37.18-267x300.jpeg 267w, https:\/\/blog.uclm.es\/femsteam\/wp-content\/uploads\/sites\/336\/2026\/01\/WhatsApp-Image-2026-01-16-at-12.37.18-768x862.jpeg 768w, https:\/\/blog.uclm.es\/femsteam\/wp-content\/uploads\/sites\/336\/2026\/01\/WhatsApp-Image-2026-01-16-at-12.37.18-1369x1536.jpeg 1369w, https:\/\/blog.uclm.es\/femsteam\/wp-content\/uploads\/sites\/336\/2026\/01\/WhatsApp-Image-2026-01-16-at-12.37.18.jpeg 1374w\" sizes=\"auto, (max-width: 912px) 100vw, 912px\" \/><figcaption class=\"wp-element-caption\"><strong>\u2002Leyre Gilardi Olarrea<\/strong><br>\u2002\u2002\u2002\u2002Departamento de Did\u00e1cticas Espec\u00edficas. \u00c1rea de Did\u00e1ctica de las Matem\u00e1ticas.<br>\u2002\u2002\u2002\u2002Facultad Formaci\u00f3n Profesorado y Educaci\u00f3n, Universidad Aut\u00f3noma de Madrid (UAM)<\/figcaption><\/figure>\n<\/div>\n<\/div>\n\n\n\n<div class=\"wp-block-columns is-layout-flex wp-container-core-columns-is-layout-28f84493 wp-block-columns-is-layout-flex\">\n<div class=\"wp-block-column is-layout-flow wp-block-column-is-layout-flow\">\n<figure class=\"wp-block-image aligncenter size-full is-resized\"><img loading=\"lazy\" decoding=\"async\" width=\"400\" height=\"500\" src=\"https:\/\/blog.uclm.es\/femsteam\/wp-content\/uploads\/sites\/336\/2026\/01\/Screenshot-at-Jan-26-00-19-38.png\" alt=\"\" class=\"wp-image-240\" style=\"object-fit:cover;width:250px;height:250px\" srcset=\"https:\/\/blog.uclm.es\/femsteam\/wp-content\/uploads\/sites\/336\/2026\/01\/Screenshot-at-Jan-26-00-19-38.png 400w, https:\/\/blog.uclm.es\/femsteam\/wp-content\/uploads\/sites\/336\/2026\/01\/Screenshot-at-Jan-26-00-19-38-240x300.png 240w\" sizes=\"auto, (max-width: 400px) 100vw, 400px\" \/><figcaption class=\"wp-element-caption\"><strong>Mariluz Garc\u00eda Escamilla<\/strong><br>Departamento de Matem\u00e1ticas.<br>IES Julio Verne (Bargas)<br>(JCCM)<\/figcaption><\/figure>\n<\/div>\n\n\n\n<div class=\"wp-block-column is-layout-flow wp-block-column-is-layout-flow\"><\/div>\n\n\n\n<div class=\"wp-block-column is-layout-flow wp-block-column-is-layout-flow\">\n<figure class=\"wp-block-image size-large is-resized\"><img loading=\"lazy\" decoding=\"async\" width=\"1536\" height=\"1152\" src=\"https:\/\/blog.uclm.es\/femsteam\/wp-content\/uploads\/sites\/336\/2026\/04\/WhatsApp-Image-2026-04-10-at-09.28.27-edited.jpeg\" alt=\"\" class=\"wp-image-580\" style=\"object-fit:cover;width:250px;height:250px\" srcset=\"https:\/\/blog.uclm.es\/femsteam\/wp-content\/uploads\/sites\/336\/2026\/04\/WhatsApp-Image-2026-04-10-at-09.28.27-edited.jpeg 1536w, https:\/\/blog.uclm.es\/femsteam\/wp-content\/uploads\/sites\/336\/2026\/04\/WhatsApp-Image-2026-04-10-at-09.28.27-edited-300x225.jpeg 300w, https:\/\/blog.uclm.es\/femsteam\/wp-content\/uploads\/sites\/336\/2026\/04\/WhatsApp-Image-2026-04-10-at-09.28.27-edited-1024x768.jpeg 1024w, https:\/\/blog.uclm.es\/femsteam\/wp-content\/uploads\/sites\/336\/2026\/04\/WhatsApp-Image-2026-04-10-at-09.28.27-edited-768x576.jpeg 768w\" sizes=\"auto, (max-width: 1536px) 100vw, 1536px\" \/><figcaption class=\"wp-element-caption\"><strong>Rosa Eva Pruneda\u00a0<\/strong><br>Departamento de Matem\u00e1ticas<br>\u00c1rea Matem\u00e1tica Aplicada<br>E.T.S. Ing. de Caminos, Canales y Puertos (UCLM)<\/figcaption><\/figure>\n<\/div>\n<\/div>\n","protected":false},"excerpt":{"rendered":"<p>Nuestro&nbsp;equipo El proyecto FemSTEAM cuenta con un equipo multidisciplinar comprometido con la promoci\u00f3n de la igualdad y el impulso de las vocaciones cient\u00edficas y tecnol\u00f3gicas entre las mujeres. Cada miembro aporta su experiencia y conocimiento desde diferentes \u00e1reas, trabajando de manera colaborativa para alcanzar los objetivos del proyecto.<\/p>\n","protected":false},"author":562,"featured_media":0,"parent":0,"menu_order":0,"comment_status":"closed","ping_status":"closed","template":"","meta":{"footnotes":""},"class_list":["post-84","page","type-page","status-publish","hentry"],"_links":{"self":[{"href":"https:\/\/blog.uclm.es\/femsteam\/wp-json\/wp\/v2\/pages\/84","targetHints":{"allow":["GET"]}}],"collection":[{"href":"https:\/\/blog.uclm.es\/femsteam\/wp-json\/wp\/v2\/pages"}],"about":[{"href":"https:\/\/blog.uclm.es\/femsteam\/wp-json\/wp\/v2\/types\/page"}],"author":[{"embeddable":true,"href":"https:\/\/blog.uclm.es\/femsteam\/wp-json\/wp\/v2\/users\/562"}],"replies":[{"embeddable":true,"href":"https:\/\/blog.uclm.es\/femsteam\/wp-json\/wp\/v2\/comments?post=84"}],"version-history":[{"count":28,"href":"https:\/\/blog.uclm.es\/femsteam\/wp-json\/wp\/v2\/pages\/84\/revisions"}],"predecessor-version":[{"id":581,"href":"https:\/\/blog.uclm.es\/femsteam\/wp-json\/wp\/v2\/pages\/84\/revisions\/581"}],"wp:attachment":[{"href":"https:\/\/blog.uclm.es\/femsteam\/wp-json\/wp\/v2\/media?parent=84"}],"curies":[{"name":"wp","href":"https:\/\/api.w.org\/{rel}","templated":true}]}}