{"id":54,"date":"2026-01-15T11:28:26","date_gmt":"2026-01-15T10:28:26","guid":{"rendered":"https:\/\/blog.uclm.es\/femsteam\/materiales\/"},"modified":"2026-04-08T14:45:59","modified_gmt":"2026-04-08T12:45:59","slug":"materiales","status":"publish","type":"page","link":"https:\/\/blog.uclm.es\/femsteam\/materiales\/","title":{"rendered":"Materiales"},"content":{"rendered":"\n<h2 class=\"wp-block-heading\"><strong>Materiales<\/strong><\/h2>\n\n\n\n<p>En este apartado se re\u00fanen los recursos generados en el marco del proyecto. Algunos ya est\u00e1n disponibles para su consulta y descarga, mientras que otros se encuentran en preparaci\u00f3n y se incorporar\u00e1n pr\u00f3ximamente. <\/p>\n\n\n\n<p><\/p>\n\n\n\n<div class=\"wp-block-media-text has-media-on-the-right is-stacked-on-mobile\" style=\"grid-template-columns:auto 27%\"><div class=\"wp-block-media-text__content\">\n<p><strong>\u2022 Escape room \u201cAyuda a T\u00e9ano a salvar las Matem\u00e1ticas\u201d<\/strong> Recurso educativo abierto que, a trav\u00e9s de un escape room ambientado en la Antigua Grecia, visibiliza el papel de <strong>T\u00e9ano<\/strong> y otras mujeres matem\u00e1ticas. El alumnado deber\u00e1 resolver retos para recuperar la demostraci\u00f3n del <strong>Teorema de Pit\u00e1goras<\/strong>, fomentando el razonamiento l\u00f3gico y el trabajo en equipo.<br>\ud83d\udd17<a href=\"https:\/\/repositorio.uam.es\/entities\/publication\/0e922b73-ebd8-49d8-a400-66912d6cf1cb\">https:\/\/repositorio.uam.es\/entities\/publication\/0e922b73-ebd8-49d8-a400-66912d6cf1cb<\/a><\/p>\n<\/div><figure class=\"wp-block-media-text__media\"><img loading=\"lazy\" decoding=\"async\" width=\"124\" height=\"175\" src=\"https:\/\/blog.uclm.es\/femsteam\/wp-content\/uploads\/sites\/336\/2026\/04\/content-1.jpg\" alt=\"\" class=\"wp-image-490 size-full\" \/><\/figure><\/div>\n\n\n\n<div class=\"wp-block-media-text has-media-on-the-right is-stacked-on-mobile\" style=\"grid-template-columns:auto 36%\"><div class=\"wp-block-media-text__content\">\n<p><strong>\u2022 P\u00f3steres FemSTEAM<\/strong> (Espa\u00f1ol)<br>Set de p\u00f3steres elaborados para dar a conocer distintas figuras relevantes de las matem\u00e1ticas y poner en valor sus contribuciones, junto con cuadernillo de preguntas y solucionario.<br><strong>Acceso al repositorio:<\/strong> <a href=\"https:\/\/repositorio.uam.es\/entities\/publication\/0635d3a2-49aa-40c2-a6ac-7377a6f991eb\" data-type=\"link\" data-id=\"https:\/\/repositorio.uam.es\/entities\/publication\/0635d3a2-49aa-40c2-a6ac-7377a6f991eb\">https:\/\/repositorio.uam.es\/entities\/publication\/0635d3a2-49aa-40c2-a6ac-7377a6f991eb<\/a><\/p>\n<\/div><figure class=\"wp-block-media-text__media\"><img loading=\"lazy\" decoding=\"async\" width=\"1024\" height=\"1024\" src=\"https:\/\/blog.uclm.es\/femsteam\/wp-content\/uploads\/sites\/336\/2026\/01\/imagen-1024x1024.jpg\" alt=\"\" class=\"wp-image-236 size-full\" srcset=\"https:\/\/blog.uclm.es\/femsteam\/wp-content\/uploads\/sites\/336\/2026\/01\/imagen-1024x1024.jpg 1024w, https:\/\/blog.uclm.es\/femsteam\/wp-content\/uploads\/sites\/336\/2026\/01\/imagen-300x300.jpg 300w, https:\/\/blog.uclm.es\/femsteam\/wp-content\/uploads\/sites\/336\/2026\/01\/imagen-150x150.jpg 150w, https:\/\/blog.uclm.es\/femsteam\/wp-content\/uploads\/sites\/336\/2026\/01\/imagen-768x768.jpg 768w, https:\/\/blog.uclm.es\/femsteam\/wp-content\/uploads\/sites\/336\/2026\/01\/imagen.jpg 1080w\" sizes=\"auto, (max-width: 1024px) 100vw, 1024px\" \/><\/figure><\/div>\n\n\n\n<p class=\"has-background\"><strong>\u2022 P\u00f3steres FemSTEAM -English version-<\/strong> <em>(pr\u00f3ximamente)<\/em><br><\/p>\n\n\n\n<p><strong>\u2022 Mapa de constelaciones<\/strong><\/p>\n\n\n\n<figure class=\"wp-block-gallery has-nested-images columns-default is-cropped wp-block-gallery-1 is-layout-flex wp-block-gallery-is-layout-flex\">\n<figure class=\"wp-block-image size-large\"><img loading=\"lazy\" decoding=\"async\" width=\"1024\" height=\"576\" data-id=\"295\" src=\"https:\/\/blog.uclm.es\/femsteam\/wp-content\/uploads\/sites\/336\/2026\/02\/Copia-de-TEANO-ESCAPE-ESO1-edited-1024x576.png\" alt=\"\" class=\"wp-image-295\" srcset=\"https:\/\/blog.uclm.es\/femsteam\/wp-content\/uploads\/sites\/336\/2026\/02\/Copia-de-TEANO-ESCAPE-ESO1-edited-1024x576.png 1024w, https:\/\/blog.uclm.es\/femsteam\/wp-content\/uploads\/sites\/336\/2026\/02\/Copia-de-TEANO-ESCAPE-ESO1-edited-300x169.png 300w, https:\/\/blog.uclm.es\/femsteam\/wp-content\/uploads\/sites\/336\/2026\/02\/Copia-de-TEANO-ESCAPE-ESO1-edited-768x432.png 768w, https:\/\/blog.uclm.es\/femsteam\/wp-content\/uploads\/sites\/336\/2026\/02\/Copia-de-TEANO-ESCAPE-ESO1-edited-1536x864.png 1536w, https:\/\/blog.uclm.es\/femsteam\/wp-content\/uploads\/sites\/336\/2026\/02\/Copia-de-TEANO-ESCAPE-ESO1-edited.png 2000w\" sizes=\"auto, (max-width: 1024px) 100vw, 1024px\" \/><\/figure>\n<\/figure>\n\n\n\n<ul class=\"wp-block-list\">\n<li><strong>Enlace video cron\u00f3metro fuego <\/strong><br><a href=\"https:\/\/www.youtube.com\/watch?v=gfbvbE9WMN0\">https:\/\/www.youtube.com\/watch?v=gfbvbE9WMN0<\/a><\/li>\n\n\n\n<li><\/li>\n<\/ul>\n\n\n\n\n","protected":false},"excerpt":{"rendered":"<p>Materiales En este apartado se re\u00fanen los recursos generados en el marco del proyecto. Algunos ya est\u00e1n disponibles para su consulta y descarga, mientras que otros se encuentran en preparaci\u00f3n y se incorporar\u00e1n pr\u00f3ximamente. \u2022 Escape room \u201cAyuda a T\u00e9ano a salvar las Matem\u00e1ticas\u201d Recurso educativo abierto que, a trav\u00e9s de un escape room ambientado [&hellip;]<\/p>\n","protected":false},"author":562,"featured_media":0,"parent":0,"menu_order":0,"comment_status":"closed","ping_status":"closed","template":"","meta":{"footnotes":""},"class_list":["post-54","page","type-page","status-publish","hentry"],"_links":{"self":[{"href":"https:\/\/blog.uclm.es\/femsteam\/wp-json\/wp\/v2\/pages\/54","targetHints":{"allow":["GET"]}}],"collection":[{"href":"https:\/\/blog.uclm.es\/femsteam\/wp-json\/wp\/v2\/pages"}],"about":[{"href":"https:\/\/blog.uclm.es\/femsteam\/wp-json\/wp\/v2\/types\/page"}],"author":[{"embeddable":true,"href":"https:\/\/blog.uclm.es\/femsteam\/wp-json\/wp\/v2\/users\/562"}],"replies":[{"embeddable":true,"href":"https:\/\/blog.uclm.es\/femsteam\/wp-json\/wp\/v2\/comments?post=54"}],"version-history":[{"count":16,"href":"https:\/\/blog.uclm.es\/femsteam\/wp-json\/wp\/v2\/pages\/54\/revisions"}],"predecessor-version":[{"id":491,"href":"https:\/\/blog.uclm.es\/femsteam\/wp-json\/wp\/v2\/pages\/54\/revisions\/491"}],"wp:attachment":[{"href":"https:\/\/blog.uclm.es\/femsteam\/wp-json\/wp\/v2\/media?parent=54"}],"curies":[{"name":"wp","href":"https:\/\/api.w.org\/{rel}","templated":true}]}}