{"id":30,"date":"2020-05-21T18:39:56","date_gmt":"2020-05-21T17:39:56","guid":{"rendered":"http:\/\/blog.uclm.es\/felixvillanueva\/?page_id=30"},"modified":"2023-05-29T12:13:43","modified_gmt":"2023-05-29T12:13:43","slug":"ns3-tutorial","status":"publish","type":"page","link":"https:\/\/blog.uclm.es\/felixvillanueva\/ns3-tutorial\/","title":{"rendered":"NS3 tutorial"},"content":{"rendered":"<p>Apuntes de pr\u00e1cticas de la asignatura de redes y servicios m\u00f3viles de la Escuela Superior de Inform\u00e1tica de Ciudad Real (Universidad de Castilla-La Mancha). Este tutorial de NS3 explica los conceptos b\u00e1sicos. Ver\u00e1s que se usan diversas versiones de NS3 (ns-3.31 principalmente y actualizado al 3.36 para temas de instalaci\u00f3n\/ejecuci\u00f3n, ya que se ha cambiado de waf a cmake), no obstante, todos los ejemplos deber\u00edan funcionar en las nuevas versiones de NS3 ya que se trata de conceptos b\u00e1sicos bien asentados y que no suelen variar. Eso si, no te olvides de adaptar el n\u00famero de versi\u00f3n de las rutas de directorios a tu versi\u00f3n instalada.<\/p>\n<ol>\n<li><a href=\"https:\/\/blog.uclm.es\/felixvillanueva\/2020\/06\/23\/simulacion-ns3\/\"> Simulaciones <\/a><\/li>\n<li><a href=\"http:\/\/blog.uclm.es\/felixvillanueva\/2020\/06\/23\/conceptos-basicos-ns3\/\"> Conceptos b\u00e1sicos<\/a><\/li>\n<li><a href=\"https:\/\/blog.uclm.es\/felixvillanueva\/2020\/09\/30\/instalacion-del-simulador-ns3\/\"> Instalaci\u00f3n del simulador NS3<\/a><\/li>\n<li><a href=\"https:\/\/blog.uclm.es\/felixvillanueva\/2020\/06\/24\/programando-ejemplos-en-ns3\/\"> Programaci\u00f3n NS3, algunos consejos<\/a><\/li>\n<li><a href=\"https:\/\/blog.uclm.es\/felixvillanueva\/2020\/06\/29\/configuracion-del-entorno-vscode-y-ejecucion-de-ejemplos-en-ns3\/\">Configuraci\u00f3n del entorno (VScode) y ejecuci\u00f3n de ejemplos en NS3<\/a><\/li>\n<li><a href=\"https:\/\/blog.uclm.es\/felixvillanueva\/2020\/06\/25\/ns3-la-clase-node\/\">La clase Node<\/a><\/li>\n<li><a href=\"https:\/\/blog.uclm.es\/felixvillanueva\/2020\/06\/23\/topologia-ejemplos-ns3\/\">Topolog\u00eda<\/a><\/li>\n<li><a href=\"http:\/\/blog.uclm.es\/felixvillanueva\/2020\/07\/06\/ns3-la-clase-netdevice-wifi\/\">La clase NetDevice (Wifi)<\/a><\/li>\n<li><a href=\"https:\/\/blog.uclm.es\/felixvillanueva\/2020\/09\/03\/ejemplo-ns3-iot-y-sensores\/\">Ejemplo b\u00e1sico NS3: IoT y sensores<\/a><\/li>\n<li><a href=\"https:\/\/blog.uclm.es\/felixvillanueva\/2020\/09\/10\/el-sistema-de-log-de-ns3\/\"> El sistema de log de NS3<\/a><\/li>\n<li><a href=\"https:\/\/blog.uclm.es\/felixvillanueva\/2020\/09\/14\/el-sistema-de-trazas-de-ns3\/\"> El sistema de trazas de NS3<\/a><\/li>\n<li><a href=\"https:\/\/blog.uclm.es\/felixvillanueva\/2020\/10\/02\/simulando-consumo-de-energia-en-ns3\/\"> Consumo de energ\u00eda en NS3<\/a><\/li>\n<li><a href=\"https:\/\/blog.uclm.es\/felixvillanueva\/2021\/04\/15\/simulando-consumo-de-energia-en-ns3-ii\/\">Consumo de energ\u00eda en NS3 (II)<\/a><\/li>\n<li><a href=\"https:\/\/blog.uclm.es\/felixvillanueva\/2020\/10\/05\/instalar-el-modulo-lorawan-en-ns3\/\"> Instalaci\u00f3n del m\u00f3dulo LoRaWAN en NS3<\/a><\/li>\n<li><a href=\"https:\/\/blog.uclm.es\/felixvillanueva\/2021\/03\/11\/argumentos-de-entrada-en-simulaciones-de-ns3\/\"> Argumentos de entrada para nuestras simulaciones NS3<\/a><\/li>\n<li><a href=\"https:\/\/blog.uclm.es\/felixvillanueva\/2021\/06\/04\/simulando-consumo-y-recoleccion-de-energia-con-lorawan-en-ns3-y-iii\/\">Simulando consumo y recolecci\u00f3n de energ\u00eda con LoraWan en NS3 (y III)<\/a><\/li>\n<li><a href=\"https:\/\/blog.uclm.es\/felixvillanueva\/2021\/12\/22\/creando-un-nuevo-modulo-en-ns3\/\">Creando un nuevo m\u00f3dulo en NS3<\/a><\/li>\n<li><a href=\"https:\/\/blog.uclm.es\/felixvillanueva\/2023\/05\/29\/emulacion-en-ns3\/\">Emulaci\u00f3n en NS3<\/a><\/li>\n<\/ol>\n","protected":false},"excerpt":{"rendered":"<p>Apuntes de pr\u00e1cticas de la asignatura de redes y servicios m\u00f3viles de la Escuela Superior de Inform\u00e1tica de Ciudad Real (Universidad de Castilla-La Mancha). Este tutorial de NS3 explica los conceptos b\u00e1sicos. Ver\u00e1s que se usan diversas versiones de NS3 &hellip; <a href=\"https:\/\/blog.uclm.es\/felixvillanueva\/ns3-tutorial\/\">Sigue leyendo <span class=\"meta-nav\">&rarr;<\/span><\/a><\/p>\n","protected":false},"author":182,"featured_media":0,"parent":0,"menu_order":0,"comment_status":"closed","ping_status":"closed","template":"","meta":{"footnotes":""},"class_list":["post-30","page","type-page","status-publish","hentry"],"_links":{"self":[{"href":"https:\/\/blog.uclm.es\/felixvillanueva\/wp-json\/wp\/v2\/pages\/30","targetHints":{"allow":["GET"]}}],"collection":[{"href":"https:\/\/blog.uclm.es\/felixvillanueva\/wp-json\/wp\/v2\/pages"}],"about":[{"href":"https:\/\/blog.uclm.es\/felixvillanueva\/wp-json\/wp\/v2\/types\/page"}],"author":[{"embeddable":true,"href":"https:\/\/blog.uclm.es\/felixvillanueva\/wp-json\/wp\/v2\/users\/182"}],"replies":[{"embeddable":true,"href":"https:\/\/blog.uclm.es\/felixvillanueva\/wp-json\/wp\/v2\/comments?post=30"}],"version-history":[{"count":1,"href":"https:\/\/blog.uclm.es\/felixvillanueva\/wp-json\/wp\/v2\/pages\/30\/revisions"}],"predecessor-version":[{"id":379,"href":"https:\/\/blog.uclm.es\/felixvillanueva\/wp-json\/wp\/v2\/pages\/30\/revisions\/379"}],"wp:attachment":[{"href":"https:\/\/blog.uclm.es\/felixvillanueva\/wp-json\/wp\/v2\/media?parent=30"}],"curies":[{"name":"wp","href":"https:\/\/api.w.org\/{rel}","templated":true}]}}