{"id":1449,"date":"2025-04-29T14:39:06","date_gmt":"2025-04-29T12:39:06","guid":{"rendered":"https:\/\/blog.uclm.es\/fastbaby\/?page_id=1449"},"modified":"2025-05-22T14:11:06","modified_gmt":"2025-05-22T12:11:06","slug":"vehiculo","status":"publish","type":"page","link":"https:\/\/blog.uclm.es\/fastbaby\/vehiculo\/","title":{"rendered":"Veh\u00edculo"},"content":{"rendered":"\n<h1 class=\"wp-block-heading has-text-align-center\" style=\"margin-top:var(--wp--preset--spacing--50);margin-right:0;margin-bottom:var(--wp--preset--spacing--30);margin-left:0;font-size:clamp(3.8rem, 3.8rem + ((1vw - 0.2rem) * -21), 8rem);\">Veh\u00edculo<\/h1>\n\n\n\n<p class=\"has-text-align-center has-contrast-color has-text-color has-link-color wp-elements-acc40f9b9f6b694c752b0adb3429f5f0\" style=\"margin-top:var(--wp--preset--spacing--30);margin-bottom:var(--wp--preset--spacing--20);font-size:clamp(1.25rem, 1.25rem + ((1vw - 0.2rem) * -3.75), 2rem);\">El coche incorpora avanzadas medidas de seguridad y opciones de personalizaci\u00f3n, permitiendo que cada usuario adapte el veh\u00edculo a sus necesidades y estilo de vida. A continuaci\u00f3n, encontrar\u00e1s toda la informaci\u00f3n necesaria para conocer en detalle cada aspecto de nuestro coche:<\/p>\n\n\n\n<div class=\"wp-block-columns are-vertically-aligned-top is-layout-flex wp-container-core-columns-is-layout-b0bab6eb wp-block-columns-is-layout-flex\" style=\"margin-top:var(--wp--preset--spacing--40);margin-bottom:var(--wp--preset--spacing--40)\">\n<div class=\"wp-block-column is-vertically-aligned-top is-layout-flow wp-block-column-is-layout-flow\">\n<section class=\"wp-block-group has-background wp-container-content-69bc4bdf is-vertical is-content-justification-center is-layout-flex wp-container-core-group-is-layout-d0b0391f wp-block-group-is-layout-flex\" style=\"border-radius:8px;background-color:#a98bc7;margin-top:0;margin-bottom:0;padding-top:var(--wp--preset--spacing--30);padding-right:var(--wp--preset--spacing--30);padding-bottom:var(--wp--preset--spacing--30);padding-left:var(--wp--preset--spacing--30);box-shadow:var(--wp--preset--shadow--natural)\">\n<h2 class=\"wp-block-heading has-text-align-center has-base-color has-text-color has-link-color wp-elements-122f6f5dd6cc8acc6754d9259e82079b\" style=\"margin-top:0;margin-bottom:0;font-size:clamp(1.453rem, 1.453rem + ((1vw - 0.2rem) * -4.735), 2.4rem);\"><strong>Primera puesta en marcha<\/strong><\/h2>\n\n\n\n<p class=\"has-text-align-center has-base-color has-text-color has-link-color has-large-font-size wp-elements-9ceeee4aeec11a986891da962bbf740d\" style=\"margin-top:0;margin-bottom:0\">Pasos y sugerencias en la primera puesta en marcha del coche.<\/p>\n\n\n\n<div class=\"wp-block-buttons is-horizontal is-content-justification-center is-layout-flex wp-container-core-buttons-is-layout-70f11ffd wp-block-buttons-is-layout-flex\" style=\"margin-top:0;margin-bottom:0;padding-top:0;padding-bottom:0\">\n<div class=\"wp-block-button\"><a class=\"wp-block-button__link has-background has-text-align-center wp-element-button\" href=\"https:\/\/blog.uclm.es\/fastbaby\/vehiculo\/puesta-en-marcha\/\" style=\"background-color:#2a0055\" rel=\"https:\/\/blog.uclm.es\/fastbaby\/wp-admin\/post.php?post=1460&amp;action=edit\">Saber m\u00e1s<\/a><\/div>\n<\/div>\n<\/section>\n<\/div>\n\n\n\n<div class=\"wp-block-column is-vertically-aligned-top is-layout-flow wp-block-column-is-layout-flow\">\n<section class=\"wp-block-group has-background is-vertical is-content-justification-center is-layout-flex wp-container-core-group-is-layout-d0b0391f wp-block-group-is-layout-flex\" style=\"border-radius:8px;background-color:#a98bc7;min-height:0px;margin-top:0;margin-bottom:0;padding-top:var(--wp--preset--spacing--30);padding-right:var(--wp--preset--spacing--30);padding-bottom:var(--wp--preset--spacing--30);padding-left:var(--wp--preset--spacing--30);box-shadow:var(--wp--preset--shadow--natural)\">\n<h2 class=\"wp-block-heading has-text-align-center has-base-color has-text-color has-link-color wp-elements-c5ec886685aba9adf44ce0f0dd8c6364\" style=\"margin-top:0;margin-bottom:0;font-size:clamp(1.453rem, 1.453rem + ((1vw - 0.2rem) * -4.735), 2.4rem);\"><strong>Funciones b\u00e1sicas del veh\u00edculo<\/strong><\/h2>\n\n\n\n<p class=\"has-text-align-center has-base-color has-text-color has-link-color has-large-font-size wp-elements-ade86a1fdeb24122b51ff348a356d855\" style=\"margin-top:0;margin-bottom:0\">Todas las opciones de personalizaci\u00f3n y ajustes disponibles.<\/p>\n\n\n\n<div class=\"wp-block-buttons is-content-justification-center is-layout-flex wp-container-core-buttons-is-layout-e7a9658e wp-block-buttons-is-layout-flex\" style=\"margin-top:0;margin-bottom:0;padding-top:0;padding-bottom:0\">\n<div class=\"wp-block-button\"><a class=\"wp-block-button__link has-background has-text-align-center wp-element-button\" href=\"https:\/\/blog.uclm.es\/fastbaby\/vehiculo\/funciones-basicas-del-vehiculo\/\" style=\"background-color:#2a0055\" rel=\"https:\/\/blog.uclm.es\/fastbaby\/wp-admin\/post.php?post=1460&amp;action=edit\">Saber m\u00e1s<\/a><\/div>\n<\/div>\n<\/section>\n<\/div>\n\n\n\n<div class=\"wp-block-column is-vertically-aligned-top is-layout-flow wp-block-column-is-layout-flow\">\n<section class=\"wp-block-group has-background is-vertical is-content-justification-center is-nowrap is-layout-flex wp-container-core-group-is-layout-e11fd267 wp-block-group-is-layout-flex\" style=\"border-radius:8px;background-color:#a98bc7;min-height:0px;margin-top:0;margin-bottom:0;padding-top:var(--wp--preset--spacing--30);padding-right:var(--wp--preset--spacing--30);padding-bottom:var(--wp--preset--spacing--30);padding-left:var(--wp--preset--spacing--30);box-shadow:var(--wp--preset--shadow--natural)\">\n<h2 class=\"wp-block-heading has-text-align-center has-base-color has-text-color has-link-color wp-elements-f4673cb56256d4a9b20d735ca3ea70bc\" style=\"margin-top:0;margin-bottom:0;font-size:clamp(1.453rem, 1.453rem + ((1vw - 0.2rem) * -4.735), 2.4rem);\"><strong>Funciones avanzadas del veh\u00edculo<\/strong><\/h2>\n\n\n\n<p class=\"has-text-align-center has-base-color has-text-color has-link-color has-large-font-size wp-elements-ade86a1fdeb24122b51ff348a356d855\" style=\"margin-top:0;margin-bottom:0\">Todas las opciones de personalizaci\u00f3n y ajustes disponibles.<\/p>\n\n\n\n<div class=\"wp-block-buttons is-content-justification-center is-layout-flex wp-container-core-buttons-is-layout-e7a9658e wp-block-buttons-is-layout-flex\" style=\"margin-top:0;margin-bottom:0;padding-top:0;padding-bottom:0\">\n<div class=\"wp-block-button\"><a class=\"wp-block-button__link has-background has-text-align-center wp-element-button\" href=\"https:\/\/blog.uclm.es\/fastbaby\/vehiculo\/medidas-de-seguridad\/\" style=\"background-color:#2a0055\">Saber m\u00e1s<\/a><\/div>\n<\/div>\n<\/section>\n<\/div>\n<\/div>\n","protected":false},"excerpt":{"rendered":"<p>Veh\u00edculo El coche incorpora avanzadas medidas de seguridad y opciones de personalizaci\u00f3n, permitiendo que cada usuario adapte el veh\u00edculo a sus necesidades y estilo de vida. A continuaci\u00f3n, encontrar\u00e1s toda la informaci\u00f3n necesaria para conocer en detalle cada aspecto de nuestro coche: Primera puesta en marcha Pasos y sugerencias en la primera puesta en marcha [&hellip;]<\/p>\n","protected":false},"author":515,"featured_media":0,"parent":0,"menu_order":0,"comment_status":"closed","ping_status":"closed","template":"","meta":{"footnotes":""},"class_list":["post-1449","page","type-page","status-publish","hentry"],"_links":{"self":[{"href":"https:\/\/blog.uclm.es\/fastbaby\/wp-json\/wp\/v2\/pages\/1449","targetHints":{"allow":["GET"]}}],"collection":[{"href":"https:\/\/blog.uclm.es\/fastbaby\/wp-json\/wp\/v2\/pages"}],"about":[{"href":"https:\/\/blog.uclm.es\/fastbaby\/wp-json\/wp\/v2\/types\/page"}],"author":[{"embeddable":true,"href":"https:\/\/blog.uclm.es\/fastbaby\/wp-json\/wp\/v2\/users\/515"}],"replies":[{"embeddable":true,"href":"https:\/\/blog.uclm.es\/fastbaby\/wp-json\/wp\/v2\/comments?post=1449"}],"version-history":[{"count":156,"href":"https:\/\/blog.uclm.es\/fastbaby\/wp-json\/wp\/v2\/pages\/1449\/revisions"}],"predecessor-version":[{"id":2330,"href":"https:\/\/blog.uclm.es\/fastbaby\/wp-json\/wp\/v2\/pages\/1449\/revisions\/2330"}],"wp:attachment":[{"href":"https:\/\/blog.uclm.es\/fastbaby\/wp-json\/wp\/v2\/media?parent=1449"}],"curies":[{"name":"wp","href":"https:\/\/api.w.org\/{rel}","templated":true}]}}