{"id":130,"date":"2025-09-23T23:12:52","date_gmt":"2025-09-23T21:12:52","guid":{"rendered":"https:\/\/blog.uclm.es\/familynex\/?page_id=130"},"modified":"2026-02-11T12:51:37","modified_gmt":"2026-02-11T11:51:37","slug":"destinatarios","status":"publish","type":"page","link":"https:\/\/blog.uclm.es\/familynex\/destinatarios\/","title":{"rendered":"Destinatarios"},"content":{"rendered":"\n<div class=\"wp-block-group alignwide has-global-padding is-layout-constrained wp-block-group-is-layout-constrained\">\n<h1 class=\"wp-block-heading alignwide\" style=\"font-size:clamp(0.875rem, 0.875rem + ((1vw - 0.2rem) * 0.708), 1.3rem);line-height:1.5\"><p style=\"text-align: justify\">Por la propia naturaleza del objeto de investigaci\u00f3n y por la clara apuesta por desarrollar planteamientos y colaboraciones interdisciplinares, adem\u00e1s de a los historiadores e historiadoras de diferentes \u00e9pocas y especialidades, la Red est\u00e1 tambi\u00e9n abierta a la participaci\u00f3n desde otras disciplinas como la antropolog\u00eda, la sociolog\u00eda, el derecho, la econom\u00eda, la literatura, el arte, la filosof\u00eda, la medicina o los estudios de g\u00e9nero, entre otros.<\/p><\/h1>\n\n\n\n<h1 class=\"wp-block-heading alignwide\" style=\"font-size:clamp(0.875rem, 0.875rem + ((1vw - 0.2rem) * 0.708), 1.3rem);line-height:1.5\"><p style=\"text-align: justify\">Igualmente, la Red est\u00e1 abierta a la inclusi\u00f3n de investigadores\/as tanto de Europa como de otros continentes con el objetivo de fomentar la comunicaci\u00f3n entre especialistas de distintas procedencias geogr\u00e1ficas y de contrastar las peculiaridades, las desigualdades y las similitudes de los procesos de cambio hist\u00f3rico a partir del estudio de las familias en diferentes territorios. <\/p><\/h1>\n\n\n\n<p class=\"has-text-align-center has-heading-font-family has-medium-font-size\">&#8211; &#8211; &#8211; &#8211; &#8211; &#8211; &#8211; &#8211; &#8211; &#8211; &#8211; &#8211; &#8211; <br><\/p>\n\n\n\n<p class=\"has-text-align-center has-heading-font-family has-xx-large-font-size\">Target audience (english)<br><\/p>\n\n\n\n<h1 class=\"wp-block-heading alignwide\" style=\"font-size:clamp(0.875rem, 0.875rem + ((1vw - 0.2rem) * 0.708), 1.3rem);line-height:1.5\"><p style=\"text-align: justify\">Due to the very nature of the research subject and the clear commitment to developing interdisciplinary approaches and collaborations, in addition to historians from different periods and specialities, the Network is also open to participation from other disciplines such as anthropology, sociology, law, economics, literature, art, philosophy, medicine and gender studies, among others.<\/p><\/h1>\n\n\n\n<h1 class=\"wp-block-heading alignwide\" style=\"font-size:clamp(0.875rem, 0.875rem + ((1vw - 0.2rem) * 0.708), 1.3rem);line-height:1.5\"><p style=\"text-align: justify\">Similarly, the Network is open to the inclusion of researchers from both Europe and other continents with the aim of promoting communication between specialists from different geographical backgrounds and contrasting the peculiarities, inequalities and similarities of historical change processes based on the study of families in different territories.<\/p><\/h1>\n\n\n\n<p class=\"has-text-align-center\">&#8211; &#8211; &#8211; &#8211; &#8211; &#8211; &#8211; &#8211; &#8211; &#8211; &#8211; &#8211; &#8211; <br><\/p>\n\n\n\n<p class=\"has-text-align-center has-heading-font-family has-xx-large-font-size\">Destinataires (fran\u00e7ais)<br><\/p>\n\n\n\n<h1 class=\"wp-block-heading alignwide\" style=\"font-size:clamp(0.875rem, 0.875rem + ((1vw - 0.2rem) * 0.708), 1.3rem);line-height:1.5\"><p style=\"text-align: justify\">En raison de la nature m\u00eame du sujet de cette conf\u00e9rence et de notre engagement \u00e0 d\u00e9velopper des approches et des collaborations interdisciplinaires, outre les historiens de diff\u00e9rentes p\u00e9riodes et sp\u00e9cialit\u00e9s entre le 13e et le 20e si\u00e8cle, l&#8217;appel est \u00e9galement ouvert \u00e0 la participation, entre autres, de disciplines telles que l&#8217;anthropologie, la sociologie, le droit, l&#8217;\u00e9conomie, la d\u00e9mographie,&nbsp;la litt\u00e9rature, l&#8217;art, la philosophie, la m\u00e9decine et les \u00e9tudes sur le genre.&nbsp;<\/p><\/h1>\n\n\n\n<h1 class=\"wp-block-heading alignwide\" style=\"font-size:clamp(0.875rem, 0.875rem + ((1vw - 0.2rem) * 0.708), 1.3rem);line-height:1.5\"><p style=\"text-align: justify\">De m\u00eame, le r\u00e9seau est ouvert \u00e0 l&#8217;inclusion de chercheurs d&#8217;Europe et d&#8217;autres continents dans le but de favoriser la communication entre sp\u00e9cialistes de diff\u00e9rentes origines g\u00e9ographiques et de comparer les particularit\u00e9s, les in\u00e9galit\u00e9s et les similitudes des processus de changement historique \u00e0 partir de l&#8217;\u00e9tude des familles dans diff\u00e9rents territoires.<\/p><\/h1>\n\n\n\n<p class=\"has-text-align-center has-heading-font-family has-medium-font-size\">&#8211; &#8211; &#8211; &#8211; &#8211; &#8211; &#8211; &#8211; &#8211; &#8211; &#8211; &#8211; &#8211; <br><\/p>\n\n\n\n<p class=\"has-text-align-center has-heading-font-family has-xx-large-font-size\">Destinat\u00e1rios (portugu\u00eas)<br><\/p>\n\n\n\n<h1 class=\"wp-block-heading alignwide\" style=\"font-size:clamp(0.875rem, 0.875rem + ((1vw - 0.2rem) * 0.708), 1.3rem);line-height:1.5\"><p style=\"text-align: justify\">Pela pr\u00f3pria natureza do objeto de pesquisa e pela clara inten\u00e7\u00e3o de desenvolver abordagens e colabora\u00e7\u00f5es interdisciplinares, al\u00e9m dos historiadores e historiadoras de diferentes \u00e9pocas e especialidades, a Rede tamb\u00e9m est\u00e1 aberta \u00e0 participa\u00e7\u00e3o de outras \u00e1reas do conhecimento, como a antropologia, a sociologia, o direito, a economia, a literatura, a arte, a filosofia, a medicina ou os estudos de g\u00eanero, entre outras.&nbsp;<\/p><\/h1>\n\n\n\n<h1 class=\"wp-block-heading alignwide\" style=\"font-size:clamp(0.875rem, 0.875rem + ((1vw - 0.2rem) * 0.708), 1.3rem);line-height:1.5\"><p style=\"text-align: justify\">Da mesma forma, a Rede est\u00e1 aberta \u00e0 inclus\u00e3o de pesquisadores e pesquisadoras tanto da Europa quanto de outros continentes, com o objetivo de fomentar a comunica\u00e7\u00e3o entre especialistas de distintas proced\u00eancias geogr\u00e1ficas e de comparar as peculiaridades, desigualdades e semelhan\u00e7as dos processos de mudan\u00e7a hist\u00f3rica a partir do estudo das fam\u00edlias em diferentes territ\u00f3rios.<\/p><\/h1>\n\n\n\n<p class=\"has-text-align-center\">&#8211; &#8211; &#8211; &#8211; &#8211; &#8211; &#8211; &#8211; &#8211; &#8211; &#8211; &#8211; &#8211; <br><br><br><br><br><\/p>\n<\/div>\n","protected":false},"excerpt":{"rendered":"<p>Por la propia naturaleza del objeto de investigaci\u00f3n y por la clara apuesta por desarrollar planteamientos y colaboraciones interdisciplinares, adem\u00e1s de a los historiadores e historiadoras de diferentes \u00e9pocas y especialidades, la Red est\u00e1 tambi\u00e9n abierta a la participaci\u00f3n desde otras disciplinas como la antropolog\u00eda, la sociolog\u00eda, el derecho, la econom\u00eda, la literatura, el arte, [&hellip;]<\/p>\n","protected":false},"author":242,"featured_media":0,"parent":0,"menu_order":0,"comment_status":"closed","ping_status":"closed","template":"","meta":{"footnotes":""},"class_list":["post-130","page","type-page","status-publish","hentry"],"_links":{"self":[{"href":"https:\/\/blog.uclm.es\/familynex\/wp-json\/wp\/v2\/pages\/130","targetHints":{"allow":["GET"]}}],"collection":[{"href":"https:\/\/blog.uclm.es\/familynex\/wp-json\/wp\/v2\/pages"}],"about":[{"href":"https:\/\/blog.uclm.es\/familynex\/wp-json\/wp\/v2\/types\/page"}],"author":[{"embeddable":true,"href":"https:\/\/blog.uclm.es\/familynex\/wp-json\/wp\/v2\/users\/242"}],"replies":[{"embeddable":true,"href":"https:\/\/blog.uclm.es\/familynex\/wp-json\/wp\/v2\/comments?post=130"}],"version-history":[{"count":13,"href":"https:\/\/blog.uclm.es\/familynex\/wp-json\/wp\/v2\/pages\/130\/revisions"}],"predecessor-version":[{"id":854,"href":"https:\/\/blog.uclm.es\/familynex\/wp-json\/wp\/v2\/pages\/130\/revisions\/854"}],"wp:attachment":[{"href":"https:\/\/blog.uclm.es\/familynex\/wp-json\/wp\/v2\/media?parent=130"}],"curies":[{"name":"wp","href":"https:\/\/api.w.org\/{rel}","templated":true}]}}