{"id":262,"date":"2014-09-01T16:51:29","date_gmt":"2014-09-01T16:51:29","guid":{"rendered":"http:\/\/fabiomonsalve.wordpress.com\/?page_id=262"},"modified":"2026-03-30T15:01:35","modified_gmt":"2026-03-30T15:01:35","slug":"peer-reviewed-papers","status":"publish","type":"page","link":"https:\/\/blog.uclm.es\/fabiomonsalve\/peer-reviewed-papers\/","title":{"rendered":"Publications"},"content":{"rendered":"<h5><span style=\"text-decoration: underline\">MULTIREGIONAL INPUT-OUTPUT ANALYSIS<\/span><\/h5>\n<ol>\n<li>Gilles, E., Cort\u00e9s, D., &amp; Monsalve, F. (2026). <a href=\"https:\/\/www.sciencedirect.com\/science\/article\/pii\/S0921800926001059?dgcid=coauthor\">The carbon cost of rising incomes: Evidence from a middle-income country<\/a>. Ecological Economics, 246, 109020. https:\/\/doi.org\/https:\/\/doi.org\/10.1016\/j.ecolecon.2026.109020<\/li>\n<li><span style=\"font-size: 1rem\">Yamuza-Blanco, L., Monsalve, F., Rom\u00e1n-Collado, R., &amp; Sanz-D\u00edaz, M. T. (2025). <\/span><a style=\"font-size: 1rem\" href=\"https:\/\/www.sciencedirect.com\/science\/article\/pii\/S0921800925001806\">What is behind the producer GHG emissions footprint of textile and clothing in the EU-27? An environmentally extended multi-regional input-output analysis<\/a><span style=\"font-size: 1rem\">. Ecological Economics, 237, 108697. https:\/\/doi.org\/https:\/\/doi.org\/10.1016\/j.ecolecon.2025.108697<\/span><\/li>\n<li>Garc\u00eda-Alaminos, A., Zafrilla, J., &amp; Monsalve, F. (2024).<a href=\"https:\/\/www.tandfonline.com\/doi\/full\/10.1080\/09535314.2024.2345096?src=exp-la\"> Forced labour in the fashion industry: a hypothetical EU-driven reorganisation of textile value chains<\/a>. Economic Systems Research, 1-26. https:\/\/doi.org\/10.1080\/09535314.2024.2345096.<\/li>\n<li>Garc\u00eda\u2010Alaminos, \u00c1., Monsalve, F., &amp; Zafrilla, J. (2024). <a href=\"https:\/\/onlinelibrary.wiley.com\/doi\/10.1111\/jiec.13359\">Disentangling social impacts in global value chains through structural path analysis: Investigating forced labor in the cotton industry<\/a>. Journal of Industrial Ecology, n\/a(n\/a). https:\/\/doi.org\/10.1111\/jiec.13359<\/li>\n<li>Garc\u00eda-Alaminos, \u00c1., Gilles, E., Monsalve, F., &amp; Zafrilla, J. (2022).<span style=\"color: #3366ff\"><a style=\"color: #3366ff\" href=\"https:\/\/www.sciencedirect.com\/science\/article\/pii\/S0959652622013956?via%3Dihub\" target=\"_blank\" rel=\"noopener\"> Measuring a university&#8217;s environmental performance: A standardized proposal for carbon footprint assessment<\/a><\/span>. Journal of Cleaner Production, 131783. https:\/\/doi.org\/https:\/\/doi.org\/10.1016\/j.jclepro.2022.131783<\/li>\n<li>Gilles, E., Ortiz, M., Cadarso, M.-\u00c1., Monsalve, F., &amp; Jiang, X. (2021). <a href=\"https:\/\/www.sciencedirect.com\/science\/article\/pii\/S0921344921002937\" target=\"_blank\" rel=\"noopener\"><span style=\"color: #3366ff\">Opportunities for city carbon footprint reductions through imports source shifting: The case of Bogota<\/span><\/a>. Resources, Conservation and Recycling, 172,<\/li>\n<li>Tom\u00e1s, M., L.A. L\u00f3pez, and F. Monsalve (2020): <a href=\"https:\/\/www.sciencedirect.com\/science\/article\/pii\/S095965262031845X?via%3Dihub\" target=\"_blank\" rel=\"noopener\"><span style=\"color: #3366ff\">Carbon footprint, municipality size and rurality in Spain: Inequality and carbon taxation<\/span>.<\/a> Journal of Cleaner Production.<\/li>\n<li>Banacloche, S., Cadarso, M. A., Monsalve, F., and Lechon, Y. (2020): <a href=\"https:\/\/www.sciencedirect.com\/science\/article\/pii\/S0301421520302093?dgcid=author\" target=\"_blank\" rel=\"noopener\"><span style=\"color: #3366ff\">Assessment of the sustainability of Mexico green investments in the road to Paris<\/span><\/a>. Energy Policy, 141.<\/li>\n<li>Garc\u00eda-Alaminos, \u00c1., Monsalve, F., Zafrilla, J., and Cadarso, M.-A. (2020). <a href=\"https:\/\/journals.plos.org\/plosone\/article?id=10.1371\/journal.pone.0228649\" target=\"_blank\" rel=\"noopener\"><span style=\"color: #3366ff\">Unmasking social distant damage of developed regions\u2019 lifestyle: A decoupling analysis of the indecent labour footprint<\/span><\/a>. PLOS ONE, 15(4).<\/li>\n<li>Monsalve, F., Ortiz, M., Cadarso, M.-\u00c1., Gilles, E., Zafrilla, J., &amp; L\u00f3pez, L.-A. (2020). <a href=\"https:\/\/journalofeconomicstructures.springeropen.com\/articles\/10.1186\/s40008-020-0185-8\" target=\"_blank\" rel=\"noopener\"><span style=\"color: #3366ff\">Nesting a city input\u2013output table in a multiregional framework: a case example with the city of Bogota<\/span><\/a>. Journal of Economic Structures, 9(1), 8.<\/li>\n<li>Banacloche, S., Cadarso, M. \u00c1., &amp; Monsalve, F. (2020). <span style=\"color: #3366ff\"><a style=\"color: #3366ff\" href=\"https:\/\/www.sciencedirect.com\/science\/article\/pii\/S0954349X19300347\" target=\"_blank\" rel=\"noopener\">Implications of measuring value added in exports with a regional input-output table. A case of study in South America<\/a><\/span>. Structural Change and Economic Dynamics, 52, 130-140.<\/li>\n<li>Zafrilla, J.-E., Arce, G., Cadarso, M.-\u00c1., C\u00f3rcoles, C., G\u00f3mez, N., L\u00f3pez, L.-A., Monsalve, F., Tobarra, M.-\u00c1. (2019). <a href=\"https:\/\/www.sciencedirect.com\/science\/article\/pii\/S1364032119305192?utm_campaign=STMJ_75273_AUTH_SERV_PPUB&amp;utm_medium=email&amp;utm_dgroup=Email1Publishing&amp;utm_acid=33244362&amp;SIS_ID=231269&amp;dgcid=STMJ_75273_AUTH_SERV_PPUB&amp;CMX_ID=ECR-231269&amp;utm_in=DM561782&amp;utm_source=AC_30\" target=\"_blank\" rel=\"noopener\"><span style=\"color: #3366ff\">Triple bottom line analysis of the Spanish solar photovoltaic sector: A footprint assessment<\/span><\/a>. Renewable and Sustainable Energy Reviews, 114, 109311.<\/li>\n<li>Monsalve, F., Zafrilla, J., Cadarso, M.-\u00c1., &amp; Garc\u00eda-Alaminos, A. (2018). <span style=\"color: #3366ff\"><a style=\"color: #3366ff\" href=\"https:\/\/www.tandfonline.com\/doi\/full\/10.1080\/09535314.2018.1491391\" target=\"_blank\" rel=\"noopener\">Is the emperor wearing new clothes? A social assessment of the European Union 2007\u20132013 financial framework<\/a><\/span>. Economic Systems Research, 1-20.<\/li>\n<li>Cadarso, M.-\u00c1., Monsalve, F., and Arce, G. (2018): <span style=\"color: #3366ff\"><a style=\"color: #3366ff\" href=\"http:\/\/www.tandfonline.com\/doi\/full\/10.1080\/09535314.2018.1431768\" target=\"_blank\" rel=\"noopener\">Emissions burden shifting in global value chains \u2013 winners and losers under multi-regional versus bilateral accounting<\/a><\/span>. Economic Systems Research, 1-23.<\/li>\n<li>Deju\u00e1n, O., Zafrilla, J., Tobarra, M.-\u00c1., Monsalve, F., &amp; C\u00f3rcoles, C. (2018). \u00abDecarbonizing electricity generation in Europe. Its impact on emissions and employment all over the world\u00bb. In O. Deju\u00e1n, M. Lenzen, &amp; M. \u00c1. Cadarso (Eds.), <span style=\"color: #3366ff\"><a style=\"color: #3366ff\" href=\"https:\/\/www.amazon.com\/Environmental-Economic-Impacts-Decarbonization-Input-output\/dp\/0415787408\" target=\"_blank\" rel=\"noopener\">Environmental and Economic Impacts of Decarbonization: Input-Output Studies on the Consequences of the 2015 Paris Agreements<\/a><\/span> Routledge.<\/li>\n<li>Monsalve, F., Zafrilla, J. E., &amp; Cadarso, M. A. (2016). <a href=\"http:\/\/www.sciencedirect.com\/science\/article\/pii\/S0921800916302907\" target=\"_blank\" rel=\"noopener\"><span style=\"color: #3366ff\">Where have all the Funds Gone? Multiregional Input-Output Analysis of the European Agricultural Fund for Rural Development<\/span><\/a>, Ecological Economics, 129, 62-71.<\/li>\n<li>G\u00f3mez, N., Cadarso, M.A., Monsalve, F., (2016). <span style=\"color: #3366ff\"><a style=\"color: #3366ff\" href=\"http:\/\/www.sciencedirect.com\/science\/article\/pii\/S0959652616306771\" target=\"_blank\" rel=\"noopener\">Carbon footprint of a university in a multiregional model: the case of the University of Castilla-La Mancha<\/a><\/span>\u00ab. Journal of Cleaner Production.<\/li>\n<li>L\u00f3pez, L.A.; Arce, G.; Morenate, M. and Monsalve, F., (2016): <a href=\"http:\/\/onlinelibrary.wiley.com\/doi\/10.1111\/jiec.12466\/abstract\" target=\"_blank\" rel=\"noopener\"><span style=\"color: #3366ff\">Assessing the inequality of Spanish households through the carbon footprint. The 21st Century Great Recession effect<\/span><\/a>\u00ab, Journal of Industrial Ecology,<\/li>\n<li>Zafrilla, J. E.; Cadarso, M. A.; Monsalve, F.; R\u00faa, C., (2014): <a href=\"http:\/\/pubs.acs.org\/doi\/abs\/10.1021\/es503352s\" target=\"_blank\" rel=\"noopener\"><span style=\"color: #3366ff\">How carbon-friendly is Nuclear Energy? A hybrid MRIO-LCA model of a Spanish facility<\/span><\/a>, Environmental Science\u00a0and Technology, Vol. 48 (24), 14103-14111.<\/li>\n<li>L\u00f3pez, L.A., Monsalve, F. and Zafrilla, J.E. (2011): <a href=\"https:\/\/www.researchgate.net\/publication\/227352745_Anlisis_Input-Output_de_la_eficacia_de_la_Poltica_Europea_de_Desarrollo_Rural_2007-2013._Propuesta_metodolgica_y_resultados_para_Castilla-La_Mancha?ev=prf_pub\" target=\"_blank\" rel=\"noopener\"><span style=\"color: #3366ff\">An\u00e1lisis Input-Output de la eficacia de la Pol\u00edtica Europea de Desarrollo Rural 2007-2013. Propuesta metodol\u00f3gica y resultados para Castilla-La Mancha<\/span><\/a>\u201d,Revista de Estudios de Econom\u00eda Aplicada, Vol. 29(1), pp. 223-246.<\/li>\n<\/ol>\n<h5><span style=\"text-decoration: underline\">HISTORY OF ECONOMIC THOUGHT<\/span><\/h5>\n<ol>\n<li>Van Houdt, T., &amp; Monsalve, F. (2022). <a href=\"https:\/\/brill.com\/view\/book\/edcoll\/9789004296961\/BP000027.xml\" target=\"_blank\" rel=\"noopener\"><span style=\"color: #3366ff\">Usury and Interest.<\/span><\/a> In H. Braun, E. De Bom, &amp; P. Astorri (Eds.), A Companion to the Spanish Scholastics (pp. 475-497). Brill.<\/li>\n<li>Monsalve, F.(2014): \u201c<a href=\"https:\/\/www.researchgate.net\/publication\/262559715_Late_Spanish_doctors_on_usury_and_the_evolving_scholastic_tradition?ev=prf_pub\" target=\"_blank\" rel=\"noopener\"><span style=\"color: #3366ff\">Late Spanish doctors on usury, and the evolving scholastic tradition<\/span><\/a>\u201d, Journal of the History of Economic Thought, Vol. 36(2), pp. 215-235.<\/li>\n<li>Monsalve, F. (2012): \u201c<a href=\"https:\/\/www.researchgate.net\/publication\/254268458_Scholastic_just_price_versus_current_market_price_is_it_merely_a_matter_of_labelling?ev=prf_pub\" target=\"_blank\" rel=\"noopener\"><span style=\"color: #3366ff\">Scholastic Just Price and Current Market Price: It is merely a matter of label?<\/span><\/a>\u201d, The European Journal of History of Economic Thought, online version, pp. 1-17. \/\/ (2014) Print version, Vol. 21(1), pp. 4-20.<\/li>\n<li>Monsalve, F. (2011): <span style=\"color: #3366ff\"><a style=\"color: #3366ff\" href=\"https:\/\/www.researchgate.net\/publication\/265249053_Book_Review_Elvira_Vilches%27s_New_World_gold?ev=prf_pub\" target=\"_blank\" rel=\"noopener\">Book Review of \u201cNew World Gold : cultural anxiety and monetary disorder in early modern Spain <\/a><\/span>\u201d by Elvira Vilches, History of Economics Ideas, Vol. 19:3, pp. 205-206.<\/li>\n<li>Monsalve, F. (2010):\u201c<a href=\"https:\/\/www.researchgate.net\/publication\/258185900_Economics_and_Ethics_Juan_de_Lugo%27s_Theory_of_the_Just_Price_or_the_Responsibility_of_Living_in_Society?ev=prf_pub\" target=\"_blank\" rel=\"noopener\"><span style=\"color: #3366ff\">Economics and Ethics: Juan de Lugo\u2019s Theory of Just Price, or the Responsibility of Living in Society<\/span><\/a>\u201d,\u00a0 History of Political Economy, Vol. 42(3), pp. 495-519.<\/li>\n<li>Deju\u00e1n, O. and Monsalve, F. (2006): \u201c<a href=\"https:\/\/www.researchgate.net\/publication\/24079873_Morally_ruled_behaviour_The_neglected_contribution_of_Scholasticism?ev=prf_pub\" target=\"_blank\" rel=\"noopener\"><span style=\"color: #3366ff\">Morally-ruled behaviour. The neglected contribution of Scholasticism<\/span><\/a>\u201d, The European Journal of History of Economic Thought,\u00a0 Vol. 13 (1), pp. 99-102.<\/li>\n<\/ol>\n<h5><span style=\"text-decoration: underline\">OTHER SELECTED PUBLICATIONS<\/span><\/h5>\n<ol>\n<li>Mond\u00e9jar, J., Mond\u00e9jar, J.A., Monsalve, F. and Vargas, M. (2007): \u201c<a href=\"https:\/\/www.researchgate.net\/publication\/238756388_Una_propuesta_de_evaluacin_del_impacto_de_los_programas_de_desarrollo_rural_LEADER_y_PRODER?ev=prf_pub\" target=\"_blank\" rel=\"noopener\"><span style=\"color: #3366ff\">Una propuesta de evaluaci\u00f3n del impacto de los programas europeos de desarrollo rural LEADER y PRODER<\/span><\/a>\u201d,\u00a0 Ager, Revista de Estudios sobre Despoblaci\u00f3n y Desarrollo Rural, n\u00ba 6, pp. 161-180.<\/li>\n<li>Monsalve, F. and Deju\u00e1n, O. (2006):\u201c<a href=\"https:\/\/www.researchgate.net\/publication\/258186187_Juan_de_Lugo_y_la_Libertad_en_Economa_El_Anlisis_Econmico_Escolstico_en_Transicin?ev=prf_pub\" target=\"_blank\" rel=\"noopener\"><span style=\"color: #3366ff\">Juan de Lugo y la libertad en Econom\u00eda. El an\u00e1lisis econ\u00f3mico escol\u00e1stico en transici\u00f3n<\/span><\/a>\u201d, Procesos de Mercado. Revista europea de econom\u00eda pol\u00edtica, 3 (2), pp. 217-244.<\/li>\n<li>Monsalve, F. (2003): <a href=\"https:\/\/www.researchgate.net\/publication\/258278521_EL_PENSAMIENTO_ECONMICO_DE_JUAN_DE_LUGO._Un_estudio_sobre_sus_teoras_del_precio_justo_del_dinero_y_del_inters?ev=prf_pub\" target=\"_blank\" rel=\"noopener\"><span style=\"color: #3366ff\">El pensamiento econ\u00f3mico de Juan de Lugo. Un estudio sobre sus teor\u00edas del precio justo, del dinero y del inter\u00e9s<\/span><\/a>, (Doctoral Dissertation), n\u00ba de publicaci\u00f3n UMI 3137046<\/li>\n<li>Monsalve, F. (2003): \u201c<span style=\"color: #3366ff\"><a style=\"color: #3366ff\" href=\"https:\/\/www.researchgate.net\/publication\/258186188_Aproximacin_al_pensamiento_econmico_de_la_escolstica_tarda_a_travs_del_cardenal_Juan_de_Lugo_S.J?ev=prf_pub\" target=\"_blank\" rel=\"noopener\">Aproximaci\u00f3n al pensamiento econ\u00f3mico de la escol\u00e1stica tard\u00eda a trav\u00e9s del cardenal Juan de Lugo, S.J<\/a><\/span>\u201d, Fomento Social, Vol. 58, n\u00ba230, abril-junio, pp. 283-316.<\/li>\n<li>Monsalve, F: (1999):\u201c<span style=\"color: #3366ff\"><a style=\"color: #3366ff\" href=\"https:\/\/www.researchgate.net\/publication\/258186278_Alternativas_al_trabajo_a_tiempo_completo_La_flexibilidad_en_el_horario_de_trabajo?ev=prf_pub\" target=\"_blank\" rel=\"noopener\">Alternativas al trabajo a tiempo completo: La flexibilidad en el horario de trabajo<\/a><\/span>\u201d, Esic Market, n\u00ba 102, enero-abril, pp. 99-122.<\/li>\n<\/ol>\n","protected":false},"excerpt":{"rendered":"<p>MULTIREGIONAL INPUT-OUTPUT ANALYSIS Gilles, E., Cort\u00e9s, D., &amp; Monsalve, F. (2026). The carbon cost of rising incomes: Evidence from a middle-income country. Ecological Economics, 246, 109020. https:\/\/doi.org\/https:\/\/doi.org\/10.1016\/j.ecolecon.2026.109020 Yamuza-Blanco, L., Monsalve, F., Rom\u00e1n-Collado, R., &amp; Sanz-D\u00edaz, M. T. (2025). What is behind the producer GHG emissions footprint of textile and clothing in the EU-27? An environmentally [&hellip;]<\/p>\n","protected":false},"author":320,"featured_media":0,"parent":0,"menu_order":1,"comment_status":"closed","ping_status":"open","template":"page-templates\/full-width.php","meta":{"footnotes":""},"class_list":["post-262","page","type-page","status-publish","hentry"],"_links":{"self":[{"href":"https:\/\/blog.uclm.es\/fabiomonsalve\/wp-json\/wp\/v2\/pages\/262","targetHints":{"allow":["GET"]}}],"collection":[{"href":"https:\/\/blog.uclm.es\/fabiomonsalve\/wp-json\/wp\/v2\/pages"}],"about":[{"href":"https:\/\/blog.uclm.es\/fabiomonsalve\/wp-json\/wp\/v2\/types\/page"}],"author":[{"embeddable":true,"href":"https:\/\/blog.uclm.es\/fabiomonsalve\/wp-json\/wp\/v2\/users\/320"}],"replies":[{"embeddable":true,"href":"https:\/\/blog.uclm.es\/fabiomonsalve\/wp-json\/wp\/v2\/comments?post=262"}],"version-history":[{"count":14,"href":"https:\/\/blog.uclm.es\/fabiomonsalve\/wp-json\/wp\/v2\/pages\/262\/revisions"}],"predecessor-version":[{"id":3428,"href":"https:\/\/blog.uclm.es\/fabiomonsalve\/wp-json\/wp\/v2\/pages\/262\/revisions\/3428"}],"wp:attachment":[{"href":"https:\/\/blog.uclm.es\/fabiomonsalve\/wp-json\/wp\/v2\/media?parent=262"}],"curies":[{"name":"wp","href":"https:\/\/api.w.org\/{rel}","templated":true}]}}