{"id":1573,"date":"2016-04-18T09:40:57","date_gmt":"2016-04-18T07:40:57","guid":{"rendered":"http:\/\/www3.uclm.es\/profesorado\/fabio.monsalve\/?page_id=1573"},"modified":"2024-05-16T06:36:42","modified_gmt":"2024-05-16T06:36:42","slug":"projects","status":"publish","type":"page","link":"https:\/\/blog.uclm.es\/fabiomonsalve\/projects\/","title":{"rendered":"Investigaci\u00f3n"},"content":{"rendered":"<h5><span style=\"text-decoration: underline\">CURRENT PROJECTS AND CONTRACTS<\/span><\/h5>\n<ul>\n<li><em><strong>Towards a World Integrated and Socio-economically Balanced European Economic Development Scenario<\/strong><\/em>, Comisi\u00f3n Europea, HORIZON-CL2-2021-TRANSFORMATIONS-01-06, Project: 101056793. (2022-2025)<\/li>\n<li><em><strong>Evaluaci\u00f3n del consumo responsable como motor de un desarrollo sostenible y resiliente en Castilla-La Mancha a trav\u00e9s de la huella econ\u00f3mica, social y medioambiental<\/strong><\/em>, Junta de Comunidades de Castilla-la Mancha, (2022-2025), CLM21-PIC-054.<\/li>\n<li>Contrato de I+D entre la Uni\u00f3n Espa\u00f1ola Fotovoltaica (UNEF) y la Universidad de Castilla-la Mancha para la realizaci\u00f3n del trabajo \u201c<strong><em>El desarrollo actual de la energ\u00eda solar Fotovoltaica en Espa\u00f1a<\/em><\/strong>\u201d. Varios A\u00f1os. Investigador.<\/li>\n<\/ul>\n<h5><span style=\"text-decoration: underline\">PAST PROJECTS AND CONTRACTS<\/span><\/h5>\n<ul>\n<li>Licitaci\u00f3n del Instituto de Estad\u00edstica de Baleares para la \u201c<em><strong>Elaboraci\u00f3n de las cuentas sat\u00e9lite de emisiones a la atm\u00f3sfera de las Islas Baleares<\/strong><\/em>\u201d, 2021.<\/li>\n<li>Contrato de I+D entre Fundaci\u00f3n Tecnalia Research &amp; Innovation y la Universidad de Castilla-la Mancha para la realizaci\u00f3n del trabajo \u201c<strong><em>Elaboraci\u00f3n del plan extreme\u00f1o integrado de energ\u00eda y clima 2020<\/em><\/strong>\u201d. 2019-2021. Investigador Principal (IP).<\/li>\n<li>\u00ab<strong><em>Sostenibilidad Global de las decisiones de producci\u00f3n y consumo a trav\u00e9s de la huella de carbono<\/em><\/strong>\u00ab, 2016-2019. Ministerio de Econom\u00eda y Competitividad, ECO2012-33341. Investigador.<\/li>\n<li>Contrato entre el Centro de Investigaciones Energ\u00e9ticas, Medioambientales y Tecnol\u00f3gicas (CIEMAT) y la Universidad de Castilla-la Mancha para la realizaci\u00f3n del trabajo \u201c<strong><em>El desarrollo e implementaci\u00f3n de c\u00f3digo computacional para el c\u00e1lculo de huellas ambientales<\/em><\/strong>\u201d. 2019.<\/li>\n<li>\u201c<strong><em>Modelo de equilibrio general computable aplicado al c\u00e1lculo de emisiones de CO2 de la econom\u00eda espa\u00f1ola<\/em><\/strong>\u201d, 2011-2014, Junta de Comunidades de Castilla-la Mancha, Investigador.<\/li>\n<li>Contrato de I+D entre la Federaci\u00f3n para el Desarrollo de la Sierra y Mancha Conquense (ADESIMAN) y la Facultad de CC. Sociales de Cuenca para realizar el trabajo \u201c<strong><em>Elaboraci\u00f3n de una plan de marketing tur\u00edstico para los territorios de la Mancha Alta y la Sierra Media como instrumento de desarrollo territorial<\/em><\/strong>\u201d. A\u00f1o 2005-2006. Investigador Principal.<\/li>\n<\/ul>\n","protected":false},"excerpt":{"rendered":"<p>CURRENT PROJECTS AND CONTRACTS Towards a World Integrated and Socio-economically Balanced European Economic Development Scenario, Comisi\u00f3n Europea, HORIZON-CL2-2021-TRANSFORMATIONS-01-06, Project: 101056793. (2022-2025) Evaluaci\u00f3n del consumo responsable como motor de un desarrollo sostenible y resiliente en Castilla-La Mancha a trav\u00e9s de la huella econ\u00f3mica, social y medioambiental, Junta de Comunidades de Castilla-la Mancha, (2022-2025), CLM21-PIC-054. Contrato de [&hellip;]<\/p>\n","protected":false},"author":320,"featured_media":0,"parent":0,"menu_order":3,"comment_status":"closed","ping_status":"closed","template":"page-templates\/full-width.php","meta":{"footnotes":""},"class_list":["post-1573","page","type-page","status-publish","hentry"],"_links":{"self":[{"href":"https:\/\/blog.uclm.es\/fabiomonsalve\/wp-json\/wp\/v2\/pages\/1573","targetHints":{"allow":["GET"]}}],"collection":[{"href":"https:\/\/blog.uclm.es\/fabiomonsalve\/wp-json\/wp\/v2\/pages"}],"about":[{"href":"https:\/\/blog.uclm.es\/fabiomonsalve\/wp-json\/wp\/v2\/types\/page"}],"author":[{"embeddable":true,"href":"https:\/\/blog.uclm.es\/fabiomonsalve\/wp-json\/wp\/v2\/users\/320"}],"replies":[{"embeddable":true,"href":"https:\/\/blog.uclm.es\/fabiomonsalve\/wp-json\/wp\/v2\/comments?post=1573"}],"version-history":[{"count":3,"href":"https:\/\/blog.uclm.es\/fabiomonsalve\/wp-json\/wp\/v2\/pages\/1573\/revisions"}],"predecessor-version":[{"id":3367,"href":"https:\/\/blog.uclm.es\/fabiomonsalve\/wp-json\/wp\/v2\/pages\/1573\/revisions\/3367"}],"wp:attachment":[{"href":"https:\/\/blog.uclm.es\/fabiomonsalve\/wp-json\/wp\/v2\/media?parent=1573"}],"curies":[{"name":"wp","href":"https:\/\/api.w.org\/{rel}","templated":true}]}}